{"id":31389,"date":"2024-05-19T08:40:22","date_gmt":"2024-05-19T11:40:22","guid":{"rendered":"https:\/\/www.casadainjecao.com.br\/loja\/?post_type=product&#038;p=31389"},"modified":"2024-08-06T14:20:52","modified_gmt":"2024-08-06T17:20:52","slug":"manga-eixo-traseira-direita-renault-duster-430184438r","status":"publish","type":"product","link":"https:\/\/www.casadainjecao.com.br\/loja\/autopecas\/suspencao\/manga-de-eixo-dianteiro\/manga-eixo-traseira-direita-renault-duster-430184438r\/","title":{"rendered":"Manga de Eixo Traseira Direita Renault Duster &#8211; 430184"},"content":{"rendered":"<h2>Manga Eixo Traseira Direita Original<\/h2>\n<p>DUSTER OROCH Dynamique 1.6 Flex 16V Mec. 2016 a 2020 Gasolina<\/p>\n<p>DUSTER TECHROAD 1.6 Hi-Flex 16V Mec. 2013, 2014, 2015 Gasolina<br \/>\nDUSTER TECHROAD 2.0 Hi-Flex 16V Aut. 2013, 2014, 2015 Gasolina<br \/>\nDUSTER TECHROAD 2.0 Hi-Flex 16V Mec. 2013, 2014, 2015 Gasolina<br \/>\nDUSTER TECHROAD 4X4 2.0 16V Mec. 2014, 2015 Gasolina<br \/>\nDUSTER OUTDOOR 1.6 Hi-Flex 16V Mec. 2015 Gasolina<\/p>\n<p>DUSTER OROCH Dynamique 2.0 Flex 16V Mecanica. 2016 a 2020 Gasolina<br \/>\nDUSTER OROCH Expression 1.6 Flex 16V Mecanica\u00a0 2016 a 2020 Gasolina<br \/>\nDUSTER OROCH Dynamique\u00a0 2.0 Flex 16V Automatica 2017 a 2020 Gasolina<br \/>\nDUSTER OROCH Express 1.6 Flex 16V Mecanica 2017 a 2020 Gasolina<\/p>\n<p>C\u00f3digo:- 430184438r<\/p>\n<p>Condi\u00e7\u00f5es:<\/p>\n<p>Produto Novo Original<\/p>\n<p>Garantia:<\/p>\n<p>3 Meses<\/p>\n<h3><span style=\"font-size: 13.5pt;\">ATEN\u00c7\u00c3O: Antes de efetuar a compra verifique o c\u00f3digo da sua pe\u00e7a que est\u00e1 instalado no seu ve\u00edculo.<\/span><\/h3>\n<p>A Casa da Inje\u00e7\u00e3o oferece total garantia nos produtos comprados em nosso site.<\/p>\n<p>Cada item \u00e9 rigorosamente testado antes do envio<\/p>\n<p>Se os itens estiverem danificados ou parcialmente defeituosos, entre em contato conosco.<\/p>\n<p>Procure um profissional devidamente licenciado para a instala\u00e7\u00e3o e fa\u00e7a revis\u00f5es periodicamente. A empresa n\u00e3o se responsabiliza por problemas oriundos da m\u00e1 instala\u00e7\u00e3o ou com a falta de cuidados peri\u00f3dicos dos componentes.<\/p>\n<p>Se houver qualquer defeito, n\u00f3s lhe enviaremos uma substitui\u00e7\u00e3o ap\u00f3s receber o pacote ou devolvemos seu dinheiro.<\/p>\n<p>Leia nossa\u00a0<a href=\"https:\/\/www.casadainjecao.com.br\/loja\/politica-de-devolucao\"><span style=\"color: blue;\">pol\u00edtica de devolu\u00e7\u00e3o aqui<\/span><\/a><\/p>\n<p>\u2014\u2014\u2014\u2014\u2014\u2014\u2014\u2014\u2014\u2014\u2014\u2014\u2014\u2014\u2014\u2014\u2014\u2014\u2014\u2013<\/p>\n<p>Tem alguma d\u00favida?<\/p>\n<p>Entre em contato que podemos ajudar!<\/p>\n<p>Confira as informa\u00e7\u00f5es adicionais abaixo:<\/p>\n<p>Todos os nossos produtos s\u00e3o novos, semi-novos, originais e paralelos possuem garantia.<\/p>\n<p>Todos os produtos anunciados est\u00e3o dispon\u00edveis em estoque e s\u00e3o enviados com extrema rapidez.<\/p>\n<p>O frete pode ser simulado antes de efetuar a compra, basta clicar em \u201cver custos de envio\u201d.<\/p>\n<p>Verifique o endere\u00e7o de entrega cadastrado e atualize caso necess\u00e1rio.<\/p>\n<p>Confirme se a pe\u00e7a \u00e9 correta para o seu modelo de ve\u00edculo.<\/p>\n<p>Para pe\u00e7as automotivas, recomendamos a instala\u00e7\u00e3o por um profissional especializado. Caso possua outras d\u00favidas, entre em contato.<\/p>\n","protected":false},"excerpt":{"rendered":"<h2>Manga Eixo Traseira Direita Renault Duster &#8211; 430184438r<\/h2>\n","protected":false},"featured_media":33397,"template":"","meta":{"_seopress_robots_primary_cat":"none","_seopress_titles_title":"","_seopress_titles_desc":"","_seopress_robots_index":"","_joinchat":[]},"product_cat":[1588,1104],"product_tag":[52],"berocket_brand":[394],"_links":{"self":[{"href":"https:\/\/www.casadainjecao.com.br\/loja\/wp-json\/wp\/v2\/product\/31389"}],"collection":[{"href":"https:\/\/www.casadainjecao.com.br\/loja\/wp-json\/wp\/v2\/product"}],"about":[{"href":"https:\/\/www.casadainjecao.com.br\/loja\/wp-json\/wp\/v2\/types\/product"}],"wp:featuredmedia":[{"embeddable":true,"href":"https:\/\/www.casadainjecao.com.br\/loja\/wp-json\/wp\/v2\/media\/33397"}],"wp:attachment":[{"href":"https:\/\/www.casadainjecao.com.br\/loja\/wp-json\/wp\/v2\/media?parent=31389"}],"wp:term":[{"taxonomy":"product_cat","embeddable":true,"href":"https:\/\/www.casadainjecao.com.br\/loja\/wp-json\/wp\/v2\/product_cat?post=31389"},{"taxonomy":"product_tag","embeddable":true,"href":"https:\/\/www.casadainjecao.com.br\/loja\/wp-json\/wp\/v2\/product_tag?post=31389"},{"taxonomy":"berocket_brand","embeddable":true,"href":"https:\/\/www.casadainjecao.com.br\/loja\/wp-json\/wp\/v2\/berocket_brand?post=31389"}],"curies":[{"name":"wp","href":"https:\/\/api.w.org\/{rel}","templated":true}]}}