{"id":32695,"date":"2024-06-09T08:07:59","date_gmt":"2024-06-09T11:07:59","guid":{"rendered":"https:\/\/www.casadainjecao.com.br\/loja\/?post_type=product&#038;p=32695"},"modified":"2025-11-17T18:48:46","modified_gmt":"2025-11-17T21:48:46","slug":"pedal-acelerador-gm-cobalt-prisma-novo-onix-spin-96858781","status":"publish","type":"product","link":"https:\/\/www.casadainjecao.com.br\/loja\/autopecas\/interior\/pedal-acelerador\/pedal-acelerador-gm-cobalt-prisma-novo-onix-spin-96858781\/","title":{"rendered":"Pedal Acelerador Gm Cobalt Prisma Novo Onix Spin &#8211; 968"},"content":{"rendered":"<h1>Pedal Acelerador Eletronico<\/h1>\n<h2>Chevrolet<\/h2>\n<p>COBALT ADVANTAGE 1.4 MPFI F.POWER -MANUAL 2014 ate 2014<br \/>\nCOBALT ADVANTAGE 1.8 ECO.FLEX- AUTOMATICO 2014 ate 2014<br \/>\nCOBALT ELITE 1.8 FLEX- AUTOMATICO 2016 ate 2016<br \/>\nCOBALT GRAPHITE 1.8 ECONO.FLEX- AUTOMATICO 2015 ate 2016<br \/>\nCOBALT GRAPHITE 1.8 ECONO.FLEX- MANUAL 2015 ate 2016<br \/>\nCOBALT LS 1.4 FLEXPOWER- MANUAL 2011 ate 2015<br \/>\nCOBALT LT 1.4 FLEXPOWER- MANUAL 2012 ate 2016<br \/>\nCOBALT LT 1.8 ECONO.FLEX- AUTOMATICO 2013 ate 2016<br \/>\nCOBALT LT 1.8 ECONO.FLEX- MANUAL 2013 ate 2016<br \/>\nCOBALT LTZ 1.4 FLEXPOWER- MANUAL 2012 ate 2016<br \/>\nCOBALT LTZ 1.8 FLEX- AUTOMATICO 2013 ate 2016<br \/>\nCOBALT LTZ 1.8 FLEX- MANUAL 2013 ate 2016<br \/>\nONIX 1.0 FLEX- MANUAL 2016 ate 2016<br \/>\nONIX 8V FLEX- MANUAL 2015 ate 2015<br \/>\nONIX EFFECT 1.4 FLEX- MANUAL 2015 ate 2016<br \/>\nONIX LOLLAPALOOZA 1.0 FLEX- MANUAL 2014 ate 2014<br \/>\nONIX LS 1.0 FLEX- MANUAL 2013 ate 2016<br \/>\nONIX LT 1.0 FLEX- MANUAL 2013 ate 2016<br \/>\nONIX LT 1.4 FLEX- AUTOMATICO 2014 ate 2016<br \/>\nONIX LT 1.4 FLEX- MANUAL 2013 ate 2016<br \/>\nONIX LTZ 1.4 FLEX- AUTOMATICO 2014 ate 2016<br \/>\nONIX LTZ 1.4 FLEX- MANUAL 2013 ate 2016<br \/>\nPRISMA ADVANT. 1.0 FLEX- MANUAL 2015 ate 2016<br \/>\nPRISMA ADVANT. 1.4 FLEX- AUTOMATICO 2016 ate 2016<br \/>\nPRISMA LT 1.0 FLEX- MANUAL 2013 ate 2016<br \/>\nPRISMA LT 1.4 FLEX- AUTOMATICO 2014 ate 2016<br \/>\nPRISMA LT 1.4 FLEX- MANUAL 2013 ate 2015<br \/>\nPRISMA LTZ 1.4 FLEX- AUTOMATIC0 2014 ate 2016<br \/>\nPRISMA LTZ 1.4 FLEX- AUTOMATICO 2013 ate 2013<br \/>\nPRISMA LTZ 1.4 FLEX- MANUAL 2013 ate 2016<br \/>\nSONIC HATCH LT 1.6 FLEX- MANUAL 2012 ate 2016<br \/>\nSONIC HATCH LTZ 1.6 FLEX- AUTOMATICO 2012 ate 2016<br \/>\nSONIC HATCH LTZ 1.6 FLEX- MANUAL 2012 ate 2016<br \/>\nSONIC SEDAN LT 1.6 FLEX- MANUAL 2012 ate 2016<br \/>\nSONIC SEDAN LTZ 1.6 FLEX- AUTOMATICO 2012 ate 2016<br \/>\nSONIC SEDAN LTZ 1.6 FLEX- MANUAL 2012 ate 2016<br \/>\nSPIN ACTIV. 1.8 FLEX- AUTOMATICO 2014 ate 2016<br \/>\nSPIN ACTIV. 1.8 FLEX- MANUAL 2014 ate 2016<br \/>\nSPIN ADVANTAGE 1.8 FLEX- AUTOMATICO 2013 ate 2016<br \/>\nSPIN ADVANTAGE 1.8 FLEX- MANUAL 2013 ate 2016<br \/>\nSPIN LS 1.8 8V FLEX &#8211; MANUAL 2013 ate 2016<br \/>\nSPIN LT 1.8 FLEX- AUTOMATICO 2013 ate 2016<br \/>\nSPIN LT 1.8 FLEX- MANUAL 2013 ate 2016<br \/>\nSPIN LTZ 1.8 FLEX- AUTOMATICO 2013 ate 2016<br \/>\nSPIN LTZ 1.8 FLEX- MANUAL 2013 ate 2016<\/p>\n<h3>Codigo:- 96858781, 52162950<\/h3>\n<h4>Condi\u00e7\u00f5es:<\/h4>\n<h4>Produto Novo Original<\/h4>\n<h4>Garantia:<\/h4>\n<h4>3 Meses<\/h4>\n<h4><span style=\"font-size: 13.5pt;\">ATEN\u00c7\u00c3O: Antes de efetuar a compra verifique o c\u00f3digo da sua pe\u00e7a que est\u00e1 instalado no seu ve\u00edculo.<\/span><\/h4>\n<h4>A Casa da Inje\u00e7\u00e3o oferece total garantia nos produtos comprados em nosso site.<\/h4>\n<h4>Cada item \u00e9 rigorosamente testado antes do envio<\/h4>\n<h4>Se os itens estiverem danificados ou parcialmente defeituosos, entre em contato conosco.<\/h4>\n<h4>Procure um profissional devidamente licenciado para a instala\u00e7\u00e3o e fa\u00e7a revis\u00f5es periodicamente. A empresa n\u00e3o se responsabiliza por problemas oriundos da m\u00e1 instala\u00e7\u00e3o ou com a falta de cuidados peri\u00f3dicos dos componentes.<\/h4>\n<h4>Se houver qualquer defeito, n\u00f3s lhe enviaremos uma substitui\u00e7\u00e3o ap\u00f3s receber o pacote ou devolvemos seu dinheiro.<\/h4>\n<h4>Leia nossa\u00a0<a href=\"https:\/\/www.casadainjecao.com.br\/loja\/politica-de-devolucao\"><span style=\"color: blue;\">pol\u00edtica de devolu\u00e7\u00e3o aqui<\/span><\/a><\/h4>\n<h4>\u2014\u2014\u2014\u2014\u2014\u2014\u2014\u2014\u2014\u2014\u2014\u2014\u2014\u2014\u2014\u2014\u2014\u2014\u2014\u2013<\/h4>\n<h4>Tem alguma d\u00favida?<\/h4>\n<h4>Entre em contato que podemos ajudar!<\/h4>\n<h4>Confira as informa\u00e7\u00f5es adicionais abaixo:<\/h4>\n<h4>Todos os nossos produtos s\u00e3o novos, semi-novos, originais e paralelos possuem garantia.<\/h4>\n<h4>Todos os produtos anunciados est\u00e3o dispon\u00edveis em estoque e s\u00e3o enviados com extrema rapidez.<\/h4>\n<h4>O frete pode ser simulado antes de efetuar a compra, basta clicar em \u201cver custos de envio\u201d.<\/h4>\n<h4>Verifique o endere\u00e7o de entrega cadastrado e atualize caso necess\u00e1rio.<\/h4>\n<h4>Confirme se a pe\u00e7a \u00e9 correta para o seu modelo de ve\u00edculo.<\/h4>\n<h4>Para pe\u00e7as automotivas, recomendamos a instala\u00e7\u00e3o por um profissional especializado. Caso possua outras d\u00favidas, entre em contato.<\/h4>\n","protected":false},"excerpt":{"rendered":"<h2>Pedal Acelerador Eletronico Gm Cobalt Prisma &#8211; 96858781<\/h2>\n","protected":false},"featured_media":32705,"template":"","meta":{"_seopress_robots_primary_cat":"none","_seopress_titles_title":"","_seopress_titles_desc":"","_seopress_robots_index":"","_joinchat":[]},"product_cat":[24,353],"product_tag":[112,1366,1263,113],"berocket_brand":[381],"_links":{"self":[{"href":"https:\/\/www.casadainjecao.com.br\/loja\/wp-json\/wp\/v2\/product\/32695"}],"collection":[{"href":"https:\/\/www.casadainjecao.com.br\/loja\/wp-json\/wp\/v2\/product"}],"about":[{"href":"https:\/\/www.casadainjecao.com.br\/loja\/wp-json\/wp\/v2\/types\/product"}],"wp:featuredmedia":[{"embeddable":true,"href":"https:\/\/www.casadainjecao.com.br\/loja\/wp-json\/wp\/v2\/media\/32705"}],"wp:attachment":[{"href":"https:\/\/www.casadainjecao.com.br\/loja\/wp-json\/wp\/v2\/media?parent=32695"}],"wp:term":[{"taxonomy":"product_cat","embeddable":true,"href":"https:\/\/www.casadainjecao.com.br\/loja\/wp-json\/wp\/v2\/product_cat?post=32695"},{"taxonomy":"product_tag","embeddable":true,"href":"https:\/\/www.casadainjecao.com.br\/loja\/wp-json\/wp\/v2\/product_tag?post=32695"},{"taxonomy":"berocket_brand","embeddable":true,"href":"https:\/\/www.casadainjecao.com.br\/loja\/wp-json\/wp\/v2\/berocket_brand?post=32695"}],"curies":[{"name":"wp","href":"https:\/\/api.w.org\/{rel}","templated":true}]}}