{"id":34850,"date":"2024-07-27T11:36:36","date_gmt":"2024-07-27T14:36:36","guid":{"rendered":"https:\/\/www.casadainjecao.com.br\/loja\/?post_type=product&#038;p=34850"},"modified":"2024-08-27T10:12:39","modified_gmt":"2024-08-27T13:12:39","slug":"bomba-motor-esguicho-limpador-parabrisa-chery-fiat-gm-50014364","status":"publish","type":"product","link":"https:\/\/www.casadainjecao.com.br\/loja\/autopecas\/eletrica\/motor-do-limpador\/bomba-motor-esguicho-limpador-parabrisa-chery-fiat-gm-50014364\/","title":{"rendered":"Bomba Motor Esguicho Limpador Parabrisa Chery Fiat- 50014364"},"content":{"rendered":"<h2 class=\"ui-pdp-title\">Bomba Motor Esguicho Limpador Parabrisa 12V<\/h2>\n<p><strong>CHERY<\/strong><\/p>\n<p>Chery 2014 em diante<\/p>\n<p><strong>FIAT<\/strong><\/p>\n<p>Fiat Elba 1.6 ie 4P 1994, 1995, 1996<\/p>\n<p>Fiat Elba CS 1.5 2P 1985, 1986, 1987, 1988, 1989<\/p>\n<p>Fiat Elba CS 1.6 2P 1991, 1992<\/p>\n<p>Fiat Elba CS 1.6 4P 1992<\/p>\n<p>Fiat Elba CSL 1.5 2P 1988, 1989<\/p>\n<p>Fiat Elba CSL 1.6 2P 1989, 1990, 1991<\/p>\n<p>Fiat Elba CSL 1.6 4P 1989, 1990, 1991, 1992, 1993, 1994<\/p>\n<p>Fiat Elba CSL 1.6 ie 4P 1994, 1995<\/p>\n<p>Fiat Elba CSL Top 1.6 mpi 4P 1994<\/p>\n<p>Fiat Elba S 1.3 2P 1985, 1986, 1987, 1988, 1989<\/p>\n<p>Fiat Elba S 1.6 2P 1989, 1990, 1991<\/p>\n<p>Fiat Elba Weekend 1.5 2P 1991, 1992, 1993<\/p>\n<p>Fiat Elba Weekend 1.5 4P 1991, 1992, 1993<\/p>\n<p>Fiat Elba Weekend 1.5 ie 2P 1992, 1993<\/p>\n<p>Fiat Elba Weekend 1.5 ie 4P 1992, 1993, 1994, 1995, 1996<\/p>\n<p>Fiat Fiorino Furg\u00e3o 1.0 1993, 1994, 1995, 1996<\/p>\n<p>Fiat Fiorino Furg\u00e3o 1.0 ie 1995, 1996<\/p>\n<p>Fiat Fiorino Furg\u00e3o 1.3 1987, 1988, 1989, 1990, 1991<\/p>\n<p>Fiat Fiorino Furg\u00e3o 1.3 8V Fire gasolina 2002, 2003, 2004<\/p>\n<p>Fiat Fiorino Furg\u00e3o 1.5 1988, 1989, 1990, 1991, 1992, 1993<\/p>\n<p>Fiat Fiorino Furg\u00e3o 1.5 ie 1993, 1994, 1995, 1996<\/p>\n<p>Fiat Fiorino Furg\u00e3o 1.5 mpi 1997, 1998, 1999, 2000, 2001, 2002, 2003, 2004<\/p>\n<p>Fiat Fiorino Pick-up 1.0 1993, 1994, 1995<\/p>\n<p>Fiat Fiorino Pick-up 1.0 ie 1994, 1995, 1996<\/p>\n<p>Fiat Fiorino Pick-up 1.3 1988, 1989, 1990, 1991<\/p>\n<p>Fiat Fiorino Pick-up 1.5 1988, 1989, 1990, 1991, 1992, 1993<\/p>\n<p>Fiat Fiorino Pick-up 1.5 ie 1993, 1994, 1995, 1996<\/p>\n<p>Fiat Fiorino Pick-up Heavy Duty 1.5 1991, 1992, 1993<\/p>\n<p>Fiat Fiorino Pick-up LX 1.5 1988, 1989<\/p>\n<p>Fiat Fiorino Pick-up LX 1.6 1989, 1990, 1991, 1992, 1993, 1994<\/p>\n<p>Fiat Fiorino Pick-up LX 1.6 ie 1994<\/p>\n<p>Fiat Fiorino Pick-up LX 1.6 mpi 1994, 1995, 1996, 1997<\/p>\n<p>Fiat Fiorino Pick-up LX Heavy Duty 1.6 1991, 1992, 1993<\/p>\n<p>Fiat Fiorino Pick-up LX Young 1.6 1990, 1991<\/p>\n<p>Fiat Fiorino Pick-up Trekking 1.5 ie 1995, 1996<\/p>\n<p>Fiat Fiorino Pick-up Trekking 1.5 mpi 1996, 1997, 1998<\/p>\n<p>Fiat Fiorino Pick-up Trekking MTV 1.5 mpi 1997<\/p>\n<p>Fiat Fiorino Pick-up Working 1.5 ie 1996<\/p>\n<p>Fiat Fiorino Pick-up Working 1.5 mpi 1996, 1997, 1998, 1999<\/p>\n<p>Fiat Pr\u00eamio CS 1.3 2P 1984, 1985, 1986, 1987, 1988<\/p>\n<p>Fiat Pr\u00eamio CS 1.5 2P 1984, 1985, 1986, 1987, 1988, 1989<\/p>\n<p>Fiat Pr\u00eamio CS 1.5 4P 1993<\/p>\n<p>Fiat Pr\u00eamio CS 1.5 ie 4P 1992, 1993, 1994<\/p>\n<p>Fiat Pr\u00eamio CS 1.6 2P 1989, 1990, 1991, 1992<\/p>\n<p>Fiat Pr\u00eamio CSL 1.5 4P 1986, 1987, 1988, 1989<\/p>\n<p>Fiat Pr\u00eamio CSL 1.6 4P 1989, 1990, 1991, 1992, 1993, 1994<\/p>\n<p>Fiat Pr\u00eamio CSL 1.6 ie 4P 1994, 1995<\/p>\n<p>Fiat Pr\u00eamio Duna 1.6 ie 4P 1994, 1995<\/p>\n<p>Fiat Pr\u00eamio S 1.3 2P 1984, 1985, 1986, 1987, 1988, 1989, 1990, 1991<\/p>\n<p>Fiat Pr\u00eamio S 1.3 4P 1987, 1988<\/p>\n<p>Fiat Pr\u00eamio S 1.5 2P 1991, 1992, 1993<\/p>\n<p>Fiat Pr\u00eamio S 1.5 ie 2P 1992, 1993<\/p>\n<p>Fiat Pr\u00eamio SL 1.3 4P 1988, 1989<\/p>\n<p>Fiat Pr\u00eamio SL 1.5 ie 4P 1992<\/p>\n<p>Fiat Pr\u00eamio SL 1.6 4P 1989, 1990, 1991, 1992<\/p>\n<p>Fiat Uno 1.5R 2P 1986, 1987, 1988, 1989<\/p>\n<p>Fiat Uno 1.6R 2P 1989, 1990, 1991, 1992, 1993<\/p>\n<p>Fiat Uno CS 1.3 2P 1984, 1985, 1986, 1987, 1988, 1989, 1990, 1991<\/p>\n<p>Fiat Uno CS Export 1.5 2P 1990, 1991<\/p>\n<p>Fiat Uno CS Top 1.5 2P 1989<\/p>\n<p>Fiat Uno Furg\u00e3o 1.3 2P 1987, 1988, 1989, 1990, 1991<\/p>\n<p>Fiat Uno Furg\u00e3o 1.3 8V Fire 2P 2004, 2005, 2006, 2007<\/p>\n<p>Fiat Uno Furg\u00e3o 1.3 8V Fire Flex 2P 2006, 2007, 2008, 2009, 2010, 2011, 2012, 2013<\/p>\n<p>Fiat Uno Mille 1.0 2P 1991, 1992, 1993<\/p>\n<p>Fiat Uno Mille 1.0 mpi 4P \u00e1lcool 2002, 2003, 2004<\/p>\n<p>Fiat Uno Mille Brio 1.0 2P 1991, 1992<\/p>\n<p>Fiat Uno Mille City 1.0 mpi 4P \u00e1lcool 1999, 2000<\/p>\n<p>Fiat Uno Mille Electronic 1.0 2P 1992, 1993, 1994, 1995, 1996<\/p>\n<p>Fiat Uno Mille Electronic 1.0 4P 1992, 1993, 1994, 1995, 1996<\/p>\n<p>Fiat Uno Mille EX 1.0 mpi 4P \u00e1lcool 1999, 2000<\/p>\n<p>Fiat Uno Mille Fire 1.0 8V 2P 2004, 2005, 2006<\/p>\n<p>Fiat Uno Mille Fire 1.0 8V Flex 2P 2005, 2006, 2007, 2008<\/p>\n<p>Fiat Uno Mille Fire Economy 1.0 8V Flex 2P 2008, 2009, 2010, 2011, 2012, 2013<\/p>\n<p>Fiat Uno Mille Smart 1.0 mpi 4P \u00e1lcool 2000, 2001<\/p>\n<p>Fiat Uno Mille Smart City 1.0 mpi 4P \u00e1lcool 2000, 2001<\/p>\n<p>Fiat Uno Mille Way Economy 1.0 8V Flex 2P 2008, 2009, 2010, 2011, 2012, 2013<\/p>\n<p>Fiat Uno S 1.3 2P 1984, 1985, 1986, 1987, 1988, 1989, 1990, 1991<\/p>\n<h3>GM<\/h3>\n<p>GM Astra<\/p>\n<p>GM Corsa<\/p>\n<p>GM Meriva<\/p>\n<p>GM Safira<\/p>\n<h4 class=\"ui-pdp-title\">C\u00f3digo de Refer\u00eancia:<\/h4>\n<p class=\"ui-pdp-title\">3318697021, 820015, 20600, 82061, 50014364<\/p>\n<p><strong>Condi\u00e7\u00f5es:<\/strong><\/p>\n<p>Novo Original \/ Marca Torken<\/p>\n<p><strong>Garantia:<\/strong><\/p>\n<p>3 Meses<\/p>\n<h3 class=\"ui-pdp-description__content\">ATEN\u00c7\u00c3O: Antes de efetuar a compra verifique o c\u00f3digo da pe\u00e7a que est\u00e1 instalada no seu ve\u00edculo.<\/h3>\n<h4><strong>O que \u00e9 e para que serve Bomba Motor Limpador Parabrisa?<\/strong><\/h4>\n<p>O Motor limpador de parabrisa \u00e9 a pe\u00e7a fundamental para garantir o funcionamento e o acionamento dos limpadores, dessa forma ele impulsiona as hastes e suas palhetas em movimentos para eliminar o excesso de \u00e1gua e sujeiras que prejudiquem a visibilidade do motorista do ve\u00edculo.<\/p>\n<p>&nbsp;<\/p>\n<ol>\n<li>Cada item \u00e9 rigorosamente testado antes do envio<\/li>\n<li>Se os itens estiverem danificados ou parcialmente defeituosos, entre em contato conosco.<\/li>\n<\/ol>\n<p>Se houver qualquer defeito, n\u00f3s lhe enviaremos uma substitui\u00e7\u00e3o ap\u00f3s receber o pacote ou devolvemos seu dinheiro.<\/p>\n<p>Leia nossa<span style=\"color: #ff0000;\"> <a style=\"color: #ff0000;\" href=\"https:\/\/www.casadainjecao.com.br\/loja\/politica-de-devolucao\">pol\u00edtica de devolu\u00e7\u00e3o aqui<\/a><\/span><\/p>\n<p>&#8212;&#8212;&#8212;&#8212;&#8212;&#8212;&#8212;&#8212;&#8212;&#8212;&#8212;&#8212;&#8212;&#8212;&#8212;&#8212;&#8212;&#8212;&#8212;&#8211;<\/p>\n<p><strong>ATEN\u00c7\u00c3O<\/strong>: Antes de efetuar a compra verifique o c\u00f3digo da sua pe\u00e7a que est\u00e1 instalado no seu ve\u00edculo.<\/p>\n<p><strong>Tem alguma d\u00favida?<\/strong><\/p>\n<p>Entre em contato que podemos ajudar!<\/p>\n<p>Confira as informa\u00e7\u00f5es adicionais abaixo:<\/p>\n<ul>\n<li>Todos os nossos produtos s\u00e3o novos, originais e possuem garantia.<\/li>\n<li>Todos os produtos anunciados est\u00e3o dispon\u00edveis em estoque e s\u00e3o enviados com extrema rapidez.<\/li>\n<li>O frete pode ser simulado antes de efetuar a compra, basta clicar em \u201cver custos de envio\u201d.<\/li>\n<li>Verifique o endere\u00e7o de entrega cadastrado e atualize caso necess\u00e1rio.<\/li>\n<li>Confirme se a pe\u00e7a \u00e9 correta para o seu modelo de ve\u00edculo.<\/li>\n<li>Para pe\u00e7as automotivas, recomendamos a instala\u00e7\u00e3o por um profissional especializado.<\/li>\n<\/ul>\n<p>Caso possua outras d\u00favidas, entre em contato.<\/p>\n","protected":false},"excerpt":{"rendered":"<h2 class=\"ui-pdp-title\">Bomba Motor Esguicho Limpador Parabrisa Chery Fiat GM &#8211; 50014364<\/h2>\n","protected":false},"featured_media":34852,"template":"","meta":{"_seopress_robots_primary_cat":"none","_seopress_titles_title":"","_seopress_titles_desc":"","_seopress_robots_index":"","_seopress_analysis_target_kw":"","_kad_blocks_custom_css":"","_kad_blocks_head_custom_js":"","_kad_blocks_body_custom_js":"","_kad_blocks_footer_custom_js":"","_kadence_starter_templates_imported_post":false,"_joinchat":[]},"product_brand":[],"product_cat":[17,149],"product_tag":[116,294,115,280,117,2181,214,1408],"berocket_brand":[1326,381,383],"class_list":{"0":"post-34850","1":"product","2":"type-product","3":"status-publish","4":"has-post-thumbnail","6":"product_cat-eletrica","7":"product_cat-motor-do-limpador","8":"product_tag-astra","9":"product_tag-chery","10":"product_tag-corsa","11":"product_tag-fiorino","12":"product_tag-meriva","13":"product_tag-premio-elba","14":"product_tag-uno","15":"product_tag-zafira","16":"berocket_brand-asia-motors","17":"berocket_brand-chevrolet","18":"berocket_brand-fiat","19":"thunk-woo-product-list","20":"big-store-woo-hover-zoom","21":"open-single-product-tab-horizontal","22":"open-shadow-","23":"open-shadow-hover-","25":"first","26":"instock","27":"sale","28":"taxable","29":"shipping-taxable","30":"purchasable","31":"product-type-simple"},"taxonomy_info":{"product_cat":[{"value":17,"label":"El\u00e9trica"},{"value":149,"label":"Motor do Limpador"}],"product_tag":[{"value":116,"label":"Astra"},{"value":294,"label":"Chery"},{"value":115,"label":"Corsa"},{"value":280,"label":"FIORINO"},{"value":117,"label":"Meriva"},{"value":2181,"label":"Premio.Elba"},{"value":214,"label":"Uno"},{"value":1408,"label":"Zafira"}],"berocket_brand":[{"value":1326,"label":"Asia Motors"},{"value":381,"label":"Chevrolet"},{"value":383,"label":"Fiat"}]},"featured_image_src_large":["https:\/\/www.casadainjecao.com.br\/loja\/wp-content\/uploads\/2024\/07\/Bomba-Motor-Esguicho-Limpador-Parabrisa-Chery-Fiat-GM-astra-50014364-920x920.jpg",640,640,true],"author_info":[],"comment_info":"","_links":{"self":[{"href":"https:\/\/www.casadainjecao.com.br\/loja\/wp-json\/wp\/v2\/product\/34850","targetHints":{"allow":["GET"]}}],"collection":[{"href":"https:\/\/www.casadainjecao.com.br\/loja\/wp-json\/wp\/v2\/product"}],"about":[{"href":"https:\/\/www.casadainjecao.com.br\/loja\/wp-json\/wp\/v2\/types\/product"}],"wp:featuredmedia":[{"embeddable":true,"href":"https:\/\/www.casadainjecao.com.br\/loja\/wp-json\/wp\/v2\/media\/34852"}],"wp:attachment":[{"href":"https:\/\/www.casadainjecao.com.br\/loja\/wp-json\/wp\/v2\/media?parent=34850"}],"wp:term":[{"taxonomy":"product_brand","embeddable":true,"href":"https:\/\/www.casadainjecao.com.br\/loja\/wp-json\/wp\/v2\/product_brand?post=34850"},{"taxonomy":"product_cat","embeddable":true,"href":"https:\/\/www.casadainjecao.com.br\/loja\/wp-json\/wp\/v2\/product_cat?post=34850"},{"taxonomy":"product_tag","embeddable":true,"href":"https:\/\/www.casadainjecao.com.br\/loja\/wp-json\/wp\/v2\/product_tag?post=34850"},{"taxonomy":"berocket_brand","embeddable":true,"href":"https:\/\/www.casadainjecao.com.br\/loja\/wp-json\/wp\/v2\/berocket_brand?post=34850"}],"curies":[{"name":"wp","href":"https:\/\/api.w.org\/{rel}","templated":true}]}}