{"id":35560,"date":"2024-08-09T16:09:39","date_gmt":"2024-08-09T19:09:39","guid":{"rendered":"https:\/\/www.casadainjecao.com.br\/loja\/?post_type=product&#038;p=35560"},"modified":"2024-08-09T16:49:02","modified_gmt":"2024-08-09T19:49:02","slug":"panela-de-freio-kia-sedona-original","status":"publish","type":"product","link":"https:\/\/www.casadainjecao.com.br\/loja\/autopecas\/freios\/panela-de-freio\/panela-de-freio-kia-sedona-original\/","title":{"rendered":"Tambor Freio Traseiro Kia Carnival &#8211; 0k55226251a"},"content":{"rendered":"<h1>Panela de Freio Original = Tambor de Freio<\/h1>\n<ul class=\"list-unstyled product-list-details\">\n<li>\n<h3>Kia Carnival 1998 a 2006<\/h3>\n<\/li>\n<li>\n<h3><span class=\"a-list-item\">Kia Sedona Mk II 2.9 CRDi (1999 &#8211; 2007) 106kW<\/span><\/h3>\n<\/li>\n<li>\n<h3><span class=\"a-list-item\">Kia Sedona I 2.9 TD (1998 &#8211; 2001) 93kW<\/span><\/h3>\n<\/li>\n<li>\n<h3><span class=\"a-list-item\">Kia Sedona Mk II 2.9 TD (1999 &#8211; 2007) 93kW<\/span><\/h3>\n<\/li>\n<li>\n<h3><span class=\"a-list-item\">Kia Sedona Mk II 2.5 V6 (1999 &#8211; 2007) 110kW<\/span><\/h3>\n<\/li>\n<li>\n<h3><span class=\"a-list-item\">Kia Sedona I 2.5 V6 (1998 &#8211; 2001) 121kW<\/span><\/h3>\n<\/li>\n<li>\n<h3><span class=\"a-list-item\">Kia Sedona Mk II 3.5 (1999 &#8211; 2007) 143kW<\/span><\/h3>\n<\/li>\n<li><\/li>\n<li class=\"col-md-6\">C\u00f3digo:- 0k55226251a,<strong><strong>\u00a0max.dia.251.2mm , k552,Kss3,8L09A,14.A701.10<br \/>\n<\/strong><\/strong><\/li>\n<li class=\"col-md-6\">Material:\u00a0<strong>Ferro fundido (G3000)<\/strong><\/li>\n<li class=\"col-md-6\">Anel do sensor ABS inclu\u00eddo:\u00a0<strong>N\u00e3o<\/strong><\/li>\n<li class=\"col-md-6\">Di\u00e2metro externo 29,2mm<\/li>\n<li class=\"col-md-6\">Tamanho do furo central (mm):\u00a0<strong>72mm<\/strong><\/li>\n<li class=\"col-md-6\">Altura total (mm):\u00a0<strong>104,00 mm<\/strong><\/li>\n<li class=\"col-md-6\">N\u00famero de furos para parafusos:\u00a0<strong>5<\/strong><\/li>\n<li class=\"col-md-6\">Padr\u00e3o de parafuso:\u00a0<strong>5 em 114 mm<\/strong><\/li>\n<li class=\"col-md-6\">Aletas de resfriamento inclu\u00eddas:\u00a0<strong>Sim<\/strong><\/li>\n<li class=\"col-md-6\">Di\u00e2metro de descarte (mm):\u00a0<strong>247mm<\/strong><\/li>\n<li class=\"col-md-6\">Profundidade da superf\u00edcie de frenagem (mm):\u00a0<strong>69,1 mm<\/strong><\/li>\n<li>\n<h5><strong>Condi\u00e7\u00f5es:<\/strong><\/h5>\n<h5><strong>Produto Novo Original<\/strong><\/h5>\n<h5><strong>Garantia:<\/strong><\/h5>\n<h5><strong>3 Meses<\/strong><\/h5>\n<h5><strong>ATEN\u00c7\u00c3O: Antes de efetuar a compra verifique o c\u00f3digo da sua pe\u00e7a que est\u00e1 instalado no seu ve\u00edculo.<\/strong><\/h5>\n<h5><strong>A Casa da Inje\u00e7\u00e3o oferece total garantia nos produtos comprados em nosso site.<\/strong><\/h5>\n<h5><strong>Cada item \u00e9 rigorosamente testado antes do envio<\/strong><\/h5>\n<h5><strong>Se os itens estiverem danificados ou parcialmente defeituosos, entre em contato conosco.<\/strong><\/h5>\n<h5><strong>Procure um profissional devidamente licenciado para a instala\u00e7\u00e3o e fa\u00e7a revis\u00f5es periodicamente. A empresa n\u00e3o se responsabiliza por problemas oriundos da m\u00e1 instala\u00e7\u00e3o ou com a falta de cuidados peri\u00f3dicos dos componentes.<\/strong><\/h5>\n<h5><strong>Se houver qualquer defeito, n\u00f3s lhe enviaremos uma substitui\u00e7\u00e3o ap\u00f3s receber o pacote ou devolvemos seu dinheiro.<\/strong><\/h5>\n<h5><strong>Leia nossa\u00a0<a href=\"https:\/\/www.casadainjecao.com.br\/loja\/politica-de-devolucao\">pol\u00edtica de devolu\u00e7\u00e3o aqui<\/a><\/strong><\/h5>\n<h5><strong>\u2014\u2014\u2014\u2014\u2014\u2014\u2014\u2014\u2014\u2014\u2014\u2014\u2014\u2014\u2014\u2014\u2014\u2014\u2014\u2013<\/strong><\/h5>\n<h5><strong>Tem alguma d\u00favida?<\/strong><\/h5>\n<h5><strong>Entre em contato que podemos ajudar!<\/strong><\/h5>\n<h5><strong>Confira as informa\u00e7\u00f5es adicionais abaixo:<\/strong><\/h5>\n<h5><strong>Todos os nossos produtos s\u00e3o novos, semi-novos, originais e paralelos possuem garantia.<\/strong><\/h5>\n<h5><strong>Todos os produtos anunciados est\u00e3o dispon\u00edveis em estoque e s\u00e3o enviados com extrema rapidez.<\/strong><\/h5>\n<h5><strong>O frete pode ser simulado antes de efetuar a compra, basta clicar em \u201cver custos de envio\u201d.<\/strong><\/h5>\n<h5><strong>Verifique o endere\u00e7o de entrega cadastrado e atualize caso necess\u00e1rio.<\/strong><\/h5>\n<h5><strong>Confirme se a pe\u00e7a \u00e9 correta para o seu modelo de ve\u00edculo.<\/strong><\/h5>\n<h5><strong>Para pe\u00e7as automotivas, recomendamos a instala\u00e7\u00e3o por um profissional especializado.<\/strong><\/h5>\n<h5><strong>Caso possua outras d\u00favidas, entre em contato.<\/strong><\/h5>\n<\/li>\n<\/ul>\n","protected":false},"excerpt":{"rendered":"<h2>Tambor Freio Traseiro Kia Carnival &#8211; 0k55226251a<\/h2>\n","protected":false},"featured_media":35564,"template":"","meta":{"_seopress_robots_primary_cat":"none","_seopress_titles_title":"","_seopress_titles_desc":"","_seopress_robots_index":"","_joinchat":[]},"product_cat":[20,2221,2222],"product_tag":[714,1594],"berocket_brand":[388],"_links":{"self":[{"href":"https:\/\/www.casadainjecao.com.br\/loja\/wp-json\/wp\/v2\/product\/35560"}],"collection":[{"href":"https:\/\/www.casadainjecao.com.br\/loja\/wp-json\/wp\/v2\/product"}],"about":[{"href":"https:\/\/www.casadainjecao.com.br\/loja\/wp-json\/wp\/v2\/types\/product"}],"wp:featuredmedia":[{"embeddable":true,"href":"https:\/\/www.casadainjecao.com.br\/loja\/wp-json\/wp\/v2\/media\/35564"}],"wp:attachment":[{"href":"https:\/\/www.casadainjecao.com.br\/loja\/wp-json\/wp\/v2\/media?parent=35560"}],"wp:term":[{"taxonomy":"product_cat","embeddable":true,"href":"https:\/\/www.casadainjecao.com.br\/loja\/wp-json\/wp\/v2\/product_cat?post=35560"},{"taxonomy":"product_tag","embeddable":true,"href":"https:\/\/www.casadainjecao.com.br\/loja\/wp-json\/wp\/v2\/product_tag?post=35560"},{"taxonomy":"berocket_brand","embeddable":true,"href":"https:\/\/www.casadainjecao.com.br\/loja\/wp-json\/wp\/v2\/berocket_brand?post=35560"}],"curies":[{"name":"wp","href":"https:\/\/api.w.org\/{rel}","templated":true}]}}