{"id":35609,"date":"2024-08-13T16:38:43","date_gmt":"2024-08-13T19:38:43","guid":{"rendered":"https:\/\/www.casadainjecao.com.br\/loja\/?post_type=product&#038;p=35609"},"modified":"2025-12-09T13:38:55","modified_gmt":"2025-12-09T16:38:55","slug":"bico-injetor-de-combustivel-volks-tiguan-audi-a3-0280158448-copia","status":"publish","type":"product","link":"https:\/\/www.casadainjecao.com.br\/loja\/autopecas\/injecao-eletronica\/bico-injetor\/bico-injetor-de-combustivel-volks-tiguan-audi-a3-0280158448-copia\/","title":{"rendered":"4 Bicos Injetores Combustivel Volks Tiguan Audi A3 &#8211; 0"},"content":{"rendered":"<h2>4 Bicos Injetores de Combustivel Original = Valvula de Inje\u00e7\u00e3o<\/h2>\n<h3>VOLKSWAGEN<br \/>\nGOLF GTI 2.0 TSI MK7 2013 2014 2015 2016 2017 2018 2019 (220CV\/230CV)<br \/>\nTIGUAN 2.0 TSI R-LINE ALLSPACE 2018 2019 2020 2021<br \/>\nPASSAT 2.0 TSI 2014 2015 2016 2017 2018 2019<\/h3>\n<h3>AUDI<br \/>\nA1 1.8 TFSI 2015 2016 2017 2018<br \/>\nA3 1.8 TFSI 2012 2013 2014 2015 2016<br \/>\nA3 2.0 TFSI 2016 2017 2018 2019 2020<br \/>\nS3 2.0 TFSI 2013 2014 2015 2016 2017 2018<br \/>\nA4 1.8 TFSI 2011 2012 2013 2014 2015<br \/>\nA4 2.0 TFSI 2015 2016 2017 2018 2019<br \/>\nA5 1.8 TFSI 2011 2012 2013 2014 2015 2016 2017<br \/>\nA5 2.0 TFSI 2017 2018 2019 2020 2021<br \/>\nAQ5 2.0 TFSI QUATTRO 2017 2018 2019 2020 2021 2022<br \/>\nTT2.0 TFSI 2013 2014 2015 2016 2017 2018 2019 2020<\/h3>\n<h3>C\u00f3digo de RefeR\u00eancia:<br \/>\n06L906031D, PAC906031, 0280158266, 0280158449, 0280158448<\/h3>\n<h5>Condi\u00e7\u00f5es:<br \/>\nProduto Novo Original \/ Marca Bosch<br \/>\nGarantia:<br \/>\n3 Meses<br \/>\nATEN\u00c7\u00c3O: Antes de efetuar a compra verifique o c\u00f3digo da sua pe\u00e7a que est\u00e1 instalado no seu ve\u00edculo.<br \/>\nA Casa da Inje\u00e7\u00e3o oferece total garantia nos produtos comprados em nosso site.<br \/>\nCada item \u00e9 rigorosamente testado antes do envio<br \/>\nSe os itens estiverem danificados ou parcialmente defeituosos, entre em contato conosco.<br \/>\nProcure um profissional devidamente licenciado para a instala\u00e7\u00e3o e fa\u00e7a revis\u00f5es periodicamente. A empresa n\u00e3o se responsabiliza por problemas oriundos da m\u00e1 instala\u00e7\u00e3o ou com a falta de cuidados peri\u00f3dicos dos componentes.<br \/>\nSe houver qualquer defeito, n\u00f3s lhe enviaremos uma substitui\u00e7\u00e3o ap\u00f3s receber o pacote ou devolvemos seu dinheiro.<br \/>\nLeia nossa pol\u00edtica de devolu\u00e7\u00e3o aqui<br \/>\nTem alguma d\u00favida?<br \/>\nEntre em contato que podemos ajudar!<br \/>\nConfira as informa\u00e7\u00f5es adicionais abaixo:<br \/>\nTodos os nossos produtos s\u00e3o novos, semi-novos, originais e paralelos possuem garantia.<br \/>\nTodos os produtos anunciados est\u00e3o dispon\u00edveis em estoque e s\u00e3o enviados com extrema rapidez.<br \/>\nO frete pode ser simulado antes de efetuar a compra, basta clicar em \u201cver custos de envio\u201d.<br \/>\nVerifique o endere\u00e7o de entrega cadastrado e atualize caso necess\u00e1rio.<br \/>\nConfirme se a pe\u00e7a \u00e9 correta para o seu modelo de ve\u00edculo.<br \/>\nPara pe\u00e7as automotivas, recomendamos a instala\u00e7\u00e3o por um profissional especializado.<br \/>\nCaso possua outras d\u00favidas, entre em contato.<\/h5>\n","protected":false},"excerpt":{"rendered":"<h2>4 Bicos Injetores de Combustivel Volks Tiguan Audi A3 &#8211; 0280158448<\/h2>\n","protected":false},"featured_media":35640,"template":"","meta":{"_seopress_robots_primary_cat":"none","_seopress_titles_title":"","_seopress_titles_desc":"","_seopress_robots_index":"","_joinchat":[]},"product_cat":[256,261,21],"product_tag":[1998,1874,1875,1468,1604,698,1475,1497],"berocket_brand":[378,396],"_links":{"self":[{"href":"https:\/\/www.casadainjecao.com.br\/loja\/wp-json\/wp\/v2\/product\/35609"}],"collection":[{"href":"https:\/\/www.casadainjecao.com.br\/loja\/wp-json\/wp\/v2\/product"}],"about":[{"href":"https:\/\/www.casadainjecao.com.br\/loja\/wp-json\/wp\/v2\/types\/product"}],"wp:featuredmedia":[{"embeddable":true,"href":"https:\/\/www.casadainjecao.com.br\/loja\/wp-json\/wp\/v2\/media\/35640"}],"wp:attachment":[{"href":"https:\/\/www.casadainjecao.com.br\/loja\/wp-json\/wp\/v2\/media?parent=35609"}],"wp:term":[{"taxonomy":"product_cat","embeddable":true,"href":"https:\/\/www.casadainjecao.com.br\/loja\/wp-json\/wp\/v2\/product_cat?post=35609"},{"taxonomy":"product_tag","embeddable":true,"href":"https:\/\/www.casadainjecao.com.br\/loja\/wp-json\/wp\/v2\/product_tag?post=35609"},{"taxonomy":"berocket_brand","embeddable":true,"href":"https:\/\/www.casadainjecao.com.br\/loja\/wp-json\/wp\/v2\/berocket_brand?post=35609"}],"curies":[{"name":"wp","href":"https:\/\/api.w.org\/{rel}","templated":true}]}}