{"id":36040,"date":"2024-09-10T15:31:04","date_gmt":"2024-09-10T18:31:04","guid":{"rendered":"https:\/\/www.casadainjecao.com.br\/loja\/?post_type=product&#038;p=36040"},"modified":"2025-12-04T07:18:52","modified_gmt":"2025-12-04T10:18:52","slug":"flange-tampa-bomba-de-combustivel-fiat-palio-2206493","status":"publish","type":"product","link":"https:\/\/www.casadainjecao.com.br\/loja\/autopecas\/exterior\/flange-tampa-bomba-de-combustivel-fiat-palio-2206493\/","title":{"rendered":"Tampa Flange Bomba Combust\u00edvel Fiat Uno &#8211; 22061104"},"content":{"rendered":"<h2>Flange Tampa Bomba de Combust\u00edvel<\/h2>\n<h3 class=\"ui-pdp-title\">FIAT<br \/>\u2022 Uno 1.5 4cil 8v 1997&gt;2002<br \/>\u2022 Uno 1.0 4cil 8v MPI 1998&gt;2004<br \/>\u2022 Uno 1.3 4cil 8v MPI 2001&gt;2004<br \/>\u2022 Uno 1.3 4cil 8v MPI 2006&gt;<\/h3>\n<h3>C\u00f3digo de Refer\u00eancia:<\/h3>\n<h3>22061104, DS2411, 2411, 50013355, 50014453, 50017067,030106, T030014, 7009<\/h3>\n<h5><strong>Condi\u00e7\u00f5es:<\/strong><\/h5>\n<h5>Produto Novo \/ Marca Torken<\/h5>\n<h5><strong>Garantia:<\/strong><\/h5>\n<h5>3 Meses<\/h5>\n<h5><strong>ATEN\u00c7\u00c3O: Antes de efetuar a compra verifique o c\u00f3digo da sua pe\u00e7a que est\u00e1 instalada no seu ve\u00edculo.<\/strong><\/h5>\n","protected":false},"excerpt":{"rendered":"<h2>Tampa Flange Bomba Combust\u00edvel Fiat Uno &#8211; 22061104<\/h2>\n<h3><\/h3>\n","protected":false},"featured_media":42097,"template":"","meta":{"_seopress_robots_primary_cat":"none","_seopress_titles_title":"","_seopress_titles_desc":"","_seopress_robots_index":"","_joinchat":[]},"product_cat":[23],"product_tag":[119,120,121,214],"berocket_brand":[383],"_links":{"self":[{"href":"https:\/\/www.casadainjecao.com.br\/loja\/wp-json\/wp\/v2\/product\/36040"}],"collection":[{"href":"https:\/\/www.casadainjecao.com.br\/loja\/wp-json\/wp\/v2\/product"}],"about":[{"href":"https:\/\/www.casadainjecao.com.br\/loja\/wp-json\/wp\/v2\/types\/product"}],"wp:featuredmedia":[{"embeddable":true,"href":"https:\/\/www.casadainjecao.com.br\/loja\/wp-json\/wp\/v2\/media\/42097"}],"wp:attachment":[{"href":"https:\/\/www.casadainjecao.com.br\/loja\/wp-json\/wp\/v2\/media?parent=36040"}],"wp:term":[{"taxonomy":"product_cat","embeddable":true,"href":"https:\/\/www.casadainjecao.com.br\/loja\/wp-json\/wp\/v2\/product_cat?post=36040"},{"taxonomy":"product_tag","embeddable":true,"href":"https:\/\/www.casadainjecao.com.br\/loja\/wp-json\/wp\/v2\/product_tag?post=36040"},{"taxonomy":"berocket_brand","embeddable":true,"href":"https:\/\/www.casadainjecao.com.br\/loja\/wp-json\/wp\/v2\/berocket_brand?post=36040"}],"curies":[{"name":"wp","href":"https:\/\/api.w.org\/{rel}","templated":true}]}}