{"id":37402,"date":"2024-12-05T08:32:11","date_gmt":"2024-12-05T11:32:11","guid":{"rendered":"https:\/\/www.casadainjecao.com.br\/loja\/autopecas\/sem%20categoria\/sensor-temperatura-renault-fluence-nissan-march-7701058398\/"},"modified":"2026-04-07T11:05:34","modified_gmt":"2026-04-07T14:05:34","slug":"sensor-temperatura-renault-fluence-nissan-march-7701058398","status":"publish","type":"product","link":"https:\/\/www.casadainjecao.com.br\/loja\/autopecas\/motor\/sensor-temperatua\/sensor-temperatura-renault-fluence-nissan-march-7701058398\/","title":{"rendered":"Sensor Temperatura Renault Fluence Nissan March &#8211; 7701"},"content":{"rendered":"<h2><strong>Sensor de Temperatura da \u00c1gua \u2013 Alta Qualidade e Precis\u00e3o<\/strong><\/h2>\n<p>Produto ideal para garantir o correto funcionamento do sistema de arrefecimento do seu ve\u00edculo, proporcionando melhor desempenho e seguran\u00e7a.<\/p>\n<p><strong>Compatibilidade<\/strong><\/p>\n<p><strong>RENAULT<\/strong><br \/>\n\u2022 Fluence 2.0 16V \u2014 2011 a 2018<\/p>\n<p><strong>NISSAN<\/strong><br \/>\n\u2022 Frontier 2.5 \u2014 2002 a 2008<br \/>\n\u2022 March 1.0 \u2014 2010 a 2013<br \/>\n\u2022 Versa 1.6 16V \u2014 2011 a 2013<br \/>\n\u2022 Livina 1.8 \u2014 a partir de 2007<br \/>\n\u2022 Tiida 1.8 \u2014 a partir de 2007<\/p>\n<p><strong>\u00a0Caracter\u00edsticas T\u00e9cnicas<\/strong><\/p>\n<ul>\n<li>Produto novo<br \/>\n\u2022 Sensor de temperatura da \u00e1gua<br \/>\n\u2022 Plug eletr\u00f4nico<br \/>\n\u2022 Circuito simples<br \/>\n\u2022 Rosca: M12 x 1,5 mm<br \/>\n\u2022 Sextavado: 19 mm<br \/>\n\u2022 Conector: 2 pinos<\/li>\n<\/ul>\n<p><strong>C\u00f3digos de Refer\u00eancia<\/strong><\/p>\n<ul>\n<li>F6XA10884AA<br \/>\n\u2022 2263000QAH<br \/>\n\u2022 7701058398<br \/>\n\u2022 719023<\/li>\n<\/ul>\n<p><strong>Diferenciais<\/strong><\/p>\n<p>\u2714 Produto testado e de alta durabilidade<br \/>\n\u2714 Excelente custo-benef\u00edcio<br \/>\n\u2714 Envio r\u00e1pido<br \/>\n\u2714 Pronta entrega<\/p>\n<p><strong>\u00a0Conte\u00fado da Embalagem<\/strong><\/p>\n<ul>\n<li>1 Sensor de Temperatura<\/li>\n<\/ul>\n<p><strong>Importante<\/strong><\/p>\n<p>Antes de efetuar a compra, compare o c\u00f3digo da sua pe\u00e7a com os informados acima para garantir a compatibilidade.<\/p>\n<h5><strong>A Casa da Inje\u00e7\u00e3o oferece total garantia nos produtos comprados em nosso site.<\/strong><\/h5>\n<h5><strong>Cada item \u00e9 rigorosamente testado antes do envio<\/strong><\/h5>\n<h5><strong>Se os itens estiverem danificados ou parcialmente defeituosos, entre em contato conosco.<\/strong><\/h5>\n<h5><strong>Procure um profissional devidamente licenciado para a instala\u00e7\u00e3o e fa\u00e7a revis\u00f5es periodicamente. A empresa n\u00e3o se responsabiliza por problemas oriundos da m\u00e1 instala\u00e7\u00e3o ou com a falta de cuidados peri\u00f3dicos dos componentes.<\/strong><\/h5>\n<h5><strong>Se houver qualquer defeito, n\u00f3s lhe enviaremos uma substitui\u00e7\u00e3o ap\u00f3s receber o pacote ou devolvemos seu dinheiro.<\/strong><\/h5>\n<h5><strong>Leia nossa <\/strong><a href=\"https:\/\/www.casadainjecao.com.br\/loja\/politica-de-devolucao\">pol\u00edtica de devolu\u00e7\u00e3o aqui<\/a><\/h5>\n<h5><strong>\u2014\u2014\u2014\u2014\u2014\u2014\u2014\u2014\u2014\u2014\u2014\u2014\u2014\u2014\u2014\u2014\u2014\u2014\u2014\u2013<\/strong><\/h5>\n<h5><strong>Tem alguma d\u00favida?<\/strong><\/h5>\n<h5><strong>Entre em contato que podemos ajudar!<\/strong><\/h5>\n<h5><strong>Confira as informa\u00e7\u00f5es adicionais abaixo:<\/strong><\/h5>\n<h5><strong>Todos os nossos produtos s\u00e3o novos, semi-novos, originais e paralelos possuem garantia.<\/strong><\/h5>\n<h5><strong>Todos os produtos anunciados est\u00e3o dispon\u00edveis em estoque e s\u00e3o enviados com extrema rapidez.<\/strong><\/h5>\n<h5><strong>O frete pode ser simulado antes de efetuar a compra, basta clicar em \u201cver custos de envio\u201d.<\/strong><\/h5>\n<h5><strong>Verifique o endere\u00e7o de entrega cadastrado e atualize caso necess\u00e1rio.<\/strong><\/h5>\n<h5><strong>Confirme se a pe\u00e7a \u00e9 correta para o seu modelo de ve\u00edculo.<\/strong><\/h5>\n<h5><strong>Para pe\u00e7as automotivas, recomendamos a instala\u00e7\u00e3o por um profissional especializado.<\/strong><\/h5>\n<h5><strong>Caso possua outras d\u00favidas, entre em contato.<\/strong><\/h5>\n<p>&nbsp;<\/p>\n<h4><strong>\u00a0<\/strong><\/h4>\n<p>&nbsp;<\/p>\n<p>&nbsp;<\/p>\n<p>&nbsp;<\/p>\n<p>&nbsp;<\/p>\n<p>&nbsp;<\/p>\n<p>&nbsp;<\/p>\n","protected":false},"excerpt":{"rendered":"<h2>Sensor Temperatura \u00c1gua Fluence Frontier<\/h2>\n<h2>March Versa Livina Tiid &#8211; 7701058398<\/h2>\n","protected":false},"featured_media":37401,"template":"","meta":{"_seopress_robots_primary_cat":"none","_seopress_titles_title":"","_seopress_titles_desc":"","_seopress_robots_index":"","_joinchat":[]},"product_cat":[22,2216],"product_tag":[139,1554,243,1190,1466,716],"berocket_brand":[392,394],"_links":{"self":[{"href":"https:\/\/www.casadainjecao.com.br\/loja\/wp-json\/wp\/v2\/product\/37402"}],"collection":[{"href":"https:\/\/www.casadainjecao.com.br\/loja\/wp-json\/wp\/v2\/product"}],"about":[{"href":"https:\/\/www.casadainjecao.com.br\/loja\/wp-json\/wp\/v2\/types\/product"}],"wp:featuredmedia":[{"embeddable":true,"href":"https:\/\/www.casadainjecao.com.br\/loja\/wp-json\/wp\/v2\/media\/37401"}],"wp:attachment":[{"href":"https:\/\/www.casadainjecao.com.br\/loja\/wp-json\/wp\/v2\/media?parent=37402"}],"wp:term":[{"taxonomy":"product_cat","embeddable":true,"href":"https:\/\/www.casadainjecao.com.br\/loja\/wp-json\/wp\/v2\/product_cat?post=37402"},{"taxonomy":"product_tag","embeddable":true,"href":"https:\/\/www.casadainjecao.com.br\/loja\/wp-json\/wp\/v2\/product_tag?post=37402"},{"taxonomy":"berocket_brand","embeddable":true,"href":"https:\/\/www.casadainjecao.com.br\/loja\/wp-json\/wp\/v2\/berocket_brand?post=37402"}],"curies":[{"name":"wp","href":"https:\/\/api.w.org\/{rel}","templated":true}]}}