{"id":38247,"date":"2025-01-24T09:53:58","date_gmt":"2025-01-24T12:53:58","guid":{"rendered":"https:\/\/www.casadainjecao.com.br\/loja\/?post_type=product&#038;p=38247"},"modified":"2026-04-28T14:56:17","modified_gmt":"2026-04-28T17:56:17","slug":"sensor-abs-traseiro-peugeot-308-408-citroen-c4-lounge-4545l0","status":"publish","type":"product","link":"https:\/\/www.casadainjecao.com.br\/loja\/autopecas\/freios\/sensor-abs\/sensor-abs-traseiro-peugeot-308-408-citroen-c4-lounge-4545l0\/","title":{"rendered":"Sensor Abs Traseiro Peugeot 308 408 Citroen C4 Lounge &#8211"},"content":{"rendered":"<h2 class=\"fbits-produto-nome prodTitle title\" data-componente-fbits-id=\"28\"><span class=\"NormalTextRun ContextualSpellingAndGrammarErrorV2Themed SCXW255167822 BCX0\">Sensor Freio<\/span><span class=\"NormalTextRun SCXW255167822 BCX0\"> ABS Traseiro Esquerdo\/Direito<\/span><span class=\"NormalTextRun SCXW255167822 BCX0\">\u00a0Original<\/span><\/h2>\n<p><span class=\"TextRun SCXW250998950 BCX0\" lang=\"PT-PT\" xml:lang=\"PT-PT\" data-contrast=\"auto\"><span class=\"NormalTextRun SpellingErrorV2Themed SCXW250998950 BCX0\">Citro\u00ebn<\/span><span class=\"NormalTextRun SCXW250998950 BCX0\"> C4 Lounge 1.6 4Cil 16v <\/span><span class=\"NormalTextRun SpellingErrorV2Themed SCXW250998950 BCX0\">Flex<\/span><span class=\"NormalTextRun SCXW250998950 BCX0\"> 2013 em diante<\/span><\/span><span class=\"LineBreakBlob BlobObject DragDrop SCXW250998950 BCX0\"><span class=\"SCXW250998950 BCX0\">\u00a0<\/span><br class=\"SCXW250998950 BCX0\" \/><\/span><\/p>\n<p><span class=\"TextRun SCXW250998950 BCX0\" lang=\"PT-PT\" xml:lang=\"PT-PT\" data-contrast=\"auto\"><span class=\"NormalTextRun SpellingErrorV2Themed SCXW250998950 BCX0\">Citro\u00ebn<\/span><span class=\"NormalTextRun SCXW250998950 BCX0\"> C4 Lounge 2.0 4Cil 16v <\/span><span class=\"NormalTextRun SpellingErrorV2Themed SCXW250998950 BCX0\">Flex<\/span><span class=\"NormalTextRun SCXW250998950 BCX0\"> 2013 em diante<\/span><\/span><span class=\"LineBreakBlob BlobObject DragDrop SCXW250998950 BCX0\"><span class=\"SCXW250998950 BCX0\">\u00a0<\/span><br class=\"SCXW250998950 BCX0\" \/><\/span><\/p>\n<p><span class=\"TextRun SCXW250998950 BCX0\" lang=\"PT-PT\" xml:lang=\"PT-PT\" data-contrast=\"auto\"><span class=\"NormalTextRun SCXW250998950 BCX0\">Peugeot 308 1.6 4Cil 16v <\/span><span class=\"NormalTextRun SpellingErrorV2Themed SCXW250998950 BCX0\">Flex<\/span><span class=\"NormalTextRun SCXW250998950 BCX0\"> 2011 at\u00e9 2018<\/span><\/span><span class=\"LineBreakBlob BlobObject DragDrop SCXW250998950 BCX0\"><span class=\"SCXW250998950 BCX0\">\u00a0<\/span><br class=\"SCXW250998950 BCX0\" \/><\/span><\/p>\n<p><span class=\"TextRun SCXW250998950 BCX0\" lang=\"PT-PT\" xml:lang=\"PT-PT\" data-contrast=\"auto\"><span class=\"NormalTextRun SCXW250998950 BCX0\">Peugeot 308 2.0 4Cil 16v <\/span><span class=\"NormalTextRun SpellingErrorV2Themed SCXW250998950 BCX0\">Flex<\/span><span class=\"NormalTextRun SCXW250998950 BCX0\"> 2011 at\u00e9 2018<\/span><\/span><span class=\"LineBreakBlob BlobObject DragDrop SCXW250998950 BCX0\"><span class=\"SCXW250998950 BCX0\">\u00a0<\/span><br class=\"SCXW250998950 BCX0\" \/><\/span><\/p>\n<p><span class=\"TextRun SCXW250998950 BCX0\" lang=\"PT-PT\" xml:lang=\"PT-PT\" data-contrast=\"auto\"><span class=\"NormalTextRun SCXW250998950 BCX0\">Peugeot 408 1.6 4Cil 16v <\/span><span class=\"NormalTextRun SpellingErrorV2Themed SCXW250998950 BCX0\">Flex<\/span><span class=\"NormalTextRun SCXW250998950 BCX0\"> 2011 at\u00e9 2017<\/span><\/span><span class=\"LineBreakBlob BlobObject DragDrop SCXW250998950 BCX0\"><span class=\"SCXW250998950 BCX0\">\u00a0<\/span><br class=\"SCXW250998950 BCX0\" \/><\/span><\/p>\n<p><span class=\"TextRun SCXW250998950 BCX0\" lang=\"PT-PT\" xml:lang=\"PT-PT\" data-contrast=\"auto\"><span class=\"NormalTextRun SCXW250998950 BCX0\">Peugeot 408 2.0 4Cil 16v <\/span><span class=\"NormalTextRun SpellingErrorV2Themed SCXW250998950 BCX0\">Flex<\/span><span class=\"NormalTextRun SCXW250998950 BCX0\"> 2011 at\u00e9 2017<\/span><\/span><\/p>\n<h4><span data-contrast=\"auto\">C\u00f3digo de Refer\u00eancia: <\/span><span data-ccp-props=\"{}\">\u00a0<\/span><\/h4>\n<p><span data-contrast=\"auto\">4545L0, 9665386880, 4545C4, 96584207, 867779, 8045, 4545L, T130032, 73341, 120070, GS2086, 78317, ABSMM480TDTE\u00a0<\/span><\/p>\n<h4 aria-level=\"4\"><span data-contrast=\"none\">Condi\u00e7\u00f5es:<\/span><span data-ccp-props=\"{&quot;134233117&quot;:false,&quot;134233118&quot;:false,&quot;134245418&quot;:true,&quot;134245529&quot;:true,&quot;335559738&quot;:319,&quot;335559739&quot;:319}\">\u00a0<\/span><\/h4>\n<p><span data-contrast=\"auto\">Novo Original \/ Marca PSA<\/span><\/p>\n<h4><span class=\"LineBreakBlob BlobObject DragDrop SCXW233323975 BCX0\"><span class=\"SCXW233323975 BCX0\">\u00a0Especifica\u00e7\u00f5es:<\/span><br class=\"SCXW233323975 BCX0\" \/><\/span><\/h4>\n<p><span class=\"TextRun SCXW233323975 BCX0\" lang=\"PT-PT\" xml:lang=\"PT-PT\" data-contrast=\"auto\"><span class=\"NormalTextRun SCXW233323975 BCX0\">Vias: 02 | <\/span><span class=\"NormalTextRun SpellingErrorV2Themed SCXW233323975 BCX0\">Comp<\/span><span class=\"NormalTextRun SCXW233323975 BCX0\">. Cabo (cm): 83<\/span><\/span><span class=\"EOP SCXW233323975 BCX0\" data-ccp-props=\"{}\">\u00a0<\/span><\/p>\n<h4><span data-contrast=\"auto\">Garantia:<\/span><span data-ccp-props=\"{&quot;134233117&quot;:false,&quot;134233118&quot;:false,&quot;335559738&quot;:240,&quot;335559739&quot;:240}\">\u00a0<\/span><\/h4>\n<p><span data-contrast=\"auto\">3 Meses<\/span><span data-ccp-props=\"{&quot;134233117&quot;:false,&quot;134233118&quot;:false,&quot;335559738&quot;:240,&quot;335559739&quot;:240}\">\u00a0<\/span><\/p>\n<h3 aria-level=\"3\"><span data-contrast=\"none\">ATEN\u00c7\u00c3O: Antes de efetuar a compra verifique o c\u00f3digo da pe\u00e7a que est\u00e1 instalada no seu ve\u00edculo.<\/span><span data-ccp-props=\"{&quot;134233117&quot;:false,&quot;134233118&quot;:false,&quot;134245418&quot;:true,&quot;134245529&quot;:true,&quot;335559738&quot;:281,&quot;335559739&quot;:281}\">\u00a0<\/span><\/h3>\n<p><span data-contrast=\"auto\">MOPAR\u00ae \u00e9 a marca de pe\u00e7as de reposi\u00e7\u00e3o genu\u00ednas do Grupo Stellantis, que inclui Fiat, Jeep, Peugeot, Citro\u00ebn e RAM. <\/span><\/p>\n<p><span data-contrast=\"auto\">MOPAR\u00ae as pe\u00e7as e acess\u00f3rios s\u00e3o desenvolvidas pelas mesmas equipes que projetaram seu ve\u00edculo, assegurando que atendam aos rigorosos padr\u00f5es de f\u00e1brica e garantam um desempenho excelente. <\/span><span data-ccp-props=\"{&quot;134233117&quot;:false,&quot;134233118&quot;:false,&quot;335559738&quot;:240,&quot;335559739&quot;:240}\">\u00a0<\/span><\/p>\n<p>&nbsp;<\/p>\n<p><span data-contrast=\"auto\">A Casa da Inje\u00e7\u00e3o oferece total garantia nos produtos comprados em nosso site.<\/span><span data-ccp-props=\"{&quot;134233117&quot;:false,&quot;134233118&quot;:false,&quot;335559738&quot;:240,&quot;335559739&quot;:240}\">\u00a0<\/span><\/p>\n<ol>\n<li data-leveltext=\"%1.\" data-font=\"Arial\" data-listid=\"3\" data-list-defn-props=\"{&quot;335552541&quot;:0,&quot;335559685&quot;:720,&quot;335559991&quot;:360,&quot;469769242&quot;:[65533,0],&quot;469777803&quot;:&quot;left&quot;,&quot;469777804&quot;:&quot;%1.&quot;,&quot;469777815&quot;:&quot;hybridMultilevel&quot;}\" aria-setsize=\"-1\" data-aria-posinset=\"1\" data-aria-level=\"1\"><span data-contrast=\"auto\">Cada item \u00e9 rigorosamente testado antes do envio<\/span><span data-ccp-props=\"{&quot;134233117&quot;:false,&quot;134233118&quot;:false,&quot;335559738&quot;:0,&quot;335559739&quot;:0}\">\u00a0<\/span><\/li>\n<\/ol>\n<ol>\n<li data-leveltext=\"%1.\" data-font=\"Arial\" data-listid=\"3\" data-list-defn-props=\"{&quot;335552541&quot;:0,&quot;335559685&quot;:720,&quot;335559991&quot;:360,&quot;469769242&quot;:[65533,0],&quot;469777803&quot;:&quot;left&quot;,&quot;469777804&quot;:&quot;%1.&quot;,&quot;469777815&quot;:&quot;hybridMultilevel&quot;}\" aria-setsize=\"-1\" data-aria-posinset=\"2\" data-aria-level=\"1\"><span data-contrast=\"auto\">Se os itens estiverem danificados ou parcialmente defeituosos, entre em contato conosco.<\/span><span data-ccp-props=\"{&quot;134233117&quot;:false,&quot;134233118&quot;:false,&quot;335559738&quot;:0,&quot;335559739&quot;:0}\">\u00a0<\/span><\/li>\n<\/ol>\n<p><span data-contrast=\"auto\">Se houver qualquer defeito, n\u00f3s lhe enviaremos uma substitui\u00e7\u00e3o ap\u00f3s receber o pacote ou devolvemos seu dinheiro.<\/span><span data-ccp-props=\"{&quot;134233117&quot;:false,&quot;134233118&quot;:false,&quot;335559738&quot;:240,&quot;335559739&quot;:240}\">\u00a0<\/span><\/p>\n<p><span data-contrast=\"auto\">Leia nossa <\/span><a href=\"https:\/\/www.casadainjecao.com.br\/loja\/politica-de-devolucao\"><span data-contrast=\"none\">pol\u00edtica de devolu\u00e7\u00e3o aqui<\/span><\/a><span data-ccp-props=\"{&quot;134233117&quot;:false,&quot;134233118&quot;:false,&quot;335559738&quot;:240,&quot;335559739&quot;:240}\">\u00a0<\/span><\/p>\n<p><span data-contrast=\"auto\">\u2014\u2014\u2014\u2014\u2014\u2014\u2014\u2014\u2014\u2014\u2014\u2014\u2014\u2014\u2014\u2014\u2014\u2014\u2014\u2013<\/span><span data-ccp-props=\"{&quot;134233117&quot;:false,&quot;134233118&quot;:false,&quot;335559738&quot;:240,&quot;335559739&quot;:240}\">\u00a0<\/span><\/p>\n<p aria-level=\"4\"><span data-contrast=\"none\">Tem alguma d\u00favida<\/span><b><i><span data-contrast=\"none\">?<\/span><\/i><\/b><span data-ccp-props=\"{&quot;134233117&quot;:false,&quot;134233118&quot;:false,&quot;134245418&quot;:true,&quot;134245529&quot;:true,&quot;335559738&quot;:319,&quot;335559739&quot;:319}\">\u00a0<\/span><\/p>\n<p><span data-contrast=\"auto\">Entre em contato que podemos ajudar!<\/span><span data-ccp-props=\"{&quot;134233117&quot;:false,&quot;134233118&quot;:false,&quot;335559738&quot;:240,&quot;335559739&quot;:240}\">\u00a0<\/span><\/p>\n<p><span data-contrast=\"auto\">Confira as informa\u00e7\u00f5es adicionais abaixo:<\/span><span data-ccp-props=\"{&quot;134233117&quot;:false,&quot;134233118&quot;:false,&quot;335551550&quot;:1,&quot;335551620&quot;:1,&quot;335559738&quot;:240,&quot;335559739&quot;:240}\">\u00a0<\/span><\/p>\n<p><span data-contrast=\"auto\">Todos os nossos produtos s\u00e3o novos, semi-novos, originais, paralelos e possuem garantia.<\/span><span data-ccp-props=\"{&quot;134233117&quot;:false,&quot;134233118&quot;:false,&quot;335551550&quot;:1,&quot;335551620&quot;:1,&quot;335559685&quot;:720,&quot;335559738&quot;:0,&quot;335559739&quot;:0}\">\u00a0<\/span><\/p>\n<p><span data-contrast=\"auto\">Todos os produtos anunciados est\u00e3o dispon\u00edveis em estoque e s\u00e3o enviados com extrema rapidez.<\/span><span data-ccp-props=\"{&quot;134233117&quot;:false,&quot;134233118&quot;:false,&quot;335551550&quot;:1,&quot;335551620&quot;:1,&quot;335559685&quot;:720,&quot;335559738&quot;:0,&quot;335559739&quot;:0}\">\u00a0<\/span><\/p>\n<p><span data-contrast=\"auto\">O frete pode ser simulado antes de efetuar a compra, basta clicar em \u201cver custos de envio\u201d.<\/span><span data-ccp-props=\"{&quot;134233117&quot;:false,&quot;134233118&quot;:false,&quot;335551550&quot;:1,&quot;335551620&quot;:1,&quot;335559685&quot;:720,&quot;335559738&quot;:0,&quot;335559739&quot;:0}\">\u00a0<\/span><\/p>\n<p><span data-contrast=\"auto\">Verifique o endere\u00e7o de entrega cadastrado e atualize caso necess\u00e1rio.<\/span><span data-ccp-props=\"{&quot;134233117&quot;:false,&quot;134233118&quot;:false,&quot;335551550&quot;:1,&quot;335551620&quot;:1,&quot;335559685&quot;:720,&quot;335559738&quot;:0,&quot;335559739&quot;:0}\">\u00a0<\/span><\/p>\n<p><span data-contrast=\"auto\">Confirme se a pe\u00e7a \u00e9 correta para o seu modelo de ve\u00edculo.<\/span><span data-ccp-props=\"{&quot;134233117&quot;:false,&quot;134233118&quot;:false,&quot;335551550&quot;:1,&quot;335551620&quot;:1,&quot;335559685&quot;:720,&quot;335559738&quot;:0,&quot;335559739&quot;:0}\">\u00a0<\/span><\/p>\n<p><span data-contrast=\"auto\">Para pe\u00e7as automotivas, recomendamos a instala\u00e7\u00e3o por um profissional especializado.<\/span><span data-ccp-props=\"{&quot;134233117&quot;:false,&quot;134233118&quot;:false,&quot;335551550&quot;:1,&quot;335551620&quot;:1,&quot;335559685&quot;:720,&quot;335559738&quot;:0,&quot;335559739&quot;:0}\">\u00a0<\/span><\/p>\n<p><span data-contrast=\"auto\">Caso possua outras d\u00favidas, entre em contato.<\/span><span data-ccp-props=\"{&quot;134233117&quot;:false,&quot;134233118&quot;:false,&quot;335551550&quot;:1,&quot;335551620&quot;:1,&quot;335559685&quot;:720,&quot;335559738&quot;:0,&quot;335559739&quot;:0}\">\u00a0<\/span><\/p>\n","protected":false},"excerpt":{"rendered":"<h2>Sensor Abs Traseiro Peugeot 308 408 Citroen C4 Lounge &#8211; 4545L0<\/h2>\n","protected":false},"featured_media":38250,"template":"","meta":{"_seopress_robots_primary_cat":"none","_seopress_titles_title":"","_seopress_titles_desc":"","_seopress_robots_index":"","_joinchat":[]},"product_cat":[20,189,190],"product_tag":[1692,1688,1689],"berocket_brand":[383],"_links":{"self":[{"href":"https:\/\/www.casadainjecao.com.br\/loja\/wp-json\/wp\/v2\/product\/38247"}],"collection":[{"href":"https:\/\/www.casadainjecao.com.br\/loja\/wp-json\/wp\/v2\/product"}],"about":[{"href":"https:\/\/www.casadainjecao.com.br\/loja\/wp-json\/wp\/v2\/types\/product"}],"wp:featuredmedia":[{"embeddable":true,"href":"https:\/\/www.casadainjecao.com.br\/loja\/wp-json\/wp\/v2\/media\/38250"}],"wp:attachment":[{"href":"https:\/\/www.casadainjecao.com.br\/loja\/wp-json\/wp\/v2\/media?parent=38247"}],"wp:term":[{"taxonomy":"product_cat","embeddable":true,"href":"https:\/\/www.casadainjecao.com.br\/loja\/wp-json\/wp\/v2\/product_cat?post=38247"},{"taxonomy":"product_tag","embeddable":true,"href":"https:\/\/www.casadainjecao.com.br\/loja\/wp-json\/wp\/v2\/product_tag?post=38247"},{"taxonomy":"berocket_brand","embeddable":true,"href":"https:\/\/www.casadainjecao.com.br\/loja\/wp-json\/wp\/v2\/berocket_brand?post=38247"}],"curies":[{"name":"wp","href":"https:\/\/api.w.org\/{rel}","templated":true}]}}