{"id":38509,"date":"2025-02-07T10:11:01","date_gmt":"2025-02-07T13:11:01","guid":{"rendered":"https:\/\/www.casadainjecao.com.br\/loja\/?post_type=product&#038;p=38509"},"modified":"2025-02-07T10:11:03","modified_gmt":"2025-02-07T13:11:03","slug":"arruela-porca-parafuso-tubo-freio12x1mm-clio-7701050051","status":"publish","type":"product","link":"https:\/\/www.casadainjecao.com.br\/loja\/autopecas\/carroceria\/arruela\/arruela-porca-parafuso-tubo-freio12x1mm-clio-7701050051\/","title":{"rendered":"Arruela Porca Parafuso Tubo Freio12x1mm Clio &#8211; 7701050"},"content":{"rendered":"<h2>Arruela Porca 12x1mm<\/h2>\n<p><strong>Renault<\/strong><\/p>\n<p>Clio II 1.0 8v 16v 1.6 8v 16v 1998 a 2018<\/p>\n<p>M\u00e9gane I 1.6 8v 16v 2.0 8v 1995 a 2016<\/p>\n<p>Zo\u00e9 2001 a 2019<\/p>\n<p>Laguna 2.0 8v 16v 3.0 12v 1993 a 2011<\/p>\n<p>Sandero 1.0 16v 1.6 8v 16v 2002 a 2013<\/p>\n<p>Sandero II 1.0 12v 16v 1.6 8v 16v 2.0 16v 2013 a 2022<\/p>\n<p>Twingo 1.0 8v 16v 1.1 8v 1.2 8v 1993 a 2017<\/p>\n<p>M\u00e9gane II 1.6 16v 2.0 16v 2001 a 2016<\/p>\n<p>Kangoo Express 1.0 8v 16v 1.6 8v 16v 1997 a 2018<\/p>\n<p>Master II 2.5 16v 2.8 8v 1997 a 2018<\/p>\n<p>Master III 2.3 16v 2001 a 2020<\/p>\n<h4><span lang=\"pt-PT\">Condi\u00e7\u00f5es:<\/span><\/h4>\n<p><span lang=\"pt-PT\">Novo Original \/ Marca Renault<\/span><\/p>\n<h4><span lang=\"pt-PT\">Garantia:<\/span><\/h4>\n<p><span lang=\"pt-PT\">3 Meses<\/span><\/p>\n<h3><span lang=\"pt-PT\">ATEN\u00c7\u00c3O: Antes de efetuar a compra verifique o c\u00f3digo da pe\u00e7a que est\u00e1 instalada no seu ve\u00edculo.<\/span><\/h3>\n<p>&nbsp;<\/p>\n<p>A Casa da Inje\u00e7\u00e3o oferece total garantia nos produtos comprados em nosso site.<br \/>\n1. Cada item \u00e9 rigorosamente testado antes do envio<br \/>\n2. Se os itens estiverem danificados ou parcialmente defeituosos, entre em contato conosco.<br \/>\nSe houver qualquer defeito, n\u00f3s lhe enviaremos uma substitui\u00e7\u00e3o ap\u00f3s receber o pacote ou devolvemos seu dinheiro.<br \/>\nLeia nossa pol\u00edtica de devolu\u00e7\u00e3o aqui<br \/>\n\u2014\u2014\u2014\u2014\u2014\u2014\u2014\u2014\u2014\u2014\u2014\u2014\u2014\u2014\u2014\u2014\u2014\u2014\u2014\u2013<br \/>\nTem alguma d\u00favida?<br \/>\nEntre em contato que podemos ajudar!<br \/>\nConfira as informa\u00e7\u00f5es adicionais abaixo:<br \/>\nTodos os nossos produtos s\u00e3o novos, semi-novos, originais, paralelos e possuem garantia.<br \/>\nTodos os produtos anunciados est\u00e3o dispon\u00edveis em estoque e s\u00e3o enviados com extrema rapidez.<br \/>\nO frete pode ser simulado antes de efetuar a compra, basta clicar em \u201cver custos de envio\u201d.<br \/>\nVerifique o endere\u00e7o de entrega cadastrado e atualize caso necess\u00e1rio.<br \/>\nConfirme se a pe\u00e7a \u00e9 correta para o seu modelo de ve\u00edculo.<br \/>\nPara pe\u00e7as automotivas, recomendamos a instala\u00e7\u00e3o por um profissional especializado.<br \/>\nCaso possua outras d\u00favidas, entre em contato.<\/p>\n","protected":false},"excerpt":{"rendered":"<h2>Arruela Porca 12x1mm Renault Clio II &#8211; 7701050051<\/h2>\n","protected":false},"featured_media":38513,"template":"","meta":{"_seopress_robots_primary_cat":"","_seopress_titles_title":"","_seopress_titles_desc":"","_seopress_robots_index":"","_joinchat":[]},"product_cat":[1450,83],"product_tag":[57,81,50,91,53],"berocket_brand":[394],"_links":{"self":[{"href":"https:\/\/www.casadainjecao.com.br\/loja\/wp-json\/wp\/v2\/product\/38509"}],"collection":[{"href":"https:\/\/www.casadainjecao.com.br\/loja\/wp-json\/wp\/v2\/product"}],"about":[{"href":"https:\/\/www.casadainjecao.com.br\/loja\/wp-json\/wp\/v2\/types\/product"}],"wp:featuredmedia":[{"embeddable":true,"href":"https:\/\/www.casadainjecao.com.br\/loja\/wp-json\/wp\/v2\/media\/38513"}],"wp:attachment":[{"href":"https:\/\/www.casadainjecao.com.br\/loja\/wp-json\/wp\/v2\/media?parent=38509"}],"wp:term":[{"taxonomy":"product_cat","embeddable":true,"href":"https:\/\/www.casadainjecao.com.br\/loja\/wp-json\/wp\/v2\/product_cat?post=38509"},{"taxonomy":"product_tag","embeddable":true,"href":"https:\/\/www.casadainjecao.com.br\/loja\/wp-json\/wp\/v2\/product_tag?post=38509"},{"taxonomy":"berocket_brand","embeddable":true,"href":"https:\/\/www.casadainjecao.com.br\/loja\/wp-json\/wp\/v2\/berocket_brand?post=38509"}],"curies":[{"name":"wp","href":"https:\/\/api.w.org\/{rel}","templated":true}]}}