{"id":38597,"date":"2025-02-10T16:22:58","date_gmt":"2025-02-10T19:22:58","guid":{"rendered":"https:\/\/www.casadainjecao.com.br\/loja\/?post_type=product&#038;p=38597"},"modified":"2025-12-17T11:22:10","modified_gmt":"2025-12-17T14:22:10","slug":"tampa-tanque-combustivel-chevrolet-corsa-93233622","status":"publish","type":"product","link":"https:\/\/www.casadainjecao.com.br\/loja\/autopecas\/carroceria\/tampas-de-combustivel\/tampa-tanque-combustivel-chevrolet-corsa-93233622\/","title":{"rendered":"Tampa Tanque Combust\u00edvel Chevrolet Corsa Vectra Omega 93233"},"content":{"rendered":"<h2><span style=\"font-size: large; font-family: 'Proxima Nova', apple-system, Roboto, Arial, sans-serif; color: #000000;\">Tampa Tanque de Combust\u00edvel Sem chave Com Rosca Vedada com Detalhes<\/span><\/h2>\n<h3><span style=\"color: #000000;\"><span style=\"font-family: Proxima Nova, apple-system, Roboto, Arial, sans-serif;\"><span style=\"font-size: large;\">Chevrolet Agile 2009 at\u00e9 2014<br \/>\nChevrolet Astra 1998 at\u00e9 2011<br \/>\nChevrolet Blazer 1995 at\u00e9 2011<br \/>\nChevrolet Celta 2000 at\u00e9 2016<br \/>\nChevrolet Corsa Sedan G2 2003 at\u00e9 2016<br \/>\nChevrolet Corsa C Hacth 2003 at\u00e9 2012<br \/>\nChevrolet Meriva 2002 at\u00e9 2012<br \/>\nChevrolet Montana 2003 at\u00e9 2021<br \/>\nChevrolet Omega A 1992 at\u00e9 1998<br \/>\nChevrolet Omega Australiano 1999 at\u00e9 2012<br \/>\nChevrolet Prisma 2006 at\u00e9 2012<br \/>\nChevrolet Silverado 1997 at\u00e9 2001<br \/>\nChevrolet Vectra B 1997 at\u00e9 2005<br \/>\nChevrolet Vectra C 2005 at\u00e9 2011<br \/>\nChevrolet Vectra Hatch 2007 at\u00e9 2011<br \/>\nChevrolet Zafira 2001 at\u00e9 2012<\/span><\/span><\/span><\/h3>\n<h3><strong><span style=\"color: #000000;\"><span style=\"font-family: Arial, sans-serif;\"><span style=\"font-size: small;\">C\u00f3digo de Refer\u00eancia:<\/span><\/span><\/span><\/strong><\/h3>\n<h3><span style=\"color: #000000;\"><span style=\"font-family: Proxima Nova, apple-system, Roboto, Arial, sans-serif;\"><span style=\"font-size: large;\">93233622, 93.233.622, 93.216.513, 93.251.604<\/span><\/span><\/span><\/h3>\n<h5 class=\"western\"><strong><span style=\"font-family: Arial, sans-serif;\"><span style=\"font-size: small;\">Condi\u00e7\u00f5es:<\/span><\/span><\/strong><\/h5>\n<h5><span style=\"font-family: Arial, sans-serif;\"><span style=\"font-size: small;\">Produto Novo Original \/ Marca <\/span><\/span><span style=\"font-family: Arial, sans-serif;\"><span style=\"font-size: small;\">Chevrolet<\/span><\/span><\/h5>\n<h5 class=\"western\"><strong><span style=\"font-family: Arial, sans-serif;\"><span style=\"font-size: small;\">Garantia:<\/span><\/span><\/strong><\/h5>\n<h5><span style=\"font-family: Arial, sans-serif;\"><span style=\"font-size: small;\">3 Meses<\/span><\/span><\/h5>\n<h5 class=\"western\"><strong><span style=\"font-family: Arial, sans-serif;\"><span style=\"font-size: small;\">ATEN\u00c7\u00c3O: Antes de efetuar a compra verifique o c\u00f3digo da sua pe\u00e7a que est\u00e1 instalada no seu ve\u00edculo.<\/span><\/span><\/strong><\/h5>\n<h5><span style=\"font-family: Arial, sans-serif;\"><span style=\"font-size: small;\">A Casa da Inje\u00e7\u00e3o oferece total garantia nos produtos comprados em nosso site.<\/span><\/span><\/h5>\n<ol>\n<li>\n<h5><span style=\"font-family: Arial, sans-serif;\"><span style=\"font-size: small;\">Cada item \u00e9 rigorosamente testado antes do envio<\/span><\/span><\/h5>\n<\/li>\n<li>\n<h5><span style=\"font-family: Arial, sans-serif;\"><span style=\"font-size: small;\">Se os itens estiverem danificados ou parcialmente defeituosos, entre em contato conosco.<\/span><\/span><\/h5>\n<\/li>\n<li>\n<h5><span style=\"font-family: Arial, sans-serif;\"><span style=\"font-size: small;\">Procure um profissional devidamente licenciado para a instala\u00e7\u00e3o e fa\u00e7a revis\u00f5es periodicamente. A empresa n\u00e3o se responsabiliza por problemas oriundos da m\u00e1 instala\u00e7\u00e3o ou com a falta de cuidados peri\u00f3dicos dos componentes.<\/span><\/span><\/h5>\n<\/li>\n<\/ol>\n<h5><span style=\"font-family: Arial, sans-serif;\"><span style=\"font-size: small;\">Se houver qualquer defeito, n\u00f3s lhe enviaremos uma substitui\u00e7\u00e3o ap\u00f3s receber o pacote ou devolvemos seu dinheiro.<\/span><\/span><\/h5>\n<h5><span style=\"font-family: Arial, sans-serif;\"><span style=\"font-size: small;\">Leia nossa\u00a0<a href=\"https:\/\/www.casadainjecao.com.br\/loja\/politica-de-devolucao\">pol\u00edtica de devolu\u00e7\u00e3o aqui<\/a><\/span><\/span><\/h5>\n<h5>\u2014\u2014\u2014\u2014\u2014\u2014\u2014\u2014\u2014\u2014\u2014\u2014\u2014\u2014\u2014\u2014\u2014\u2014\u2014\u2013<\/h5>\n<h5><strong><span style=\"font-family: Arial, sans-serif;\"><span style=\"font-size: small;\">Tem alguma d\u00favida?<\/span><\/span><\/strong><\/h5>\n<h5><span style=\"font-family: Arial, sans-serif;\"><span style=\"font-size: small;\">Entre em contato que podemos ajudar!<\/span><\/span><\/h5>\n<h5><span style=\"font-family: Arial, sans-serif;\"><span style=\"font-size: small;\">Confira as informa\u00e7\u00f5es adicionais abaixo:<\/span><\/span><\/h5>\n<ul>\n<li>\n<h5><span style=\"font-family: Arial, sans-serif;\"><span style=\"font-size: small;\">Todos os nossos produtos s\u00e3o novos, semi-novos, originais e paralelos possuem garantia.<\/span><\/span><\/h5>\n<\/li>\n<li>\n<h5><span style=\"font-family: Arial, sans-serif;\"><span style=\"font-size: small;\">Todos os produtos anunciados est\u00e3o dispon\u00edveis em estoque e s\u00e3o enviados com extrema rapidez.<\/span><\/span><\/h5>\n<\/li>\n<li>\n<h5><span style=\"font-family: Arial, sans-serif;\"><span style=\"font-size: small;\">O frete pode ser simulado antes de efetuar a compra, basta clicar em \u201cver custos de envio\u201d.<\/span><\/span><\/h5>\n<\/li>\n<li>\n<h5><span style=\"font-family: Arial, sans-serif;\"><span style=\"font-size: small;\">Verifique o endere\u00e7o de entrega cadastrado e atualize caso necess\u00e1rio.<\/span><\/span><\/h5>\n<\/li>\n<li>\n<h5><span style=\"font-family: Arial, sans-serif;\"><span style=\"font-size: small;\">Confirme se a pe\u00e7a \u00e9 correta para o seu modelo de ve\u00edculo.<\/span><\/span><\/h5>\n<\/li>\n<li>\n<h5><span style=\"font-family: Arial, sans-serif;\"><span style=\"font-size: small;\">Para pe\u00e7as automotivas, recomendamos a instala\u00e7\u00e3o por um profissional especializado.<\/span><\/span><\/h5>\n<\/li>\n<li>\n<h5><span style=\"font-family: Arial, sans-serif;\"><span style=\"font-size: small;\">Caso possua outras d\u00favidas, entre em contato.<\/span><\/span><\/h5>\n<\/li>\n<\/ul>\n","protected":false},"excerpt":{"rendered":"<h2>Tampa Tanque Combust\u00edvel Chevrolet Corsa Vectra Omega 93233622<\/h2>\n","protected":false},"featured_media":38599,"template":"","meta":{"_seopress_robots_primary_cat":"none","_seopress_titles_title":"","_seopress_titles_desc":"","_seopress_robots_index":"","_joinchat":[]},"product_cat":[83,98],"product_tag":[116,115,1526,1405,109,1408],"berocket_brand":[381],"_links":{"self":[{"href":"https:\/\/www.casadainjecao.com.br\/loja\/wp-json\/wp\/v2\/product\/38597"}],"collection":[{"href":"https:\/\/www.casadainjecao.com.br\/loja\/wp-json\/wp\/v2\/product"}],"about":[{"href":"https:\/\/www.casadainjecao.com.br\/loja\/wp-json\/wp\/v2\/types\/product"}],"wp:featuredmedia":[{"embeddable":true,"href":"https:\/\/www.casadainjecao.com.br\/loja\/wp-json\/wp\/v2\/media\/38599"}],"wp:attachment":[{"href":"https:\/\/www.casadainjecao.com.br\/loja\/wp-json\/wp\/v2\/media?parent=38597"}],"wp:term":[{"taxonomy":"product_cat","embeddable":true,"href":"https:\/\/www.casadainjecao.com.br\/loja\/wp-json\/wp\/v2\/product_cat?post=38597"},{"taxonomy":"product_tag","embeddable":true,"href":"https:\/\/www.casadainjecao.com.br\/loja\/wp-json\/wp\/v2\/product_tag?post=38597"},{"taxonomy":"berocket_brand","embeddable":true,"href":"https:\/\/www.casadainjecao.com.br\/loja\/wp-json\/wp\/v2\/berocket_brand?post=38597"}],"curies":[{"name":"wp","href":"https:\/\/api.w.org\/{rel}","templated":true}]}}