{"id":39058,"date":"2025-03-06T14:25:07","date_gmt":"2025-03-06T17:25:07","guid":{"rendered":"https:\/\/www.casadainjecao.com.br\/loja\/?post_type=product&#038;p=39058"},"modified":"2025-06-14T13:00:53","modified_gmt":"2025-06-14T16:00:53","slug":"capa-soleira-porta-lateral-esquerda-renault-fluence-7711427159","status":"publish","type":"product","link":"https:\/\/www.casadainjecao.com.br\/loja\/autopecas\/carroceria\/portas\/capa-soleira-porta-lateral-esquerda-renault-fluence-7711427159\/","title":{"rendered":"Capa Soleira Porta Lateral Esquerda Renault Fluence 77114271"},"content":{"rendered":"<h2 class=\"western\"><span style=\"font-family: Arial, sans-serif;\">C<\/span><span style=\"font-family: Arial, sans-serif;\">apa <\/span><span style=\"font-family: Arial, sans-serif;\">S<\/span><span style=\"font-family: Arial, sans-serif;\">oleira <\/span><span style=\"font-family: Arial, sans-serif;\">P<\/span><span style=\"font-family: Arial, sans-serif;\">orta <\/span><span style=\"font-family: Arial, sans-serif;\">L<\/span><span style=\"font-family: Arial, sans-serif;\">ateral <\/span><span style=\"font-family: Arial, sans-serif;\">E<\/span><span style=\"font-family: Arial, sans-serif;\">squerda com Detalhes<\/span><\/h2>\n<p class=\"western\"><span style=\"font-family: Arial, sans-serif;\">Renault Fluence 1.6 16v 2.0 16v 2001 a 2018<\/span><\/p>\n<h4><span style=\"font-family: Arial, sans-serif;\"><span style=\"font-size: small;\">C\u00f3digo de Refer\u00eancia:<\/span><\/span><\/h4>\n<p class=\"western\">7711427159, 7711427162<\/p>\n<h4 class=\"western\"><span style=\"font-family: Arial, sans-serif;\"><span style=\"font-size: small;\">Condi\u00e7\u00f5es:<\/span><\/span><\/h4>\n<p><span style=\"font-family: Arial, sans-serif;\"><span style=\"font-size: small;\">Produto Novo \/ Marca Renault<\/span><\/span><\/p>\n<h4 class=\"western\"><strong><span style=\"font-family: Arial, sans-serif;\"><span style=\"font-size: small;\">Garantia:<\/span><\/span><\/strong><\/h4>\n<p><span style=\"font-family: Arial, sans-serif;\"><span style=\"font-size: small;\">3 Meses<\/span><\/span><\/p>\n<h3><span style=\"font-family: Arial, sans-serif;\"><span style=\"font-size: small;\">ATEN\u00c7\u00c3O: Antes de efetuar a compra verifique o c\u00f3digo da sua pe\u00e7a que est\u00e1 instalada no seu ve\u00edculo.<\/span><\/span><\/h3>\n<p>&nbsp;<\/p>\n<p><span style=\"font-family: Arial, sans-serif;\"><span style=\"font-size: small;\">A Casa da Inje\u00e7\u00e3o oferece total garantia nos produtos comprados em nosso site.<\/span><\/span><\/p>\n<ol>\n<li><span style=\"font-family: Arial, sans-serif;\"><span style=\"font-size: small;\">Cada item \u00e9 rigorosamente testado antes do envio<\/span><\/span><\/li>\n<li><span style=\"font-family: Arial, sans-serif;\"><span style=\"font-size: small;\">Se os itens estiverem danificados ou parcialmente defeituosos, entre em contato conosco.<\/span><\/span><\/li>\n<li><span style=\"font-family: Arial, sans-serif;\"><span style=\"font-size: small;\">Procure um profissional devidamente licenciado para a instala\u00e7\u00e3o e fa\u00e7a revis\u00f5es periodicamente. A empresa n\u00e3o se responsabiliza por problemas oriundos da m\u00e1 instala\u00e7\u00e3o ou com a falta de cuidados peri\u00f3dicos dos componentes.<\/span><\/span><\/li>\n<\/ol>\n<p><span style=\"font-family: Arial, sans-serif;\"><span style=\"font-size: small;\">Se houver qualquer defeito, n\u00f3s lhe enviaremos uma substitui\u00e7\u00e3o ap\u00f3s receber o pacote ou devolvemos seu dinheiro.<\/span><\/span><\/p>\n<p><span style=\"font-family: Arial, sans-serif;\"><span style=\"font-size: small;\">Leia nossa\u00a0<a href=\"https:\/\/www.casadainjecao.com.br\/loja\/politica-de-devolucao\">pol\u00edtica de devolu\u00e7\u00e3o aqui<\/a><\/span><\/span><\/p>\n<p>\u2014\u2014\u2014\u2014\u2014\u2014\u2014\u2014\u2014\u2014\u2014\u2014\u2014\u2014\u2014\u2014\u2014\u2014\u2014\u2013<\/p>\n<p><strong><span style=\"font-family: Arial, sans-serif;\"><span style=\"font-size: small;\">Tem alguma d\u00favida?<\/span><\/span><\/strong><\/p>\n<p><span style=\"font-family: Arial, sans-serif;\"><span style=\"font-size: small;\">Entre em contato que podemos ajudar!<\/span><\/span><\/p>\n<p><span style=\"font-family: Arial, sans-serif;\"><span style=\"font-size: small;\">Confira as informa\u00e7\u00f5es adicionais abaixo:<\/span><\/span><\/p>\n<ul>\n<li><span style=\"font-family: Arial, sans-serif;\"><span style=\"font-size: small;\">Todos os nossos produtos s\u00e3o novos, semi-novos, originais e paralelos possuem garantia.<\/span><\/span><\/li>\n<li><span style=\"font-family: Arial, sans-serif;\"><span style=\"font-size: small;\">Todos os produtos anunciados est\u00e3o dispon\u00edveis em estoque e s\u00e3o enviados com extrema rapidez.<\/span><\/span><\/li>\n<li><span style=\"font-family: Arial, sans-serif;\"><span style=\"font-size: small;\">O frete pode ser simulado antes de efetuar a compra, basta clicar em \u201cver custos de envio\u201d.<\/span><\/span><\/li>\n<li><span style=\"font-family: Arial, sans-serif;\"><span style=\"font-size: small;\">Verifique o endere\u00e7o de entrega cadastrado e atualize caso necess\u00e1rio.<\/span><\/span><\/li>\n<li><span style=\"font-family: Arial, sans-serif;\"><span style=\"font-size: small;\">Confirme se a pe\u00e7a \u00e9 correta para o seu modelo de ve\u00edculo.<\/span><\/span><\/li>\n<li><span style=\"font-family: Arial, sans-serif;\"><span style=\"font-size: small;\">Para pe\u00e7as automotivas, recomendamos a instala\u00e7\u00e3o por um profissional especializado.<\/span><\/span><\/li>\n<li><span style=\"font-family: Arial, sans-serif;\"><span style=\"font-size: small;\">Caso possua outras d\u00favidas, entre em contato.<\/span><\/span><\/li>\n<\/ul>\n","protected":false},"excerpt":{"rendered":"<h2 class=\"western\"><span style=\"font-family: Arial, sans-serif;\">Capa <\/span><span style=\"font-family: Arial, sans-serif;\">S<\/span><span style=\"font-family: Arial, sans-serif;\">oleira <\/span><span style=\"font-family: Arial, sans-serif;\">P<\/span><span style=\"font-family: Arial, sans-serif;\">orta <\/span><span style=\"font-family: Arial, sans-serif;\">L<\/span><span style=\"font-family: Arial, sans-serif;\">ateral <\/span><span style=\"font-family: Arial, sans-serif;\">E<\/span><span style=\"font-family: Arial, sans-serif;\">squerda Renault Fluence 7711427159<\/span><\/h2>\n","protected":false},"featured_media":39065,"template":"","meta":{"_seopress_robots_primary_cat":"none","_seopress_titles_title":"","_seopress_titles_desc":"","_seopress_robots_index":"","_joinchat":[]},"product_cat":[83,97],"product_tag":[139],"berocket_brand":[394],"_links":{"self":[{"href":"https:\/\/www.casadainjecao.com.br\/loja\/wp-json\/wp\/v2\/product\/39058"}],"collection":[{"href":"https:\/\/www.casadainjecao.com.br\/loja\/wp-json\/wp\/v2\/product"}],"about":[{"href":"https:\/\/www.casadainjecao.com.br\/loja\/wp-json\/wp\/v2\/types\/product"}],"wp:featuredmedia":[{"embeddable":true,"href":"https:\/\/www.casadainjecao.com.br\/loja\/wp-json\/wp\/v2\/media\/39065"}],"wp:attachment":[{"href":"https:\/\/www.casadainjecao.com.br\/loja\/wp-json\/wp\/v2\/media?parent=39058"}],"wp:term":[{"taxonomy":"product_cat","embeddable":true,"href":"https:\/\/www.casadainjecao.com.br\/loja\/wp-json\/wp\/v2\/product_cat?post=39058"},{"taxonomy":"product_tag","embeddable":true,"href":"https:\/\/www.casadainjecao.com.br\/loja\/wp-json\/wp\/v2\/product_tag?post=39058"},{"taxonomy":"berocket_brand","embeddable":true,"href":"https:\/\/www.casadainjecao.com.br\/loja\/wp-json\/wp\/v2\/berocket_brand?post=39058"}],"curies":[{"name":"wp","href":"https:\/\/api.w.org\/{rel}","templated":true}]}}

<h2 class="western"><span style="font-family: Arial, sans-serif;">C</span><span style="font-family: Arial, sans-serif;">apa </span><span style="font-family: Arial, sans-serif;">S</span><span style="font-family: Arial, sans-serif;">oleira </span><span style="font-family: Arial, sans-serif;">P</span><span style="font-family: Arial, sans-serif;">orta </span><span style="font-family: Arial, sans-serif;">L</span><span style="font-family: Arial, sans-serif;">ateral </span><span style="font-family: Arial, sans-serif;">E</span><span style="font-family: Arial, sans-serif;">squerda com Detalhes</span></h2>
<p class="western"><span style="font-family: Arial, sans-serif;">Renault Fluence 1.6 16v 2.0 16v 2001 a 2018</span></p>
<h4><span style="font-family: Arial, sans-serif;"><span style="font-size: small;">Código de Referência:</span></span></h4>
<p class="western">7711427159, 7711427162</p>
<h4 class="western"><span style="font-family: Arial, sans-serif;"><span style="font-size: small;">Condições:</span></span></h4>
<p><span style="font-family: Arial, sans-serif;"><span style="font-size: small;">Produto Novo / Marca Renault</span></span></p>
<h4 class="western"><strong><span style="font-family: Arial, sans-serif;"><span style="font-size: small;">Garantia:</span></span></strong></h4>
<p><span style="font-family: Arial, sans-serif;"><span style="font-size: small;">3 Meses</span></span></p>
<h3><span style="font-family: Arial, sans-serif;"><span style="font-size: small;">ATENÇÃO: Antes de efetuar a compra verifique o código da sua peça que está instalada no seu veículo.</span></span></h3>
<p>&nbsp;</p>
<p><span style="font-family: Arial, sans-serif;"><span style="font-size: small;">A Casa da Injeção oferece total garantia nos produtos comprados em nosso site.</span></span></p>
<ol>
<li><span style="font-family: Arial, sans-serif;"><span style="font-size: small;">Cada item é rigorosamente testado antes do envio</span></span></li>
<li><span style="font-family: Arial, sans-serif;"><span style="font-size: small;">Se os itens estiverem danificados ou parcialmente defeituosos, entre em contato conosco.</span></span></li>
<li><span style="font-family: Arial, sans-serif;"><span style="font-size: small;">Procure um profissional devidamente licenciado para a instalação e faça revisões periodicamente. A empresa não se responsabiliza por problemas oriundos da má instalação ou com a falta de cuidados periódicos dos componentes.</span></span></li>
</ol>
<p><span style="font-family: Arial, sans-serif;"><span style="font-size: small;">Se houver qualquer defeito, nós lhe enviaremos uma substituição após receber o pacote ou devolvemos seu dinheiro.</span></span></p>
<p><span style="font-family: Arial, sans-serif;"><span style="font-size: small;">Leia nossa <a href="https://www.casadainjecao.com.br/loja/politica-de-devolucao">política de devolução aqui</a></span></span></p>
<p>———————————————————–</p>
<p><strong><span style="font-family: Arial, sans-serif;"><span style="font-size: small;">Tem alguma dúvida?</span></span></strong></p>
<p><span style="font-family: Arial, sans-serif;"><span style="font-size: small;">Entre em contato que podemos ajudar!</span></span></p>
<p><span style="font-family: Arial, sans-serif;"><span style="font-size: small;">Confira as informações adicionais abaixo:</span></span></p>
<ul>
<li><span style="font-family: Arial, sans-serif;"><span style="font-size: small;">Todos os nossos produtos são novos, semi-novos, originais e paralelos possuem garantia.</span></span></li>
<li><span style="font-family: Arial, sans-serif;"><span style="font-size: small;">Todos os produtos anunciados estão disponíveis em estoque e são enviados com extrema rapidez.</span></span></li>
<li><span style="font-family: Arial, sans-serif;"><span style="font-size: small;">O frete pode ser simulado antes de efetuar a compra, basta clicar em “ver custos de envio”.</span></span></li>
<li><span style="font-family: Arial, sans-serif;"><span style="font-size: small;">Verifique o endereço de entrega cadastrado e atualize caso necessário.</span></span></li>
<li><span style="font-family: Arial, sans-serif;"><span style="font-size: small;">Confirme se a peça é correta para o seu modelo de veículo.</span></span></li>
<li><span style="font-family: Arial, sans-serif;"><span style="font-size: small;">Para peças automotivas, recomendamos a instalação por um profissional especializado.</span></span></li>
<li><span style="font-family: Arial, sans-serif;"><span style="font-size: small;">Caso possua outras dúvidas, entre em contato.</span></span></li>
</ul>
