{"id":39260,"date":"2025-03-18T17:09:59","date_gmt":"2025-03-18T20:09:59","guid":{"rendered":"https:\/\/www.casadainjecao.com.br\/loja\/?post_type=product&#038;p=39260"},"modified":"2026-03-03T13:15:14","modified_gmt":"2026-03-03T16:15:14","slug":"resistencia-ventoinha-radiador-ford-fiesta-ecosport-6s659a819aa-2","status":"publish","type":"product","link":"https:\/\/www.casadainjecao.com.br\/loja\/autopecas\/ar-condicionado\/eletroventilador\/resistencia-ventoinha-radiador-ford-fiesta-ecosport-6s659a819aa-2\/","title":{"rendered":"Resistencia Ventoinha Radiador Ford Fiesta Ecosport 6S659A81"},"content":{"rendered":"<h2>Resist\u00eancia Eletro Ventilador do Radiador Ventoinha Eletro Ventilador<\/h2>\n<p>FORD<\/p>\n<p>FIESTA 1.3 8v &#8211; 2001 2002 2003 2004 2005 2006 2007 2008<\/p>\n<p>FIESTA 1.4 16v 2001 2002 2003 2004 2005 2006 2007 2008<\/p>\n<p>FIESTA 1.6 &#8211; 1999 2000 2001 2002 2003 2004 2005 2006 2007 2008 2009 2010 2011 2012 2013 2014 2015 2016 2017 2018 2019 2020 2021 2022<\/p>\n<p>ECOSPORT &#8211; 2006 2007 2008 2009 2010 2011 2012<\/p>\n<p>ECOSPORT 4WD 2.0 L 16V DOHC L4 &#8211; 2004 2005 2006 2007 2008 2009 2010 2011 2012<\/p>\n<p>ECOSPORT SE 2.0 AT. 2.0 L 16V DOHC L4 &#8211; 2012 2013 2014<\/p>\n<p>ECOSPORT SE DIRECT 1.6 POWERSHIFT 1.6 L 16V DOHC L4 &#8211; 2017<\/p>\n<p>ECOSPORT TITANIUM AT 2.0 L 16V DOHC L4 &#8211; 2012 2013 2014<\/p>\n<p>ECOSPORT TITANIUM PLUS POWERSHIFT 2.0 L 16V DOHC L4 &#8211; 2012 2013 2014 2015<\/p>\n<p>ECOSPORT XL 1.0 L 8V SOHC L4 &#8211; 2003 2004 2005 2006<\/p>\n<p>ECOSPORT XL 1.6 L 8V SOHC L4 &#8211; 2003 2004 2005 2006 2007<\/p>\n<p>ECOSPORT XL 2.0 L 16V DOHC L4 &#8211; 2008 2009 2010 2011 2012<\/p>\n<p>ECOSPORT XL FLEX 1.6 L 8V SOHC L4 &#8211; 2005 2006 2007 2008 2009 2010 2011 2012<\/p>\n<p>ECOSPORT XLS 1.0 L 8V SOHC L4 &#8211; 2003 2004 2005 2006<\/p>\n<p>ECOSPORT XLS 1.6 L 8V SOHC L4 &#8211; 2003 2004 2005 2006 2007 2008 2009 2010 2011 2012<\/p>\n<p>ECOSPORT XLS 2.0 L 16V DOHC L4 &#8211; 2003 2004 2005 2006 2007 2008 2009 2010 2011 2012<\/p>\n<p>ECOSPORT XLS FLEX 1.6 L 8V SOHC L4 &#8211; 2005 2006 2007 2008 2009 2010 2011 2012<\/p>\n<p>ECOSPORT XLT 1.6 L 8V SOHC L4 &#8211; 2003 2004 2005 2006 2007 2008 2009 2010 2011 2012<\/p>\n<p>ECOSPORT XLT 2.0 L 16V DOHC L4 &#8211; 2003 2004 2005 2006 2007 2008 2009 2010 2011 2012<\/p>\n<p>ECOSPORT XLT 4X4 2.0 L 16V DOHC L4 &#8211; 2004 2005 2006 2007 2008<\/p>\n<p>ECOSPORT XLT FLEX 1.6 L 8V SOHC L4 &#8211; 2005 2006 2007 2008 2009 2010 2011 2012<\/p>\n<p>KA 1.6 &#8211; 1999 2000 2001 2002 2003 2004 2005 2006 2007 2008 2009 2010 2011 2012 2013 2014 2015 2016 2017 2018 2019 2020 2021 2022<\/p>\n<h4>C\u00f3digo de Refer\u00eancia:<\/h4>\n<p>6S659A819AA<\/p>\n<h4 class=\"western\">Condi\u00e7\u00f5es:<\/h4>\n<p>Produto Novo\u00a0Importado\u00a0\/\u00a0Marca\u00a0Torken<\/p>\n<h4><strong>Especifica\u00e7\u00f5es:<\/strong><\/h4>\n<p>Resist\u00eancia da ventoinha eletroventilador, 2 pinos terminais<\/p>\n<h4 class=\"western\"><strong>Garantia:<\/strong><\/h4>\n<p>3 Meses<\/p>\n<h3 class=\"western\">ATEN\u00c7\u00c3O: Antes de efetuar a compra verifique o c\u00f3digo da sua pe\u00e7a que est\u00e1 instalada no seu ve\u00edculo<\/h3>\n<h4 class=\"western\"><\/h4>\n<p><span style=\"font-family: Arial, sans-serif;\"><span style=\"font-size: small;\">A Casa da Inje\u00e7\u00e3o oferece total garantia nos produtos comprados em nosso site.<\/span><\/span><\/p>\n<ol>\n<li><span style=\"font-family: Arial, sans-serif;\"><span style=\"font-size: small;\">Cada item \u00e9 rigorosamente testado antes do envio<\/span><\/span><\/li>\n<li><span style=\"font-family: Arial, sans-serif;\"><span style=\"font-size: small;\">Se os itens estiverem danificados ou parcialmente defeituosos, entre em contato conosco.<\/span><\/span><\/li>\n<li><span style=\"font-family: Arial, sans-serif;\"><span style=\"font-size: small;\">Procure um profissional devidamente licenciado para a instala\u00e7\u00e3o e fa\u00e7a revis\u00f5es periodicamente. A empresa n\u00e3o se responsabiliza por problemas oriundos da m\u00e1 instala\u00e7\u00e3o ou com a falta de cuidados peri\u00f3dicos dos componentes.<\/span><\/span><\/li>\n<\/ol>\n<p><span style=\"font-family: Arial, sans-serif;\"><span style=\"font-size: small;\">Se houver qualquer defeito, n\u00f3s lhe enviaremos uma substitui\u00e7\u00e3o ap\u00f3s receber o pacote ou devolvemos seu dinheiro.<\/span><\/span><\/p>\n<p><span style=\"font-family: Arial, sans-serif;\"><span style=\"font-size: small;\">Leia nossa\u00a0<a href=\"https:\/\/www.casadainjecao.com.br\/loja\/politica-de-devolucao\">pol\u00edtica de devolu\u00e7\u00e3o aqui<\/a><\/span><\/span><\/p>\n<p>\u2014\u2014\u2014\u2014\u2014\u2014\u2014\u2014\u2014\u2014\u2014\u2014\u2014\u2014\u2014\u2014\u2014\u2014\u2014\u2013<\/p>\n<p><strong><span style=\"font-family: Arial, sans-serif;\"><span style=\"font-size: small;\">Tem alguma d\u00favida?<\/span><\/span><\/strong><\/p>\n<p><span style=\"font-family: Arial, sans-serif;\"><span style=\"font-size: small;\">Entre em contato que podemos ajudar!<\/span><\/span><\/p>\n<p><span style=\"font-family: Arial, sans-serif;\"><span style=\"font-size: small;\">Confira as informa\u00e7\u00f5es adicionais abaixo:<\/span><\/span><\/p>\n<ul>\n<li><span style=\"font-family: Arial, sans-serif;\"><span style=\"font-size: small;\">Todos os nossos produtos s\u00e3o novos, semi-novos, originais e paralelos possuem garantia.<\/span><\/span><\/li>\n<li><span style=\"font-family: Arial, sans-serif;\"><span style=\"font-size: small;\">Todos os produtos anunciados est\u00e3o dispon\u00edveis em estoque e s\u00e3o enviados com extrema rapidez.<\/span><\/span><\/li>\n<li><span style=\"font-family: Arial, sans-serif;\"><span style=\"font-size: small;\">O frete pode ser simulado antes de efetuar a compra, basta clicar em \u201cver custos de envio\u201d.<\/span><\/span><\/li>\n<li><span style=\"font-family: Arial, sans-serif;\"><span style=\"font-size: small;\">Verifique o endere\u00e7o de entrega cadastrado e atualize caso nece\/.<\/span><\/span><\/li>\n<li><span style=\"font-family: Arial, sans-serif;\"><span style=\"font-size: small;\">Confirme se a pe\u00e7a \u00e9 correta para o seu modelo de ve\u00edculo.<\/span><\/span><\/li>\n<li><span style=\"font-family: Arial, sans-serif;\"><span style=\"font-size: small;\">Para pe\u00e7as automotivas, recomendamos a instala\u00e7\u00e3o por um profissional especializado.<\/span><\/span><\/li>\n<li><span style=\"font-family: Arial, sans-serif;\"><span style=\"font-size: small;\">Caso possua outras d\u00favidas, entre em contato.<\/span><\/span><\/li>\n<\/ul>\n","protected":false},"excerpt":{"rendered":"<h2>Resistencia Ventoinha Radiador Ford Fiesta Ecosport 6S659A819AA<\/h2>\n","protected":false},"featured_media":39254,"template":"","meta":{"_seopress_robots_primary_cat":"none","_seopress_titles_title":"","_seopress_titles_desc":"","_seopress_robots_index":"","_joinchat":[]},"product_cat":[16,71],"product_tag":[274,276,429],"berocket_brand":[384],"_links":{"self":[{"href":"https:\/\/www.casadainjecao.com.br\/loja\/wp-json\/wp\/v2\/product\/39260"}],"collection":[{"href":"https:\/\/www.casadainjecao.com.br\/loja\/wp-json\/wp\/v2\/product"}],"about":[{"href":"https:\/\/www.casadainjecao.com.br\/loja\/wp-json\/wp\/v2\/types\/product"}],"wp:featuredmedia":[{"embeddable":true,"href":"https:\/\/www.casadainjecao.com.br\/loja\/wp-json\/wp\/v2\/media\/39254"}],"wp:attachment":[{"href":"https:\/\/www.casadainjecao.com.br\/loja\/wp-json\/wp\/v2\/media?parent=39260"}],"wp:term":[{"taxonomy":"product_cat","embeddable":true,"href":"https:\/\/www.casadainjecao.com.br\/loja\/wp-json\/wp\/v2\/product_cat?post=39260"},{"taxonomy":"product_tag","embeddable":true,"href":"https:\/\/www.casadainjecao.com.br\/loja\/wp-json\/wp\/v2\/product_tag?post=39260"},{"taxonomy":"berocket_brand","embeddable":true,"href":"https:\/\/www.casadainjecao.com.br\/loja\/wp-json\/wp\/v2\/berocket_brand?post=39260"}],"curies":[{"name":"wp","href":"https:\/\/api.w.org\/{rel}","templated":true}]}}