{"id":394,"date":"2020-07-28T19:48:46","date_gmt":"2020-07-28T22:48:46","guid":{"rendered":"http:\/\/casadainjecao.com.br\/loja\/?post_type=product&#038;p=394"},"modified":"2023-08-29T11:21:15","modified_gmt":"2023-08-29T14:21:15","slug":"modulo-bomba-combustivel-vw-up-new-bettle-tsi-fs-5q0906093a","status":"publish","type":"product","link":"https:\/\/www.casadainjecao.com.br\/loja\/autopecas\/injecao-eletronica\/bomba-de-combustivel\/modulo-bomba-combustivel-vw-up-new-bettle-tsi-fs-5q0906093a\/","title":{"rendered":"M\u00f3dulo Bomba Combust\u00edvel Vw Up New Bettle Tsi Fs &#8211; 5"},"content":{"rendered":"<h1>M\u00f3dulo Bomba Combust\u00edvel Vw Up New Bettle Tsi Fs &#8211; 5q0906093a<\/h1>\n","protected":false},"excerpt":{"rendered":"<h2>M\u00f3dulo Bomba Combust\u00edvel<br \/>\nVw Up New Bettle Tsi Fs<\/h2>\n<h2>Codigo:- 5q0906093a C=33<\/h2>\n","protected":false},"featured_media":1585,"template":"","meta":{"_seopress_robots_primary_cat":"none","_seopress_titles_title":"","_seopress_titles_desc":"","_seopress_robots_index":"","_joinchat":[]},"product_cat":[257,17,21,264,138],"product_tag":[1192,1085],"berocket_brand":[396],"_links":{"self":[{"href":"https:\/\/www.casadainjecao.com.br\/loja\/wp-json\/wp\/v2\/product\/394"}],"collection":[{"href":"https:\/\/www.casadainjecao.com.br\/loja\/wp-json\/wp\/v2\/product"}],"about":[{"href":"https:\/\/www.casadainjecao.com.br\/loja\/wp-json\/wp\/v2\/types\/product"}],"wp:featuredmedia":[{"embeddable":true,"href":"https:\/\/www.casadainjecao.com.br\/loja\/wp-json\/wp\/v2\/media\/1585"}],"wp:attachment":[{"href":"https:\/\/www.casadainjecao.com.br\/loja\/wp-json\/wp\/v2\/media?parent=394"}],"wp:term":[{"taxonomy":"product_cat","embeddable":true,"href":"https:\/\/www.casadainjecao.com.br\/loja\/wp-json\/wp\/v2\/product_cat?post=394"},{"taxonomy":"product_tag","embeddable":true,"href":"https:\/\/www.casadainjecao.com.br\/loja\/wp-json\/wp\/v2\/product_tag?post=394"},{"taxonomy":"berocket_brand","embeddable":true,"href":"https:\/\/www.casadainjecao.com.br\/loja\/wp-json\/wp\/v2\/berocket_brand?post=394"}],"curies":[{"name":"wp","href":"https:\/\/api.w.org\/{rel}","templated":true}]}}