{"id":39601,"date":"2025-04-09T16:51:01","date_gmt":"2025-04-09T19:51:01","guid":{"rendered":"https:\/\/www.casadainjecao.com.br\/loja\/?post_type=product&#038;p=39601"},"modified":"2025-09-22T15:25:20","modified_gmt":"2025-09-22T18:25:20","slug":"tampa-flange-bomba-chevrolet-astra-sedan-f000te13s5","status":"publish","type":"product","link":"https:\/\/www.casadainjecao.com.br\/loja\/autopecas\/motor\/flange\/tampa-flange-bomba-chevrolet-astra-sedan-f000te13s5\/","title":{"rendered":"Tampa Flange Bomba Chevrolet Astra Sedan &#8211; F000TE13S5"},"content":{"rendered":"<h2><span style=\"color: #000000;\"><span style=\"font-family: Proxima Nova, apple-system, Roboto, Arial, sans-serif;\"><span style=\"font-size: x-large;\">Tampa Flange Bomba Combust\u00edvel Bosch Original<\/span><\/span><\/span><\/h2>\n<p><span style=\"color: #000000;\"><span style=\"font-family: Proxima Nova, apple-system, Roboto, Arial, sans-serif;\"><span style=\"font-size: large;\">C<\/span><\/span><\/span><span style=\"color: #000000;\"><span style=\"font-family: Proxima Nova, apple-system, Roboto, Arial, sans-serif;\"><span style=\"font-size: large;\">hevrolet<\/span><\/span><\/span><\/p>\n<p><span style=\"color: #000000;\"><span style=\"font-family: Proxima Nova, apple-system, Roboto, Arial, sans-serif;\"><span style=\"font-size: large;\">Astra 2.0 MPFI Flexpower &#8211; Ano 2004 2005 2006 2007 2008 2009 2010 2011<\/p>\n<p>Astra Hatch 2.0 Confort Flexpower &#8211; Ano 2004 2005 2006 2007 2008 2009<\/span><\/span><\/span><\/p>\n<p><span style=\"color: #000000;\"><span style=\"font-family: Proxima Nova, apple-system, Roboto, Arial, sans-serif;\"><span style=\"font-size: large;\">Astra Hatch 2.0 Flex &#8211; Ano 2009 2010 2011<\/span><\/span><\/span><\/p>\n<p><span style=\"color: #000000;\"><span style=\"font-family: Proxima Nova, apple-system, Roboto, Arial, sans-serif;\"><span style=\"font-size: large;\">Astra Sedan 2.0 Confort Flexpower &#8211; Ano 2004 2005 2006 2007 2008 2009<\/span><\/span><\/span><\/p>\n<p><span style=\"color: #000000;\"><span style=\"font-family: Proxima Nova, apple-system, Roboto, Arial, sans-serif;\"><span style=\"font-size: large;\">Astra Sedan 2.0 Multipower &#8211; Ano 2004 2005 2006<\/p>\n<p>Astra Sedan 2.0 MPFI Flexpower &#8211; Ano 2004 2005 2006 2007 2008 2009<\/p>\n<p>Astra Sedan 2.0 MPFI Multipower &#8211; Ano 2004 2005 2006<\/p>\n<p>Corsa 1.0 VHC Flexpower &#8211; Ano 2005 2006 2007 2008 2009<\/p>\n<p>Corsa 1.4 Econo.Flex &#8211; Ano 2007 2008 2009 2010 2011 2012<\/p>\n<p>Corsa 1.8 MPFI Flexpower \u2013 Ano 2003 2004 2005 2006 2007 2008 2009<\/p>\n<p>Corsa Sedan 1.0 VHC Flexpower &#8211; Ano 2005 2006 2007<\/p>\n<p>Corsa Sedan 1.4 Econo.Flex &#8211; Ano 2007 2008 2009 2010 2011 2012<\/p>\n<p>Corsa Sedan 1.8 MPFI Flexpower &#8211; Ano 2003 2004 2005 2006 2007 2008 2009<\/span><\/span><\/span><\/p>\n<p><span style=\"color: #000000;\"><span style=\"font-family: Proxima Nova, apple-system, Roboto, Arial, sans-serif;\"><span style=\"font-size: large;\">Corsa Hatch 1.0 Joy Flex &#8211; Ano 2005 2006 2007 2008 2009<\/span><\/span><\/span><\/p>\n<p><span style=\"color: #000000;\"><span style=\"font-family: Proxima Nova, apple-system, Roboto, Arial, sans-serif;\"><span style=\"font-size: large;\">Corsa Hatch 1.4 Maxx Flex &#8211; Ano 2005 2006 2007 2008 2009<\/p>\n<p>Corsa Sedan 1.8 Joy Flex &#8211; Ano 2005 2006 2007 2008 2009<\/p>\n<p>Vectra 2.0 Elegance, Expression, Elite Flex &#8211; Ano 2005 2006 2007 2008 2009 2010 2011 2012<\/span><\/span><\/span><\/p>\n<p><span style=\"color: #000000;\"><span style=\"font-family: Proxima Nova, apple-system, Roboto, Arial, sans-serif;\"><span style=\"font-size: large;\">Vectra 2.0 Flexpower &#8211; Ano 2005 2006<\/p>\n<p>Vectra 2.4 16V Flexpower &#8211; Ano 2005 2006<\/p>\n<p>Vectra Hatch 2.0 GT Flex &#8211; Ano 2007 2008 2009 2010 2011 2012<\/p>\n<p>Vectra Hatch 2.0 Flexpower &#8211; Ano 2007 2008 2009<\/p>\n<p>Zafira 2.0 MPFI Flexpower &#8211; Ano 2004 2005 2006 2007 2008 2009 2010 2011 2012<\/span><\/span><\/span><\/p>\n<h4><span style=\"font-family: Arial, sans-serif;\"><span style=\"font-size: medium;\">C\u00f3digo de Refer\u00eancia:<\/span><\/span><\/h4>\n<p><span style=\"color: #000000;\"><span style=\"font-family: Proxima Nova, apple-system, Roboto, Arial, sans-serif;\"><span style=\"font-size: small;\">F000TE13S5, 0580314353, 0580313167, 0580314352, 0580313169, 0580314342, 0580313150, 0580313171, 0580314350, 0580313152, 93310496, 93317235, 94734244, 94736038, 94737014, 94737019, 9473702<\/span><\/span><\/span><span style=\"color: #000000;\"><span style=\"font-family: Proxima Nova, apple-system, Roboto, Arial, sans-serif;\"><span style=\"font-size: small;\">1, <\/span><\/span><\/span><span style=\"color: #000000;\"><span style=\"font-family: Proxima Nova, apple-system, Roboto, Arial, sans-serif;\"><span style=\"font-size: small;\">93317223, 93317612, 94737019, 93317613, 933721<\/span><\/span><\/span><\/p>\n<h4 class=\"western\"><span style=\"color: #1c1d1e;\"><span style=\"font-family: Arial, sans-serif;\"><span style=\"font-size: medium;\">C<\/span><\/span><\/span><span style=\"color: #1c1d1e;\"><span style=\"font-family: Arial, sans-serif;\"><span style=\"font-size: medium;\">ondi\u00e7\u00f5es:<\/span><\/span><\/span><span style=\"color: #000000;\">\u00a0<\/span><\/h4>\n<p><span style=\"color: #1c1d1e;\"><span style=\"font-family: Arial, sans-serif;\"><span style=\"font-size: medium;\">Produto Novo Original \/ Marca Bosch<\/span><\/span><\/span><\/p>\n<p><span style=\"color: #1c1d1e;\"><span style=\"font-family: Arial, sans-serif;\"><span style=\"font-size: medium;\">Garantia:<\/span><\/span><\/span><\/p>\n<p><span style=\"color: #1c1d1e;\"><span style=\"font-family: Arial, sans-serif;\"><span style=\"font-size: medium;\">3 Meses<\/span><\/span><\/span><\/p>\n<h3 class=\"western\"><span style=\"color: #1c1d1e;\"><span style=\"font-family: Arial, sans-serif;\"><span style=\"font-size: medium;\">ATEN\u00c7\u00c3O: Antes de efetuar a compra verifique o c\u00f3digo da sua pe\u00e7a que est\u00e1 instalada no seu ve\u00edculo.<\/span><\/span><\/span><\/h3>\n<p><span style=\"color: #1c1d1e;\">\u00a0<\/span><\/p>\n<p><span style=\"color: #1c1d1e;\"><span style=\"font-family: Arial, sans-serif;\"><span style=\"font-size: medium;\">A Casa da Inje\u00e7\u00e3o oferece total garantia nos produtos comprados em nosso site.<\/span><\/span><\/span><\/p>\n<p><span style=\"color: #1c1d1e;\"><span style=\"font-family: Arial, sans-serif;\"><span style=\"font-size: medium;\">1. Cada item \u00e9 rigorosamente testado antes do envio<\/span><\/span><\/span><\/p>\n<p><span style=\"color: #1c1d1e;\"><span style=\"font-family: Arial, sans-serif;\"><span style=\"font-size: medium;\">2. Se os itens estiverem danificados ou parcialmente defeituosos, entre em contato conosco.<\/span><\/span><\/span><\/p>\n<p><span style=\"color: #1c1d1e;\"><span style=\"font-family: Arial, sans-serif;\"><span style=\"font-size: medium;\">3. Procure um profissional devidamente licenciado para a instala\u00e7\u00e3o e fa\u00e7a revis\u00f5es periodicamente. A empresa n\u00e3o se responsabiliza por problemas oriundos da m\u00e1 instala\u00e7\u00e3o ou com a falta de cuidados peri\u00f3dicos dos componentes.<\/span><\/span><\/span><\/p>\n<p><span style=\"color: #1c1d1e;\"><span style=\"font-family: Arial, sans-serif;\"><span style=\"font-size: medium;\">Se houver qualquer defeito, n\u00f3s lhe enviaremos uma substitui\u00e7\u00e3o ap\u00f3s receber o pacote ou devolvemos seu dinheiro.<\/span><\/span><\/span><\/p>\n<p><span style=\"color: #1c1d1e;\"><span style=\"font-family: Arial, sans-serif;\"><span style=\"font-size: medium;\">Leia nossa\u00a0pol\u00edtica de devolu\u00e7\u00e3o aqui<br \/>\n\u2014\u2014\u2014\u2014\u2014\u2014\u2014\u2014\u2014\u2014\u2014\u2014\u2014\u2014\u2014\u2014\u2014\u2014\u2014\u2013<\/span><\/span><\/span><\/p>\n<p><span style=\"color: #1c1d1e;\"><span style=\"font-family: Arial, sans-serif;\"><span style=\"font-size: medium;\">Tem alguma d\u00favida?<\/span><\/span><\/span><\/p>\n<p><span style=\"color: #1c1d1e;\"><span style=\"font-family: Arial, sans-serif;\"><span style=\"font-size: medium;\">Entre em contato que podemos ajudar!<\/span><\/span><\/span><\/p>\n<p><span style=\"color: #1c1d1e;\"><span style=\"font-family: Arial, sans-serif;\"><span style=\"font-size: medium;\">Confira as informa\u00e7\u00f5es adicionais abaixo:<\/span><\/span><\/span><\/p>\n<p><span style=\"color: #1c1d1e;\">\u2022 <span style=\"font-family: Arial, sans-serif;\"><span style=\"font-size: medium;\">Todos os nossos produtos s\u00e3o novos, semi-novos, originais e paralelos possuem garantia.<\/span><\/span><\/span><\/p>\n<p><span style=\"color: #1c1d1e;\">\u2022 <span style=\"font-family: Arial, sans-serif;\"><span style=\"font-size: medium;\">Todos os produtos anunciados est\u00e3o dispon\u00edveis em estoque e s\u00e3o enviados com extrema rapidez.<\/span><\/span><\/span><\/p>\n<p><span style=\"color: #1c1d1e;\">\u2022 <span style=\"font-family: Arial, sans-serif;\"><span style=\"font-size: medium;\">O frete pode ser simulado antes de efetuar a compra, basta clicar em \u201cver custos de envio\u201d.<\/span><\/span><\/span><\/p>\n<p><span style=\"color: #1c1d1e;\">\u2022 <span style=\"font-family: Arial, sans-serif;\"><span style=\"font-size: medium;\">Verifique o endere\u00e7o de entrega cadastrado e atualize caso necess\u00e1rio.<br \/>\n\u2022 Confirme se a pe\u00e7a \u00e9 correta para o seu modelo de ve\u00edculo.<\/span><\/span><\/span><\/p>\n<p><span style=\"color: #1c1d1e;\">\u2022 <span style=\"font-family: Arial, sans-serif;\"><span style=\"font-size: medium;\">Para pe\u00e7as automotivas, recomendamos a instala\u00e7\u00e3o por um profissional especializado.<\/span><\/span><\/span><\/p>\n<p><span style=\"color: #1c1d1e;\">\u2022 <\/span><span style=\"font-family: Arial, sans-serif;\"><span style=\"font-size: medium;\"><span style=\"color: #1c1d1e;\">Caso possua outras d\u00favidas, entre em contato.<\/span><\/span><\/span><\/p>\n","protected":false},"excerpt":{"rendered":"<h2>\u00a0Tampa Flange Bomba Chevrolet Astra Sedan &#8211; F000TE13S5<\/h2>\n<p>&nbsp;<\/p>\n","protected":false},"featured_media":39605,"template":"","meta":{"_seopress_robots_primary_cat":"none","_seopress_titles_title":"","_seopress_titles_desc":"","_seopress_robots_index":"","_joinchat":[]},"product_cat":[1559,22],"product_tag":[1410,115,117,109],"berocket_brand":[381],"_links":{"self":[{"href":"https:\/\/www.casadainjecao.com.br\/loja\/wp-json\/wp\/v2\/product\/39601"}],"collection":[{"href":"https:\/\/www.casadainjecao.com.br\/loja\/wp-json\/wp\/v2\/product"}],"about":[{"href":"https:\/\/www.casadainjecao.com.br\/loja\/wp-json\/wp\/v2\/types\/product"}],"wp:featuredmedia":[{"embeddable":true,"href":"https:\/\/www.casadainjecao.com.br\/loja\/wp-json\/wp\/v2\/media\/39605"}],"wp:attachment":[{"href":"https:\/\/www.casadainjecao.com.br\/loja\/wp-json\/wp\/v2\/media?parent=39601"}],"wp:term":[{"taxonomy":"product_cat","embeddable":true,"href":"https:\/\/www.casadainjecao.com.br\/loja\/wp-json\/wp\/v2\/product_cat?post=39601"},{"taxonomy":"product_tag","embeddable":true,"href":"https:\/\/www.casadainjecao.com.br\/loja\/wp-json\/wp\/v2\/product_tag?post=39601"},{"taxonomy":"berocket_brand","embeddable":true,"href":"https:\/\/www.casadainjecao.com.br\/loja\/wp-json\/wp\/v2\/berocket_brand?post=39601"}],"curies":[{"name":"wp","href":"https:\/\/api.w.org\/{rel}","templated":true}]}}

<h2><span style="color: #000000;"><span style="font-family: Proxima Nova, apple-system, Roboto, Arial, sans-serif;"><span style="font-size: x-large;">Tampa Flange Bomba Combustível Bosch Original</span></span></span></h2>
<p><span style="color: #000000;"><span style="font-family: Proxima Nova, apple-system, Roboto, Arial, sans-serif;"><span style="font-size: large;">C</span></span></span><span style="color: #000000;"><span style="font-family: Proxima Nova, apple-system, Roboto, Arial, sans-serif;"><span style="font-size: large;">hevrolet</span></span></span></p>
<p><span style="color: #000000;"><span style="font-family: Proxima Nova, apple-system, Roboto, Arial, sans-serif;"><span style="font-size: large;">Astra 2.0 MPFI Flexpower &#8211; Ano 2004 2005 2006 2007 2008 2009 2010 2011</p>
<p>Astra Hatch 2.0 Confort Flexpower &#8211; Ano 2004 2005 2006 2007 2008 2009</span></span></span></p>
<p><span style="color: #000000;"><span style="font-family: Proxima Nova, apple-system, Roboto, Arial, sans-serif;"><span style="font-size: large;">Astra Hatch 2.0 Flex &#8211; Ano 2009 2010 2011</span></span></span></p>
<p><span style="color: #000000;"><span style="font-family: Proxima Nova, apple-system, Roboto, Arial, sans-serif;"><span style="font-size: large;">Astra Sedan 2.0 Confort Flexpower &#8211; Ano 2004 2005 2006 2007 2008 2009</span></span></span></p>
<p><span style="color: #000000;"><span style="font-family: Proxima Nova, apple-system, Roboto, Arial, sans-serif;"><span style="font-size: large;">Astra Sedan 2.0 Multipower &#8211; Ano 2004 2005 2006</p>
<p>Astra Sedan 2.0 MPFI Flexpower &#8211; Ano 2004 2005 2006 2007 2008 2009</p>
<p>Astra Sedan 2.0 MPFI Multipower &#8211; Ano 2004 2005 2006</p>
<p>Corsa 1.0 VHC Flexpower &#8211; Ano 2005 2006 2007 2008 2009</p>
<p>Corsa 1.4 Econo.Flex &#8211; Ano 2007 2008 2009 2010 2011 2012</p>
<p>Corsa 1.8 MPFI Flexpower – Ano 2003 2004 2005 2006 2007 2008 2009</p>
<p>Corsa Sedan 1.0 VHC Flexpower &#8211; Ano 2005 2006 2007</p>
<p>Corsa Sedan 1.4 Econo.Flex &#8211; Ano 2007 2008 2009 2010 2011 2012</p>
<p>Corsa Sedan 1.8 MPFI Flexpower &#8211; Ano 2003 2004 2005 2006 2007 2008 2009</span></span></span></p>
<p><span style="color: #000000;"><span style="font-family: Proxima Nova, apple-system, Roboto, Arial, sans-serif;"><span style="font-size: large;">Corsa Hatch 1.0 Joy Flex &#8211; Ano 2005 2006 2007 2008 2009</span></span></span></p>
<p><span style="color: #000000;"><span style="font-family: Proxima Nova, apple-system, Roboto, Arial, sans-serif;"><span style="font-size: large;">Corsa Hatch 1.4 Maxx Flex &#8211; Ano 2005 2006 2007 2008 2009</p>
<p>Corsa Sedan 1.8 Joy Flex &#8211; Ano 2005 2006 2007 2008 2009</p>
<p>Vectra 2.0 Elegance, Expression, Elite Flex &#8211; Ano 2005 2006 2007 2008 2009 2010 2011 2012</span></span></span></p>
<p><span style="color: #000000;"><span style="font-family: Proxima Nova, apple-system, Roboto, Arial, sans-serif;"><span style="font-size: large;">Vectra 2.0 Flexpower &#8211; Ano 2005 2006</p>
<p>Vectra 2.4 16V Flexpower &#8211; Ano 2005 2006</p>
<p>Vectra Hatch 2.0 GT Flex &#8211; Ano 2007 2008 2009 2010 2011 2012</p>
<p>Vectra Hatch 2.0 Flexpower &#8211; Ano 2007 2008 2009</p>
<p>Zafira 2.0 MPFI Flexpower &#8211; Ano 2004 2005 2006 2007 2008 2009 2010 2011 2012</span></span></span></p>
<h4><span style="font-family: Arial, sans-serif;"><span style="font-size: medium;">Código de Referência:</span></span></h4>
<p><span style="color: #000000;"><span style="font-family: Proxima Nova, apple-system, Roboto, Arial, sans-serif;"><span style="font-size: small;">F000TE13S5, 0580314353, 0580313167, 0580314352, 0580313169, 0580314342, 0580313150, 0580313171, 0580314350, 0580313152, 93310496, 93317235, 94734244, 94736038, 94737014, 94737019, 9473702</span></span></span><span style="color: #000000;"><span style="font-family: Proxima Nova, apple-system, Roboto, Arial, sans-serif;"><span style="font-size: small;">1, </span></span></span><span style="color: #000000;"><span style="font-family: Proxima Nova, apple-system, Roboto, Arial, sans-serif;"><span style="font-size: small;">93317223, 93317612, 94737019, 93317613, 933721</span></span></span></p>
<h4 class="western"><span style="color: #1c1d1e;"><span style="font-family: Arial, sans-serif;"><span style="font-size: medium;">C</span></span></span><span style="color: #1c1d1e;"><span style="font-family: Arial, sans-serif;"><span style="font-size: medium;">ondições:</span></span></span><span style="color: #000000;"> </span></h4>
<p><span style="color: #1c1d1e;"><span style="font-family: Arial, sans-serif;"><span style="font-size: medium;">Produto Novo Original / Marca Bosch</span></span></span></p>
<p><span style="color: #1c1d1e;"><span style="font-family: Arial, sans-serif;"><span style="font-size: medium;">Garantia:</span></span></span></p>
<p><span style="color: #1c1d1e;"><span style="font-family: Arial, sans-serif;"><span style="font-size: medium;">3 Meses</span></span></span></p>
<h3 class="western"><span style="color: #1c1d1e;"><span style="font-family: Arial, sans-serif;"><span style="font-size: medium;">ATENÇÃO: Antes de efetuar a compra verifique o código da sua peça que está instalada no seu veículo.</span></span></span></h3>
<p><span style="color: #1c1d1e;"> </span></p>
<p><span style="color: #1c1d1e;"><span style="font-family: Arial, sans-serif;"><span style="font-size: medium;">A Casa da Injeção oferece total garantia nos produtos comprados em nosso site.</span></span></span></p>
<p><span style="color: #1c1d1e;"><span style="font-family: Arial, sans-serif;"><span style="font-size: medium;">1. Cada item é rigorosamente testado antes do envio</span></span></span></p>
<p><span style="color: #1c1d1e;"><span style="font-family: Arial, sans-serif;"><span style="font-size: medium;">2. Se os itens estiverem danificados ou parcialmente defeituosos, entre em contato conosco.</span></span></span></p>
<p><span style="color: #1c1d1e;"><span style="font-family: Arial, sans-serif;"><span style="font-size: medium;">3. Procure um profissional devidamente licenciado para a instalação e faça revisões periodicamente. A empresa não se responsabiliza por problemas oriundos da má instalação ou com a falta de cuidados periódicos dos componentes.</span></span></span></p>
<p><span style="color: #1c1d1e;"><span style="font-family: Arial, sans-serif;"><span style="font-size: medium;">Se houver qualquer defeito, nós lhe enviaremos uma substituição após receber o pacote ou devolvemos seu dinheiro.</span></span></span></p>
<p><span style="color: #1c1d1e;"><span style="font-family: Arial, sans-serif;"><span style="font-size: medium;">Leia nossa política de devolução aqui<br />
———————————————————–</span></span></span></p>
<p><span style="color: #1c1d1e;"><span style="font-family: Arial, sans-serif;"><span style="font-size: medium;">Tem alguma dúvida?</span></span></span></p>
<p><span style="color: #1c1d1e;"><span style="font-family: Arial, sans-serif;"><span style="font-size: medium;">Entre em contato que podemos ajudar!</span></span></span></p>
<p><span style="color: #1c1d1e;"><span style="font-family: Arial, sans-serif;"><span style="font-size: medium;">Confira as informações adicionais abaixo:</span></span></span></p>
<p><span style="color: #1c1d1e;">• <span style="font-family: Arial, sans-serif;"><span style="font-size: medium;">Todos os nossos produtos são novos, semi-novos, originais e paralelos possuem garantia.</span></span></span></p>
<p><span style="color: #1c1d1e;">• <span style="font-family: Arial, sans-serif;"><span style="font-size: medium;">Todos os produtos anunciados estão disponíveis em estoque e são enviados com extrema rapidez.</span></span></span></p>
<p><span style="color: #1c1d1e;">• <span style="font-family: Arial, sans-serif;"><span style="font-size: medium;">O frete pode ser simulado antes de efetuar a compra, basta clicar em “ver custos de envio”.</span></span></span></p>
<p><span style="color: #1c1d1e;">• <span style="font-family: Arial, sans-serif;"><span style="font-size: medium;">Verifique o endereço de entrega cadastrado e atualize caso necessário.<br />
• Confirme se a peça é correta para o seu modelo de veículo.</span></span></span></p>
<p><span style="color: #1c1d1e;">• <span style="font-family: Arial, sans-serif;"><span style="font-size: medium;">Para peças automotivas, recomendamos a instalação por um profissional especializado.</span></span></span></p>
<p><span style="color: #1c1d1e;">• </span><span style="font-family: Arial, sans-serif;"><span style="font-size: medium;"><span style="color: #1c1d1e;">Caso possua outras dúvidas, entre em contato.</span></span></span></p>
