{"id":41735,"date":"2025-11-05T09:31:47","date_gmt":"2025-11-05T12:31:47","guid":{"rendered":"https:\/\/www.casadainjecao.com.br\/loja\/?post_type=product&#038;p=41735"},"modified":"2026-04-17T17:25:20","modified_gmt":"2026-04-17T20:25:20","slug":"kit-3-bicos-injetores-vw-up-1-0-tsi-3cc-flex-04e906036ar","status":"publish","type":"product","link":"https:\/\/www.casadainjecao.com.br\/loja\/autopecas\/injecao-eletronica\/bico-injetor\/kit-3-bicos-injetores-vw-up-1-0-tsi-3cc-flex-04e906036ar\/","title":{"rendered":"Kit 3 Bicos Injetores Vw Up 1.0 Tsi 3cc Flex &#8211; 04e9060"},"content":{"rendered":"<h2 data-start=\"400\" data-end=\"446\">Kit 3 BICOS INJETORES<\/h2>\n<h3 data-start=\"1323\" data-end=\"1336\"><strong data-start=\"1328\" data-end=\"1336\">AUDI<\/strong><\/h3>\n<h3 data-start=\"1339\" data-end=\"1365\">A1 1.4 16V \u2014 2014 a 2019<\/h3>\n<h3 data-start=\"1368\" data-end=\"1394\">A3 1.4 16V \u2014 2013 a 2019<\/h3>\n<h3 data-start=\"1397\" data-end=\"1423\">Q3 1.4 16V \u2014 2014 a 2019<\/h3>\n<h3 data-start=\"1425\" data-end=\"1444\"><strong data-start=\"1430\" data-end=\"1444\">VOLKSWAGEN<\/strong><\/h3>\n<h3 data-start=\"1447\" data-end=\"1475\">Novo Gol 1.4 \u2014 2014 a 2019<\/h3>\n<h3 data-start=\"1447\" data-end=\"1475\">Jetta Variant 1.4 16V \u2014 2017 a 2019<\/h3>\n<h3 data-start=\"1518\" data-end=\"1548\">Tiguan 1.4 16V \u2014 2017 a 2019<\/h3>\n<h3 data-start=\"1551\" data-end=\"1581\">Virtus 1.0 12V \u2014 2018 a 2019<\/h3>\n<h3 data-start=\"1584\" data-end=\"1616\">Polo 1.0 200 12V \u2014 2018 a 2019<\/h3>\n<h3 data-start=\"1619\" data-end=\"1642\">Up! 1.0 \u2014 2017 a 2019<\/h3>\n<h3 data-start=\"1029\" data-end=\"1126\">C\u00f3digo de Refer\u00eancia:<\/h3>\n<h3 data-start=\"1029\" data-end=\"1126\">04E906036AR \/ 04E906036E \/ 04E906036AM \/ 04E906036AF \/ 04E906036A<\/h3>\n<p data-start=\"929\" data-end=\"959\">Condi\u00e7\u00f5es:<br \/>\nProduto Novo \/ Marca Torken<br \/>\nGarantia:<br \/>\n3 Meses<br \/>\nATEN\u00c7\u00c3O: Antes de efetuar a compra verifique o c\u00f3digo da sua pe\u00e7a que est\u00e1 instalado no seu ve\u00edculo.<\/p>\n<p data-start=\"929\" data-end=\"959\">A Casa da Inje\u00e7\u00e3o SP oferece total garantia nos produtos comprados em nosso site.<br \/>\nCada item \u00e9 rigorosamente inspecionado\u00a0antes do envio<br \/>\nSe os itens estiverem danificados ou parcialmente defeituosos, entre em contato conosco.<br \/>\nProcure um profissional devidamente licenciado para a instala\u00e7\u00e3o e fa\u00e7a revis\u00f5es periodicamente. A empresa n\u00e3o se responsabiliza por problemas oriundos da m\u00e1 instala\u00e7\u00e3o ou com a falta de cuidados peri\u00f3dicos dos componentes.<br \/>\nSe houver qualquer defeito, ficamos a disposi\u00e7\u00e3o para a substitui\u00e7\u00e3o ou devolvemos seu dinheiro.<br \/>\nTem alguma d\u00favida?<br \/>\nEntre em contato que podemos ajudar!<br \/>\nConfira as informa\u00e7\u00f5es adicionais abaixo:<br \/>\nTodos os produtos anunciados est\u00e3o dispon\u00edveis em estoque e s\u00e3o enviados com extrema rapidez .<br \/>\nO frete pode ser simulado antes de efetuar a compra, basta clicar em \u201cver custos de envio\u201d.<br \/>\nVerifique o endere\u00e7o de entrega cadastrado e atualize caso necess\u00e1rio.<br \/>\nConfirme se a pe\u00e7a \u00e9 correta para o seu modelo de ve\u00edculo.<br \/>\nPara pe\u00e7as automotivas, recomendamos a instala\u00e7\u00e3o por um profissional especializado.<\/p>\n","protected":false},"excerpt":{"rendered":"<h2 data-start=\"274\" data-end=\"351\"><strong data-start=\"281\" data-end=\"351\">Bico Injetor 04E906036AF A1 A3 Q3 Jetta Tiguan Virtus Polo VW Audi<\/strong><\/h2>\n<h2><\/h2>\n<h2><\/h2>\n<h2 class=\"ui-pdp-title\"><\/h2>\n","protected":false},"featured_media":41736,"template":"","meta":{"_seopress_robots_primary_cat":"none","_seopress_titles_title":"","_seopress_titles_desc":"","_seopress_robots_index":"","_joinchat":[]},"product_cat":[256,21],"product_tag":[698,75,1085,1354],"berocket_brand":[396],"_links":{"self":[{"href":"https:\/\/www.casadainjecao.com.br\/loja\/wp-json\/wp\/v2\/product\/41735"}],"collection":[{"href":"https:\/\/www.casadainjecao.com.br\/loja\/wp-json\/wp\/v2\/product"}],"about":[{"href":"https:\/\/www.casadainjecao.com.br\/loja\/wp-json\/wp\/v2\/types\/product"}],"wp:featuredmedia":[{"embeddable":true,"href":"https:\/\/www.casadainjecao.com.br\/loja\/wp-json\/wp\/v2\/media\/41736"}],"wp:attachment":[{"href":"https:\/\/www.casadainjecao.com.br\/loja\/wp-json\/wp\/v2\/media?parent=41735"}],"wp:term":[{"taxonomy":"product_cat","embeddable":true,"href":"https:\/\/www.casadainjecao.com.br\/loja\/wp-json\/wp\/v2\/product_cat?post=41735"},{"taxonomy":"product_tag","embeddable":true,"href":"https:\/\/www.casadainjecao.com.br\/loja\/wp-json\/wp\/v2\/product_tag?post=41735"},{"taxonomy":"berocket_brand","embeddable":true,"href":"https:\/\/www.casadainjecao.com.br\/loja\/wp-json\/wp\/v2\/berocket_brand?post=41735"}],"curies":[{"name":"wp","href":"https:\/\/api.w.org\/{rel}","templated":true}]}}