{"id":41827,"date":"2025-11-10T16:07:15","date_gmt":"2025-11-10T19:07:15","guid":{"rendered":"https:\/\/www.casadainjecao.com.br\/loja\/?post_type=product&#038;p=41827"},"modified":"2026-02-04T23:15:29","modified_gmt":"2026-02-05T02:15:29","slug":"rele-pisca-alerta-vw-golf-audi-a3-jetta-191953227a","status":"publish","type":"product","link":"https:\/\/www.casadainjecao.com.br\/loja\/autopecas\/exterior\/lanterna-pisca-traseiro\/rele-pisca-alerta-vw-golf-audi-a3-jetta-191953227a\/","title":{"rendered":"Rele Pisca Alerta Vw Golf Audi A3 Jetta 191953227a"},"content":{"rendered":"<h2>Rele Pisca Alerta Vw Golf Audi A3 Jetta<\/h2>\n<h3>Aplica\u00e7\u00e3o com os modelos:<\/h3>\n<h3><strong data-start=\"43\" data-end=\"74\">Audi (80, 90, 100, 200, A6)<\/strong>, <strong data-start=\"76\" data-end=\"113\">BMW (s\u00e9ries 3 e 5 anos 1982\u20131991)<\/strong>, <strong data-start=\"115\" data-end=\"151\">Porsche (911, Boxster 1997\u20132005)<\/strong>, <strong data-start=\"153\" data-end=\"173\">Saab (900, 9000)<\/strong> e <strong data-start=\"176\" data-end=\"226\">Volkswagen (Cabriolet, Corrado anos 1985\u20131994)<\/strong>.<\/h3>\n<h3>codigo : 191953227a<\/h3>\n<h5>Condi\u00e7\u00f5es:<br \/>\nProduto novo\u00a0 \/ Marca: Wolkswagen, Audi, Hella.<br \/>\nEspecifica\u00e7\u00f5es:<br \/>\n3 TERMINAIS<\/h5>\n<h5>Garantia:<br \/>\n3 Meses<br \/>\nATEN\u00c7\u00c3O: Antes de efetuar a compra verifique o c\u00f3digo da sua pe\u00e7a que est\u00e1 instalado no seu ve\u00edculo.<br \/>\nA Casa da Inje\u00e7\u00e3o SP oferece total garantia nos produtos comprados em nosso site.<br \/>\nCada item \u00e9 rigorosamente inspecionado\u00a0antes do envio<br \/>\nSe os itens estiverem danificados ou parcialmente defeituosos, entre em contato conosco.<br \/>\nProcure um profissional devidamente licenciado para a instala\u00e7\u00e3o e fa\u00e7a revis\u00f5es periodicamente. A empresa n\u00e3o se responsabiliza por problemas oriundos da m\u00e1 instala\u00e7\u00e3o ou com a falta de cuidados peri\u00f3dicos dos componentes.<br \/>\nSe houver qualquer defeito, ficamos a disposi\u00e7\u00e3o para a substitui\u00e7\u00e3o ou devolvemos seu dinheiro.<br \/>\nTem alguma d\u00favida?<br \/>\nEntre em contato que podemos ajudar!<br \/>\nConfira as informa\u00e7\u00f5es adicionais abaixo:<br \/>\nTodos os produtos anunciados est\u00e3o dispon\u00edveis em estoque e s\u00e3o enviados com extrema rapidez .<br \/>\nO frete pode ser simulado antes de efetuar a compra, basta clicar em \u201cver custos de envio\u201d.<br \/>\nVerifique o endere\u00e7o de entrega cadastrado e atualize caso necess\u00e1rio.<br \/>\nConfirme se a pe\u00e7a \u00e9 correta para o seu modelo de ve\u00edculo.<br \/>\nPara pe\u00e7as automotivas, recomendamos a instala\u00e7\u00e3o por um profissional especializado.<br \/>\nCaso possua outras d\u00favidas, entre em contato.<\/h5>\n","protected":false},"excerpt":{"rendered":"<h1>Rele Pisca Alerta Vw Golf Audi A3 Jetta 191953227a<\/h1>\n","protected":false},"featured_media":41838,"template":"","meta":{"_seopress_robots_primary_cat":"none","_seopress_titles_title":"","_seopress_titles_desc":"","_seopress_robots_index":"","_seopress_analysis_target_kw":"","_kad_blocks_custom_css":"","_kad_blocks_head_custom_js":"","_kad_blocks_body_custom_js":"","_kad_blocks_footer_custom_js":"","_kadence_starter_templates_imported_post":false,"_joinchat":[]},"product_brand":[],"product_cat":[1592,153],"product_tag":[77,710,1637,1398],"berocket_brand":[378,379,1873,396],"class_list":{"0":"post-41827","1":"product","2":"type-product","3":"status-publish","4":"has-post-thumbnail","6":"product_cat-lanterna-pisca-traseiro","7":"product_cat-reles","8":"product_tag-audi","9":"product_tag-bmw","10":"product_tag-porsche","11":"product_tag-volkswagem","12":"berocket_brand-audi","13":"berocket_brand-bmw","14":"berocket_brand-porsche","15":"berocket_brand-volkswagen","16":"thunk-woo-product-list","17":"big-store-woo-hover-zoom","18":"open-single-product-tab-horizontal","19":"open-shadow-","20":"open-shadow-hover-","22":"first","23":"outofstock","24":"sale","25":"taxable","26":"shipping-taxable","27":"purchasable","28":"product-type-simple"},"taxonomy_info":{"product_cat":[{"value":1592,"label":"Pisca"},{"value":153,"label":"Reles"}],"product_tag":[{"value":77,"label":"audi"},{"value":710,"label":"BMW"},{"value":1637,"label":"Porsche"},{"value":1398,"label":"Volkswagem"}],"berocket_brand":[{"value":378,"label":"Audi"},{"value":379,"label":"BMW"},{"value":1873,"label":"Porsche"},{"value":396,"label":"Volkswagen"}]},"featured_image_src_large":["https:\/\/www.casadainjecao.com.br\/loja\/wp-content\/uploads\/2025\/11\/191953227a.jpg",500,500,false],"author_info":[],"comment_info":"","_links":{"self":[{"href":"https:\/\/www.casadainjecao.com.br\/loja\/wp-json\/wp\/v2\/product\/41827","targetHints":{"allow":["GET"]}}],"collection":[{"href":"https:\/\/www.casadainjecao.com.br\/loja\/wp-json\/wp\/v2\/product"}],"about":[{"href":"https:\/\/www.casadainjecao.com.br\/loja\/wp-json\/wp\/v2\/types\/product"}],"wp:featuredmedia":[{"embeddable":true,"href":"https:\/\/www.casadainjecao.com.br\/loja\/wp-json\/wp\/v2\/media\/41838"}],"wp:attachment":[{"href":"https:\/\/www.casadainjecao.com.br\/loja\/wp-json\/wp\/v2\/media?parent=41827"}],"wp:term":[{"taxonomy":"product_brand","embeddable":true,"href":"https:\/\/www.casadainjecao.com.br\/loja\/wp-json\/wp\/v2\/product_brand?post=41827"},{"taxonomy":"product_cat","embeddable":true,"href":"https:\/\/www.casadainjecao.com.br\/loja\/wp-json\/wp\/v2\/product_cat?post=41827"},{"taxonomy":"product_tag","embeddable":true,"href":"https:\/\/www.casadainjecao.com.br\/loja\/wp-json\/wp\/v2\/product_tag?post=41827"},{"taxonomy":"berocket_brand","embeddable":true,"href":"https:\/\/www.casadainjecao.com.br\/loja\/wp-json\/wp\/v2\/berocket_brand?post=41827"}],"curies":[{"name":"wp","href":"https:\/\/api.w.org\/{rel}","templated":true}]}}