{"id":42042,"date":"2025-11-12T13:56:41","date_gmt":"2025-11-12T16:56:41","guid":{"rendered":"https:\/\/www.casadainjecao.com.br\/loja\/?post_type=product&#038;p=42042"},"modified":"2025-12-13T21:24:37","modified_gmt":"2025-12-14T00:24:37","slug":"rele-bomba-combustivel-409-audi-vw-1j0906383b","status":"publish","type":"product","link":"https:\/\/www.casadainjecao.com.br\/loja\/autopecas\/eletrica\/bomba-reservatorio-combustivel\/rele-bomba-combustivel-409-audi-vw-1j0906383b\/","title":{"rendered":"Rele Bomba Combust\u00edvel 409 Audi \/ Vw 1j0906383b"},"content":{"rendered":"<h2>Rele Bomba Combust\u00edvel<\/h2>\n<h3>Compatibilidade:<\/h3>\n<p><strong data-start=\"44\" data-end=\"67\">Audi:<\/strong><\/p>\n<p><strong data-start=\"44\" data-end=\"67\"> S3 (2001\u20132004)<\/strong><\/p>\n<p><strong data-start=\"70\" data-end=\"88\">A3 (1999\u20132006)<\/strong><\/p>\n<p><strong data-start=\"107\" data-end=\"121\">Volkswagen:<\/strong><\/p>\n<p><strong data-start=\"124\" data-end=\"144\">Bora (2001\u20132011)<\/strong><\/p>\n<p><strong data-start=\"146\" data-end=\"172\">New Beetle (2000\u20132010)<\/strong><\/p>\n<p><strong data-start=\"174\" data-end=\"204\">Passat\/Variant (2001\u20132002)<\/strong><\/p>\n<h4>\u00a0<strong data-start=\"207\" data-end=\"215\">Golf<\/strong> (todas as vers\u00f5es 1.6, 1.8, 2.0 e 2.8, de <strong data-start=\"258\" data-end=\"273\">1999 a 2008<\/strong>).<\/h4>\n<h4>C\u00f3digo de Refer\u00eancia:<\/h4>\n<h4 class=\"ui-pdp-title\">1j0906383b<\/h4>\n<h5>Condi\u00e7\u00f5es:<br \/>\nProduto\u00a0 SEMI- NOVO \/ Marca VOLKSWAGEN\/AUDI<br \/>\nEspecifica\u00e7\u00f5es:<br \/>\nVoltagem 12 V,40 A, 7 Terminais<br \/>\nGarantia:<br \/>\n3 Meses<br \/>\nATEN\u00c7\u00c3O: Antes de efetuar a compra verifique o c\u00f3digo da sua pe\u00e7a que est\u00e1 instalado no seu ve\u00edculo.<\/h5>\n<h5>A Casa da Inje\u00e7\u00e3o SP oferece total garantia nos produtos comprados em nosso site.<br \/>\nCada item \u00e9 rigorosamente inspecionado\u00a0antes do envio<br \/>\nSe os itens estiverem danificados ou parcialmente defeituosos, entre em contato conosco.<br \/>\nProcure um profissional devidamente licenciado para a instala\u00e7\u00e3o e fa\u00e7a revis\u00f5es periodicamente. A empresa n\u00e3o se responsabiliza por problemas oriundos da m\u00e1 instala\u00e7\u00e3o ou com a falta de cuidados peri\u00f3dicos dos componentes.<br \/>\nSe houver qualquer defeito, ficamos a disposi\u00e7\u00e3o para a substitui\u00e7\u00e3o ou devolvemos seu dinheiro.<br \/>\nTem alguma d\u00favida?<br \/>\nEntre em contato que podemos ajudar!<br \/>\nConfira as informa\u00e7\u00f5es adicionais abaixo:<br \/>\nTodos os produtos anunciados est\u00e3o dispon\u00edveis em estoque e s\u00e3o enviados com extrema rapidez .<br \/>\nO frete pode ser simulado antes de efetuar a compra, basta clicar em \u201cver custos de envio\u201d.<br \/>\nVerifique o endere\u00e7o de entrega cadastrado e atualize caso necess\u00e1rio.<br \/>\nConfirme se a pe\u00e7a \u00e9 correta para o seu modelo de ve\u00edculo.<br \/>\nPara pe\u00e7as automotivas, recomendamos a instala\u00e7\u00e3o por um profissional especializado.<br \/>\nCaso possua outras d\u00favidas, entre em contato.<\/h5>\n","protected":false},"excerpt":{"rendered":"<h1 class=\"ui-pdp-title\">Rele Bomba Combust\u00edvel 409 Audi \/ Vw 1j0906383b<\/h1>\n","protected":false},"featured_media":42045,"template":"","meta":{"_seopress_robots_primary_cat":"none","_seopress_titles_title":"","_seopress_titles_desc":"","_seopress_robots_index":"","_seopress_analysis_target_kw":"","_kad_blocks_custom_css":"","_kad_blocks_head_custom_js":"","_kad_blocks_body_custom_js":"","_kad_blocks_footer_custom_js":"","_kadence_starter_templates_imported_post":false,"_joinchat":[]},"product_brand":[],"product_cat":[1514,17,153],"product_tag":[1468,1958,1474,698,2211,1475],"berocket_brand":[378,396],"class_list":{"0":"post-42042","1":"product","2":"type-product","3":"status-publish","4":"has-post-thumbnail","6":"product_cat-bomba-reservatorio-combustivel","7":"product_cat-eletrica","8":"product_cat-reles","9":"product_tag-audi-a3","10":"product_tag-audi-s3","11":"product_tag-bora","12":"product_tag-golf","13":"product_tag-new-beetle","14":"product_tag-passat","15":"berocket_brand-audi","16":"berocket_brand-volkswagen","17":"thunk-woo-product-list","18":"big-store-woo-hover-zoom","19":"open-single-product-tab-horizontal","20":"open-shadow-","21":"open-shadow-hover-","23":"first","24":"outofstock","25":"sale","26":"taxable","27":"shipping-taxable","28":"purchasable","29":"product-type-simple"},"taxonomy_info":{"product_cat":[{"value":1514,"label":"Bomba Combustibel"},{"value":17,"label":"El\u00e9trica"},{"value":153,"label":"Reles"}],"product_tag":[{"value":1468,"label":"Audi A3"},{"value":1958,"label":"Audi S3"},{"value":1474,"label":"Bora"},{"value":698,"label":"Golf"},{"value":2211,"label":"New Beetle"},{"value":1475,"label":"Passat"}],"berocket_brand":[{"value":378,"label":"Audi"},{"value":396,"label":"Volkswagen"}]},"featured_image_src_large":["https:\/\/www.casadainjecao.com.br\/loja\/wp-content\/uploads\/2025\/11\/1J0906383B-1.jpg",334,500,false],"author_info":[],"comment_info":"","_links":{"self":[{"href":"https:\/\/www.casadainjecao.com.br\/loja\/wp-json\/wp\/v2\/product\/42042","targetHints":{"allow":["GET"]}}],"collection":[{"href":"https:\/\/www.casadainjecao.com.br\/loja\/wp-json\/wp\/v2\/product"}],"about":[{"href":"https:\/\/www.casadainjecao.com.br\/loja\/wp-json\/wp\/v2\/types\/product"}],"wp:featuredmedia":[{"embeddable":true,"href":"https:\/\/www.casadainjecao.com.br\/loja\/wp-json\/wp\/v2\/media\/42045"}],"wp:attachment":[{"href":"https:\/\/www.casadainjecao.com.br\/loja\/wp-json\/wp\/v2\/media?parent=42042"}],"wp:term":[{"taxonomy":"product_brand","embeddable":true,"href":"https:\/\/www.casadainjecao.com.br\/loja\/wp-json\/wp\/v2\/product_brand?post=42042"},{"taxonomy":"product_cat","embeddable":true,"href":"https:\/\/www.casadainjecao.com.br\/loja\/wp-json\/wp\/v2\/product_cat?post=42042"},{"taxonomy":"product_tag","embeddable":true,"href":"https:\/\/www.casadainjecao.com.br\/loja\/wp-json\/wp\/v2\/product_tag?post=42042"},{"taxonomy":"berocket_brand","embeddable":true,"href":"https:\/\/www.casadainjecao.com.br\/loja\/wp-json\/wp\/v2\/berocket_brand?post=42042"}],"curies":[{"name":"wp","href":"https:\/\/api.w.org\/{rel}","templated":true}]}}