{"id":42448,"date":"2025-11-24T09:16:51","date_gmt":"2025-11-24T12:16:51","guid":{"rendered":"https:\/\/www.casadainjecao.com.br\/loja\/?post_type=product&#038;p=42448"},"modified":"2026-02-12T09:19:13","modified_gmt":"2026-02-12T12:19:13","slug":"kit-5-aneis-vedacao-do-radiador-de-oleo-renault-duster-k5-7701044613","status":"publish","type":"product","link":"https:\/\/www.casadainjecao.com.br\/loja\/autopecas\/transmissao\/cambio\/kit-5-aneis-vedacao-do-radiador-de-oleo-renault-duster-k5-7701044613\/","title":{"rendered":"kit 5 Aneis Veda\u00e7ao do Radiador de Oleo Renault Duster &#82"},"content":{"rendered":"<h2>kit 5 Aneis Veda\u00e7ao Cambio Trocador de Calor<\/h2>\n<h3>Renault<\/h3>\n<h3>Clio<\/h3>\n<h3>Duster<\/h3>\n<h3>Megane<\/h3>\n<h3>Laguna<\/h3>\n<h3>Sandero<\/h3>\n<h3>Scenic<\/h3>\n<h3>Captur<\/h3>\n<h3>Codigo:<\/h3>\n<h3>k5-7701044613<\/h3>\n<h4>Condi\u00e7\u00f5es:<\/h4>\n<h4>Produto Novo Original<\/h4>\n<h4>Garantia:3 Meses<\/h4>\n<h4><span style=\"font-size: 13.5pt;\">ATEN\u00c7\u00c3O: Antes de efetuar a compra verifique o c\u00f3digo da sua pe\u00e7a que est\u00e1 instalado no seu ve\u00edculo.<\/span><\/h4>\n<h3>A Casa da Inje\u00e7\u00e3o oferece total garantia nos produtos comprados em nosso site.<\/h3>\n<h3>Cada item \u00e9 rigorosamente testado antes do envio<\/h3>\n<h3>Se os itens estiverem danificados ou parcialmente defeituosos, entre em contato conosco.<\/h3>\n<h3>Procure um profissional devidamente licenciado para a instala\u00e7\u00e3o e fa\u00e7a revis\u00f5es periodicamente. A empresa n\u00e3o se responsabiliza por problemas oriundos da m\u00e1 instala\u00e7\u00e3o ou com a falta de cuidados peri\u00f3dicos dos componentes.<\/h3>\n<h3>Se houver qualquer defeito, n\u00f3s lhe enviaremos uma substitui\u00e7\u00e3o ap\u00f3s receber o pacote ou devolvemos seu dinheiro.<\/h3>\n<h3>Leia nossa\u00a0<a href=\"https:\/\/www.casadainjecao.com.br\/loja\/politica-de-devolucao\"><span style=\"color: blue;\">pol\u00edtica de devolu\u00e7\u00e3o aqui<\/span><\/a><\/h3>\n<h3>\u2014\u2014\u2014\u2014\u2014\u2014\u2014\u2014\u2014\u2014\u2014\u2014\u2014\u2014\u2014\u2014\u2014\u2014\u2014\u2013<\/h3>\n<h3>Tem alguma d\u00favida?<\/h3>\n<h3>Entre em contato que podemos ajudar!<\/h3>\n<h3>Confira as informa\u00e7\u00f5es adicionais abaixo:<\/h3>\n<h3>Todos os nossos produtos s\u00e3o novos, semi-novos, originais e paralelos possuem garantia.<\/h3>\n<h3>Todos os produtos anunciados est\u00e3o dispon\u00edveis em estoque e s\u00e3o enviados com extrema rapidez.<\/h3>\n<h3>O frete pode ser simulado antes de efetuar a compra, basta clicar em \u201cver custos de envio\u201d.<\/h3>\n<h3>Verifique o endere\u00e7o de entrega cadastrado e atualize caso necess\u00e1rio.<\/h3>\n<h3>Confirme se a pe\u00e7a \u00e9 correta para o seu modelo de ve\u00edculo.<\/h3>\n<h3>Para pe\u00e7as automotivas, recomendamos a instala\u00e7\u00e3o por um profissional especializado. Caso possua outras d\u00favidas, entre em contato.<\/h3>\n<h3><\/h3>\n","protected":false},"excerpt":{"rendered":"<h2>kit 5 Aneis Veda\u00e7ao do Radiador de Oleo Renault Duster &#8211; k5-7701044613<\/h2>\n<h2><\/h2>\n","protected":false},"featured_media":42451,"template":"","meta":{"_seopress_robots_primary_cat":"none","_seopress_titles_title":"","_seopress_titles_desc":"","_seopress_robots_index":"","_joinchat":[]},"product_cat":[320,22,228,26,2111],"product_tag":[2112,173,49,1788,66,50,91,51],"berocket_brand":[394],"_links":{"self":[{"href":"https:\/\/www.casadainjecao.com.br\/loja\/wp-json\/wp\/v2\/product\/42448"}],"collection":[{"href":"https:\/\/www.casadainjecao.com.br\/loja\/wp-json\/wp\/v2\/product"}],"about":[{"href":"https:\/\/www.casadainjecao.com.br\/loja\/wp-json\/wp\/v2\/types\/product"}],"wp:featuredmedia":[{"embeddable":true,"href":"https:\/\/www.casadainjecao.com.br\/loja\/wp-json\/wp\/v2\/media\/42451"}],"wp:attachment":[{"href":"https:\/\/www.casadainjecao.com.br\/loja\/wp-json\/wp\/v2\/media?parent=42448"}],"wp:term":[{"taxonomy":"product_cat","embeddable":true,"href":"https:\/\/www.casadainjecao.com.br\/loja\/wp-json\/wp\/v2\/product_cat?post=42448"},{"taxonomy":"product_tag","embeddable":true,"href":"https:\/\/www.casadainjecao.com.br\/loja\/wp-json\/wp\/v2\/product_tag?post=42448"},{"taxonomy":"berocket_brand","embeddable":true,"href":"https:\/\/www.casadainjecao.com.br\/loja\/wp-json\/wp\/v2\/berocket_brand?post=42448"}],"curies":[{"name":"wp","href":"https:\/\/api.w.org\/{rel}","templated":true}]}}