{"id":42541,"date":"2025-11-27T09:04:40","date_gmt":"2025-11-27T12:04:40","guid":{"rendered":"https:\/\/www.casadainjecao.com.br\/loja\/?post_type=product&#038;p=42541"},"modified":"2025-12-17T11:42:17","modified_gmt":"2025-12-17T14:42:17","slug":"bico-injetor-de-combustivel-renault-nissan-d1620ba","status":"publish","type":"product","link":"https:\/\/www.casadainjecao.com.br\/loja\/autopecas\/injecao-eletronica\/bico-injetor-de-combustivel-renault-nissan-d1620ba\/","title":{"rendered":"Bico Injetor de Combust\u00edvel Renault Nissan &#8211; D1620BA"},"content":{"rendered":"<h2>Bico Injetor de Combust\u00edvel (Semi Novo)<\/h2>\n<ul class=\"a-unordered-list a-vertical a-spacing-mini\">\n<li class=\"a-spacing-mini\"><span class=\"a-list-item\"><span dir=\"auto\">[Compatibilidade com Ve\u00edculos]: Compat\u00edvel com Alfa Romeo GTV-6 1981-1986 V6 2.5L, Milano 1987-1989 V6 2.5L, Milano 1987-1989 V6 3.0L; Compat\u00edvel com Datsun 280Z 1975-1978 L6 2.8L, 280ZX 1979-1980 L6 2.8L, 280ZX 1981-1983 L6 2.8L (Injetor Simples, Aspira\u00e7\u00e3o Natural), 810 1977-1981 L6 2.4L, Maxima 1982-1983 L6 2.4L; Compat\u00edvel com Jaguar XJS 1980-1983 V12 5.3L; Compat\u00edvel com Nissan Maxima 1984 L6 2.4L<\/span><\/span><\/li>\n<li class=\"a-spacing-mini\"><span class=\"a-list-item\"><span dir=\"auto\">[N\u00famero de refer\u00eancia]: FJ707, FJ707T, 84213103, 16603N4200, 16603N4201, 16603N4205, 16603N4218, 16603N4220, 16603N4700, 16603N4710, 16603N7600, 16603N7610, 16603N7611, 16603N7613, 16603N7616, 16603N7660, 16603N8800, 16603N8801, 16603N8802, 16603N8804, 16603N8810, 16603N8812, 16603N8860, 16603P8100, 16603P8110, 16603P8111, 16603P8112, 16603P8160, 16603P8200, 16603P8210, 16603P8211, 16603P8212, 16603P8260, 16603V0100, 16603V0101, 16603W5500, 16603W5505, 16603W5510, 16603W5515, 16603W5560, 16603W5565<\/span><\/span><\/li>\n<li class=\"a-spacing-mini\"><span class=\"a-list-item\"><span dir=\"auto\">[Especifica\u00e7\u00f5es]: \u2460 Tipo de combust\u00edvel: Gasolina; \u2461 G\u00eanero do terminal: Macho; \u2462 Quantidade de terminais: 2; \u2463 Tipo de terminal: L\u00e2mina; \u2464 An\u00e9is de veda\u00e7\u00e3o inclu\u00eddos: Sim, pr\u00e9-instalados; \u2465 Design do injetor: Metal e pl\u00e1stico composto<\/span><\/span><\/li>\n<\/ul>\n<h3>\u00a0Codigo:- d1620BA, 158-0099 \/FJ707<\/h3>\n<p>NOS Tomco 72-89 Alfa Fiat Jag Over Nissan Opel<\/p>\n<p>ALFA ROMEO SPIDER 1982-1988<\/p>\n<p>ISUZU IMPULSE 1983-1987<\/p>\n<p>JAGUAR XJS 1980-1983<\/p>\n<p>LAND ROVER RANGE ROVER 1987-1988<\/p>\n<p>NISSAN 200SX 1980-1988<\/p>\n<p>NISSAN 280Z 1975-1978<\/p>\n<p>NISSAN 280ZX 1979-1983<\/p>\n<p>NISSAN 810 1977-1981<\/p>\n<p>NISSAN MAXIMA 1982-1984<\/p>\n<p>NISSAN MULTI 1986-1987<\/p>\n<p>NISSAN STANZA 1984-1987<\/p>\n<p>OPEL 1900 1975<\/p>\n<p>OPEL MANTA 1975<\/p>\n<p>PORSCHE 912 1976<\/p>\n<p>RENAULT FUEGO 1982-1983<\/p>\n<p>RENAULT R17 1976-1979<\/p>\n<p>RENAULT R18 1981<\/p>\n<p>RENAULT R18I 1981-1983<\/p>\n<p>ROVER 3500 1980<\/p>\n<p>Armazenamento<\/p>\n<p>Condi\u00e7\u00f5es:<br \/>\nProduto Semi-Novo\/ Marca Torken<\/p>\n<p>Garantia:<br \/>\n3 Meses<\/p>\n<p>ATEN\u00c7\u00c3O: Antes de efetuar a compra verifique o c\u00f3digo da sua pe\u00e7a que est\u00e1 instalado no seu ve\u00edculo.<br \/>\nA Casa da Inje\u00e7\u00e3o SP oferece total garantia nos produtos comprados em nosso site.<br \/>\nCada item \u00e9 rigorosamente inspecionado \u00a0antes do envio<\/p>\n<p>Procure um profissional devidamente licenciado para a instala\u00e7\u00e3o e fa\u00e7a revis\u00f5es periodicamente.<br \/>\nA empresa n\u00e3o se responsabiliza por problemas oriundos da m\u00e1 instala\u00e7\u00e3o ou com a falta de cuidados<br \/>\nperi\u00f3dicos dos componentes.<\/p>\n<p>Se houver qualquer defeito, ficamos a disposi\u00e7\u00e3o para a substitui\u00e7\u00e3o ou devolvemos seu dinheiro.<br \/>\nTem alguma d\u00favida?<br \/>\nEntre em contato que podemos ajudar!<br \/>\nConfira as informa\u00e7\u00f5es adicionais abaixo:<br \/>\nTodos os produtos anunciados est\u00e3o dispon\u00edveis em estoque e s\u00e3o enviados com extrema rapidez .<br \/>\nO frete pode ser simulado antes de efetuar a compra, basta clicar em \u201cver custos de envio\u201d.<br \/>\nVerifique o endere\u00e7o de entrega cadastrado e atualize caso necess\u00e1rio.<br \/>\nConfirme se a pe\u00e7a \u00e9 correta para o seu modelo de ve\u00edculo.<br \/>\nPara pe\u00e7as automotivas, recomendamos a instala\u00e7\u00e3o por um profissional especializado.<br \/>\nCaso possua outras d\u00favidas, entre em contato.<\/p>\n","protected":false},"excerpt":{"rendered":"<h2>Bico Injetor de Combust\u00edvel Renault Nissan &#8211; D1620BA<\/h2>\n","protected":false},"featured_media":42632,"template":"","meta":{"_seopress_robots_primary_cat":"none","_seopress_titles_title":"","_seopress_titles_desc":"","_seopress_robots_index":"","_joinchat":[]},"product_cat":[21],"product_tag":[2370,2369],"berocket_brand":[389,392,394],"_links":{"self":[{"href":"https:\/\/www.casadainjecao.com.br\/loja\/wp-json\/wp\/v2\/product\/42541"}],"collection":[{"href":"https:\/\/www.casadainjecao.com.br\/loja\/wp-json\/wp\/v2\/product"}],"about":[{"href":"https:\/\/www.casadainjecao.com.br\/loja\/wp-json\/wp\/v2\/types\/product"}],"wp:featuredmedia":[{"embeddable":true,"href":"https:\/\/www.casadainjecao.com.br\/loja\/wp-json\/wp\/v2\/media\/42632"}],"wp:attachment":[{"href":"https:\/\/www.casadainjecao.com.br\/loja\/wp-json\/wp\/v2\/media?parent=42541"}],"wp:term":[{"taxonomy":"product_cat","embeddable":true,"href":"https:\/\/www.casadainjecao.com.br\/loja\/wp-json\/wp\/v2\/product_cat?post=42541"},{"taxonomy":"product_tag","embeddable":true,"href":"https:\/\/www.casadainjecao.com.br\/loja\/wp-json\/wp\/v2\/product_tag?post=42541"},{"taxonomy":"berocket_brand","embeddable":true,"href":"https:\/\/www.casadainjecao.com.br\/loja\/wp-json\/wp\/v2\/berocket_brand?post=42541"}],"curies":[{"name":"wp","href":"https:\/\/api.w.org\/{rel}","templated":true}]}}