{"id":42587,"date":"2025-11-27T13:21:34","date_gmt":"2025-11-27T16:21:34","guid":{"rendered":"https:\/\/www.casadainjecao.com.br\/loja\/?post_type=product&#038;p=42587"},"modified":"2025-11-27T13:44:12","modified_gmt":"2025-11-27T16:44:12","slug":"kit-10-fusiveis-lamina-40-volkswagen-fox-2010-377937131","status":"publish","type":"product","link":"https:\/\/www.casadainjecao.com.br\/loja\/autopecas\/eletrica\/reles\/kit-10-fusiveis-lamina-40-volkswagen-fox-2010-377937131\/","title":{"rendered":"kit 10 Fusiveis Lamina 40 Volkswagen Fox 2010  &#8211; k10-3"},"content":{"rendered":"<h1>kit com 10 Fusiveis Lamina 40<\/h1>\n<h3>Aplica\u00e7\u00e3o aos carros:<\/h3>\n<h3>VOLKSWAGEN<\/h3>\n<h3>POLO de 2003 a 2018<br \/>\nGOL de 1994 a 2023<br \/>\nSAVEIRO de 1994 a 2023<br \/>\nVOYAGE de 2010 a 2023<br \/>\nFOX de 2004 a 2017<br \/>\nGOLF de 2000 a 2022<br \/>\nSPACEFOX de 2001 a 2014<br \/>\nGOLF VARIANT de 2015 a 2017<br \/>\nPARATI de 1996 a 2013<br \/>\nPASSAT VARIANT de 1998 a 2023<br \/>\nPASSAT de 2019 a 2021<\/h3>\n<h3>Codigo de referencia:<\/h3>\n<h3 class=\"ui-pdp-title\">377937131 \/ k10-377937131<\/h3>\n<h3><strong>Condi\u00e7\u00f5es:<\/strong><\/h3>\n<h3><strong>Produto novo\u00a0 \/ Marca<\/strong>VOLKSWAGEN<\/h3>\n<h3>Especifica\u00e7oes: 40A, 2 TERMINAIS<\/h3>\n<h3><strong>Garantia:<\/strong><strong>3 Meses<\/strong><\/h3>\n<h3>ATEN\u00c7\u00c3O: Antes de efetuar a compra verifique o c\u00f3digo da sua pe\u00e7a que est\u00e1 instalado no seu ve\u00edculo.<\/h3>\n<h3>A Casa da Inje\u00e7\u00e3o SP oferece total garantia nos produtos comprados em nosso site.<br \/>\nCada item \u00e9 rigorosamente inspecionado\u00a0antes do envio<br \/>\nSe os itens estiverem danificados ou parcialmente defeituosos, entre em contato conosco.<br \/>\nProcure um profissional devidamente licenciado para a instala\u00e7\u00e3o e fa\u00e7a revis\u00f5es periodicamente. A empresa n\u00e3o se responsabiliza por problemas oriundos da m\u00e1 instala\u00e7\u00e3o ou com a falta de cuidados peri\u00f3dicos dos componentes.<br \/>\nSe houver qualquer defeito, ficamos a disposi\u00e7\u00e3o para a substitui\u00e7\u00e3o ou devolvemos seu dinheiro.<br \/>\nTem alguma d\u00favida?<br \/>\nEntre em contato que podemos ajudar!<br \/>\nConfira as informa\u00e7\u00f5es adicionais abaixo:<br \/>\nTodos os produtos anunciados est\u00e3o dispon\u00edveis em estoque e s\u00e3o enviados com extrema rapidez .<br \/>\nO frete pode ser simulado antes de efetuar a compra, basta clicar em \u201cver custos de envio\u201d.<br \/>\nVerifique o endere\u00e7o de entrega cadastrado e atualize caso necess\u00e1rio.<br \/>\nConfirme se a pe\u00e7a \u00e9 correta para o seu modelo de ve\u00edculo.<br \/>\nPara pe\u00e7as automotivas, recomendamos a instala\u00e7\u00e3o por um profissional especializado.<\/h3>\n<h3>Caso possua outras d\u00favidas, entre em contato.<\/h3>\n","protected":false},"excerpt":{"rendered":"<h1 class=\"ui-pdp-title\">kit 10 Fusiveis Lamina 40 Volkswagen Fox 2010 &#8211; k10-377937131<\/h1>\n","protected":false},"featured_media":42590,"template":"","meta":{"_seopress_robots_primary_cat":"none","_seopress_titles_title":"","_seopress_titles_desc":"","_seopress_robots_index":"","_joinchat":[]},"product_cat":[17,153],"product_tag":[76,59,698,232,1475,75,60,1476,1086],"berocket_brand":[396],"_links":{"self":[{"href":"https:\/\/www.casadainjecao.com.br\/loja\/wp-json\/wp\/v2\/product\/42587"}],"collection":[{"href":"https:\/\/www.casadainjecao.com.br\/loja\/wp-json\/wp\/v2\/product"}],"about":[{"href":"https:\/\/www.casadainjecao.com.br\/loja\/wp-json\/wp\/v2\/types\/product"}],"wp:featuredmedia":[{"embeddable":true,"href":"https:\/\/www.casadainjecao.com.br\/loja\/wp-json\/wp\/v2\/media\/42590"}],"wp:attachment":[{"href":"https:\/\/www.casadainjecao.com.br\/loja\/wp-json\/wp\/v2\/media?parent=42587"}],"wp:term":[{"taxonomy":"product_cat","embeddable":true,"href":"https:\/\/www.casadainjecao.com.br\/loja\/wp-json\/wp\/v2\/product_cat?post=42587"},{"taxonomy":"product_tag","embeddable":true,"href":"https:\/\/www.casadainjecao.com.br\/loja\/wp-json\/wp\/v2\/product_tag?post=42587"},{"taxonomy":"berocket_brand","embeddable":true,"href":"https:\/\/www.casadainjecao.com.br\/loja\/wp-json\/wp\/v2\/berocket_brand?post=42587"}],"curies":[{"name":"wp","href":"https:\/\/api.w.org\/{rel}","templated":true}]}}