{"id":42592,"date":"2025-11-27T14:03:59","date_gmt":"2025-11-27T17:03:59","guid":{"rendered":"https:\/\/www.casadainjecao.com.br\/loja\/?post_type=product&#038;p=42592"},"modified":"2026-03-13T20:38:35","modified_gmt":"2026-03-13T23:38:35","slug":"fusivel-40-amperes-fiat-palio-siena-brava-11055490","status":"publish","type":"product","link":"https:\/\/www.casadainjecao.com.br\/loja\/autopecas\/eletrica\/reles\/fusivel-40-amperes-fiat-palio-siena-brava-11055490\/","title":{"rendered":"Fusivel 40 Amperes Fiat Palio Siena Brava -11055490"},"content":{"rendered":"<h1>Fus\u00edvel 40 Amperes<\/h1>\n<h3>Aplica\u00e7\u00e3o aos carros:<\/h3>\n<h3 data-start=\"148\" data-end=\"168\">ALFA ROMEO 145\/147\/156\/156 SW\/ 164<br \/>\nALFA ROMEO SPIDER<br \/>\nBRAVA<br \/>\nDOBL\u00d2<br \/>\nDOBL\u00d2 FASE 1<br \/>\nDODGE FORZA<br \/>\nDUCATO FASE 1<br \/>\nFIAT 500<br \/>\nGRAND SIENA<br \/>\nIDEAI<br \/>\nIDEA FASE 1<br \/>\nLINEA<br \/>\nMAREA<br \/>\nMAREA WEEKEND<br \/>\nNOVA ALFA ROMEO 147<br \/>\nNOVO FIORINO<br \/>\nNOVO PALIO<br \/>\nNOVO UNO<br \/>\nPALIO<br \/>\nPALIO FASE 1\/2\/3<br \/>\nPALIO WEEKEND<br \/>\nPALIO WEEKEND FASE 1 \/2\/3\/4<br \/>\nPUNTO<br \/>\nPUNTO FASE 1<br \/>\nSIENA<br \/>\nSIENA FASE 1\/2\/3\/4<br \/>\nSTRADA<br \/>\nSTRADA FASE 1\/2\/3\/4<br \/>\nTEMPRA SW<\/h3>\n<h3>CODIGO DE REFERENCIA:<\/h3>\n<h3 class=\"ui-pdp-title\">11055490<\/h3>\n<h3><strong>Condi\u00e7\u00f5es:<\/strong><\/h3>\n<h3><strong>Produto SEMI-NOVO\u00a0 \/ Marca MTA<\/strong><\/h3>\n<h3>Especifica\u00e7oes: 32V,40A, 2 TERMINAIS<\/h3>\n<h3><strong>Garantia:<\/strong><strong>3 Meses<\/strong><\/h3>\n<h3>ATEN\u00c7\u00c3O: Antes de efetuar a compra verifique o c\u00f3digo da sua pe\u00e7a que est\u00e1 instalado no seu ve\u00edculo.<\/h3>\n<h3>A Casa da Inje\u00e7\u00e3o SP oferece total garantia nos produtos comprados em nosso site.<br \/>\nCada item \u00e9 rigorosamente inspecionado\u00a0antes do envio<br \/>\nSe os itens estiverem danificados ou parcialmente defeituosos, entre em contato conosco.<br \/>\nProcure um profissional devidamente licenciado para a instala\u00e7\u00e3o e fa\u00e7a revis\u00f5es periodicamente. A empresa n\u00e3o se responsabiliza por problemas oriundos da m\u00e1 instala\u00e7\u00e3o ou com a falta de cuidados peri\u00f3dicos dos componentes.<br \/>\nSe houver qualquer defeito, ficamos a disposi\u00e7\u00e3o para a substitui\u00e7\u00e3o ou devolvemos seu dinheiro.<br \/>\nTem alguma d\u00favida?<br \/>\nEntre em contato que podemos ajudar!<br \/>\nConfira as informa\u00e7\u00f5es adicionais abaixo:<br \/>\nTodos os produtos anunciados est\u00e3o dispon\u00edveis em estoque e s\u00e3o enviados com extrema rapidez .<br \/>\nO frete pode ser simulado antes de efetuar a compra, basta clicar em \u201cver custos de envio\u201d.<br \/>\nVerifique o endere\u00e7o de entrega cadastrado e atualize caso necess\u00e1rio.<br \/>\nConfirme se a pe\u00e7a \u00e9 correta para o seu modelo de ve\u00edculo.<br \/>\nPara pe\u00e7as automotivas, recomendamos a instala\u00e7\u00e3o por um profissional especializado.<\/h3>\n<h3>Caso possua outras d\u00favidas, entre em contato.<\/h3>\n","protected":false},"excerpt":{"rendered":"<h1 class=\"ui-pdp-title\">Fusivel 40 Amperes Fiat Palio Siena Brava 11055490<\/h1>\n","protected":false},"featured_media":42595,"template":"","meta":{"_seopress_robots_primary_cat":"none","_seopress_titles_title":"","_seopress_titles_desc":"","_seopress_robots_index":"","_joinchat":[]},"product_cat":[17,153],"product_tag":[1915,1470,247,1889,1093,280,1713,709,2101,1100,1469,119,120,121,1521,214],"berocket_brand":[383],"_links":{"self":[{"href":"https:\/\/www.casadainjecao.com.br\/loja\/wp-json\/wp\/v2\/product\/42592"}],"collection":[{"href":"https:\/\/www.casadainjecao.com.br\/loja\/wp-json\/wp\/v2\/product"}],"about":[{"href":"https:\/\/www.casadainjecao.com.br\/loja\/wp-json\/wp\/v2\/types\/product"}],"wp:featuredmedia":[{"embeddable":true,"href":"https:\/\/www.casadainjecao.com.br\/loja\/wp-json\/wp\/v2\/media\/42595"}],"wp:attachment":[{"href":"https:\/\/www.casadainjecao.com.br\/loja\/wp-json\/wp\/v2\/media?parent=42592"}],"wp:term":[{"taxonomy":"product_cat","embeddable":true,"href":"https:\/\/www.casadainjecao.com.br\/loja\/wp-json\/wp\/v2\/product_cat?post=42592"},{"taxonomy":"product_tag","embeddable":true,"href":"https:\/\/www.casadainjecao.com.br\/loja\/wp-json\/wp\/v2\/product_tag?post=42592"},{"taxonomy":"berocket_brand","embeddable":true,"href":"https:\/\/www.casadainjecao.com.br\/loja\/wp-json\/wp\/v2\/berocket_brand?post=42592"}],"curies":[{"name":"wp","href":"https:\/\/api.w.org\/{rel}","templated":true}]}}