{"id":42815,"date":"2025-12-01T16:51:23","date_gmt":"2025-12-01T19:51:23","guid":{"rendered":"https:\/\/www.casadainjecao.com.br\/loja\/?post_type=product&#038;p=42815"},"modified":"2026-04-15T01:17:27","modified_gmt":"2026-04-15T04:17:27","slug":"rele-auxiliar-injecao-eletronica-golf-1995-165906381","status":"publish","type":"product","link":"https:\/\/www.casadainjecao.com.br\/loja\/autopecas\/eletrica\/reles\/rele-auxiliar-injecao-eletronica-golf-1995-165906381\/","title":{"rendered":"Rele Auxiliar Inje\u00e7\u00e3o Eletr\u00f4nica Golf 1995- 165906381"},"content":{"rendered":"<h2>Rele Auxiliar Inje\u00e7\u00e3o Eletr\u00f4nica<\/h2>\n<h2>Compatibilidade:<\/h2>\n<h3 data-start=\"125\" data-end=\"442\"><strong data-start=\"125\" data-end=\"140\">Volkswagen:<\/strong><br data-start=\"140\" data-end=\"143\" \/>Golf GL 1.8 8V (1996\u20131998) \u2013 Mexicano<br data-start=\"182\" data-end=\"185\" \/>Golf GLX 2.0 8V (1995\u20131998) \u2013 Mexicano<br data-start=\"225\" data-end=\"228\" \/>Golf GTI 2.0 8V (1995\u20131998) \u2013 Mexicano<br data-start=\"268\" data-end=\"271\" \/><em data-start=\"273\" data-end=\"327\">N\u00e3o aplic\u00e1vel ao Golf 1.8 Alem\u00e3o (inje\u00e7\u00e3o monoponto)<\/em><br data-start=\"327\" data-end=\"330\" \/>Jetta (1995\u20131998)<br data-start=\"349\" data-end=\"352\" \/>Passat B5 (1998\u20132001)<br data-start=\"375\" data-end=\"378\" \/>Fusca com inje\u00e7\u00e3o mexicana<br data-start=\"406\" data-end=\"409\" \/>Eurovan (1993\u20131997 \/ 1999\u20132003)<\/h3>\n<h3 data-start=\"444\" data-end=\"701\"><strong data-start=\"444\" data-end=\"453\">Audi:<\/strong><br data-start=\"453\" data-end=\"456\" \/>A4 (1999 \u2013 por chassis)<br data-start=\"481\" data-end=\"484\" \/>A4 \/ A4 Quattro (2000\u20132001)<br data-start=\"513\" data-end=\"516\" \/>A4 1.8L L4 (2002 \u2013 por chassis)<br data-start=\"549\" data-end=\"552\" \/>A4 Quattro (1999 \u2013 por chassis)<br data-start=\"585\" data-end=\"588\" \/>A4 Quattro 1.8L L4 (2002 \u2013 por chassis)<br data-start=\"629\" data-end=\"632\" \/>A6 Quattro 4.2 V8 (2000)<br data-start=\"658\" data-end=\"661\" \/>A6 Quattro 4.2 V8 (2001 \u2013 por chassis)<\/h3>\n<h3><span style=\"font-size: 16px;\">CODIGO:<\/span><\/h3>\n<h3>165906381<\/h3>\n<h3>Condi\u00e7\u00f5es:<br \/>\nProduto NOVOcom detalhes \u00a0Marca: ARPE<\/h3>\n<h3>Especifica\u00e7oes: 12 V, 5 Terminais<br \/>\nGarantia:<br \/>\n3 Meses<br \/>\nATEN\u00c7\u00c3O: Antes de efetuar a compra verifique o c\u00f3digo da sua pe\u00e7a que est\u00e1 instalado no seu ve\u00edculo.<\/h3>\n<h3>A Casa da Inje\u00e7\u00e3o oferece total garantia nos produtos comprados em nosso site.<br \/>\nCada item \u00e9 rigorosamente testado antes do envio<br \/>\nSe os itens estiverem danificados ou parcialmente defeituosos, entre em contato conosco.<br \/>\nProcure um profissional devidamente licenciado para a instala\u00e7\u00e3o e fa\u00e7a revis\u00f5es periodicamente. A empresa n\u00e3o se responsabiliza por problemas oriundos da m\u00e1 instala\u00e7\u00e3o ou com a falta de cuidados peri\u00f3dicos dos componentes.<br \/>\nSe houver qualquer defeito, n\u00f3s lhe enviaremos uma substitui\u00e7\u00e3o ap\u00f3s receber o pacote ou devolvemos seu dinheiro.<br \/>\nLeia nossa\u00a0pol\u00edtica de devolu\u00e7\u00e3o aqui<br \/>\nTem alguma d\u00favida?<br \/>\nEntre em contato que podemos ajudar!<br \/>\nConfira as informa\u00e7\u00f5es adicionais abaixo:<br \/>\nTodos os nossos produtos s\u00e3o novos, semi-novos, originais e paralelos possuem garantia.<br \/>\nTodos os produtos anunciados est\u00e3o dispon\u00edveis em estoque e s\u00e3o enviados com extrema rapidez.<br \/>\nO frete pode ser simulado antes de efetuar a compra, basta clicar em \u201cver custos de envio\u201d.<br \/>\nVerifique o endere\u00e7o de entrega cadastrado e atualize caso necess\u00e1rio.<br \/>\nConfirme se a pe\u00e7a \u00e9 correta para o seu modelo de ve\u00edculo.<br \/>\nPara pe\u00e7as automotivas, recomendamos a instala\u00e7\u00e3o por um profissional especializado.<br \/>\nCaso possua outras d\u00favidas, entre em contato.<\/h3>\n","protected":false},"excerpt":{"rendered":"<h2>Rele Auxiliar Inje\u00e7\u00e3o Eletr\u00f4nica Golf 1995- 165906381<\/h2>\n","protected":false},"featured_media":42819,"template":"","meta":{"_seopress_robots_primary_cat":"none","_seopress_titles_title":"","_seopress_titles_desc":"","_seopress_robots_index":"","_joinchat":[]},"product_cat":[153],"product_tag":[1874,1877,1604,698,848,1475],"berocket_brand":[378,396],"_links":{"self":[{"href":"https:\/\/www.casadainjecao.com.br\/loja\/wp-json\/wp\/v2\/product\/42815"}],"collection":[{"href":"https:\/\/www.casadainjecao.com.br\/loja\/wp-json\/wp\/v2\/product"}],"about":[{"href":"https:\/\/www.casadainjecao.com.br\/loja\/wp-json\/wp\/v2\/types\/product"}],"wp:featuredmedia":[{"embeddable":true,"href":"https:\/\/www.casadainjecao.com.br\/loja\/wp-json\/wp\/v2\/media\/42819"}],"wp:attachment":[{"href":"https:\/\/www.casadainjecao.com.br\/loja\/wp-json\/wp\/v2\/media?parent=42815"}],"wp:term":[{"taxonomy":"product_cat","embeddable":true,"href":"https:\/\/www.casadainjecao.com.br\/loja\/wp-json\/wp\/v2\/product_cat?post=42815"},{"taxonomy":"product_tag","embeddable":true,"href":"https:\/\/www.casadainjecao.com.br\/loja\/wp-json\/wp\/v2\/product_tag?post=42815"},{"taxonomy":"berocket_brand","embeddable":true,"href":"https:\/\/www.casadainjecao.com.br\/loja\/wp-json\/wp\/v2\/berocket_brand?post=42815"}],"curies":[{"name":"wp","href":"https:\/\/api.w.org\/{rel}","templated":true}]}}