{"id":43323,"date":"2026-01-07T10:34:33","date_gmt":"2026-01-07T13:34:33","guid":{"rendered":"https:\/\/www.casadainjecao.com.br\/loja\/?post_type=product&#038;p=43323"},"modified":"2026-01-30T18:00:51","modified_gmt":"2026-01-30T21:00:51","slug":"anel-de-vedacao-de-borracha-renault-laguna-7703065275","status":"publish","type":"product","link":"https:\/\/www.casadainjecao.com.br\/loja\/autopecas\/motor\/aneis\/anel-de-vedacao-de-borracha-renault-laguna-7703065275\/","title":{"rendered":"Anel de Veda\u00e7\u00e3o Borracha Renault Laguna &#8211; 7703065275"},"content":{"rendered":"<h2><!--StartFragment --><span class=\"cf0\">Anel de Veda\u00e7\u00e3o da Flauta de Inje\u00e7\u00e3o<\/span><!--EndFragment --><\/h2>\n<h3><!--StartFragment --><\/h3>\n<h3 class=\"pf0\"><span class=\"cf0\">Aplica\u00e7\u00e3o:<\/span><\/h3>\n<h3 class=\"pf0\"><span class=\"cf0\">Renault Laguna 2.0 8V F3R &#8211; 1994 1995 1996 1997 1998 1999 2000<\/span><\/h3>\n<h3 class=\"pf0\"><span class=\"cf0\">Renault <\/span><span class=\"cf0\">Megane<\/span><span class=\"cf0\"> I 2.0 8V F3R &#8211; 1997 1998 1999 2000 2001 2002 2003 2004 2005\u00a0<\/span><\/h3>\n<h3 class=\"pf0\"><span class=\"cf0\">Renault <\/span><span class=\"cf0\">Scenic<\/span><span class=\"cf0\"> 2.0 8V F3R &#8211; 1997 1998 1999 2000 2001 2002 2003 2004 2005 2006 2007 2008 2009 2010<\/span><\/h3>\n<h3>Especifica\u00e7\u00f5es:<br \/>\nDi\u00e2metro interno: 13,5 mm<br \/>\nDi\u00e2metro externo: 25 mm<\/h3>\n<h3>Produto: Novo<\/h3>\n<h3>Marca: Renault<\/h3>\n<h3>C\u00f3digo da pe\u00e7a: 7703065275<\/h3>\n<h3 class=\"pf0\"><span class=\"cf0\">Condi\u00e7\u00e3o do item: Novo<\/span><\/h3>\n<h3 class=\"pf0\"><span class=\"cf0\">Garantia:<\/span><\/h3>\n<h3 class=\"pf0\"><span class=\"cf0\">3 Meses<\/span><\/h3>\n<h3 class=\"pf0\"><span class=\"cf0\">ATEN\u00c7\u00c3O:<\/span><\/h3>\n<h3 class=\"pf0\"><span class=\"cf0\">Verifique sempre a compatibilidade com o c\u00f3digo da pe\u00e7a original do seu ve\u00edculo antes de realizar a compra.<\/span><\/h3>\n<h3><!--EndFragment --><\/h3>\n<p>ATEN\u00c7\u00c3O<\/p>\n<p>Antes de efetuar a compra, verifique o c\u00f3digo da pe\u00e7a instalada em seu ve\u00edculo e confirme se corresponde ao c\u00f3digo informado neste an\u00fancio.<br \/>\nEm caso de d\u00favida, utilize o campo de perguntas.<\/p>\n<p>A Casa da Inje\u00e7\u00e3o oferece total garantia nos produtos comprados em nosso site.<br \/>\nCada item \u00e9 rigorosamente testado antes do envio<br \/>\nSe os itens estiverem danificados ou parcialmente defeituosos, entre em contato conosco.<br \/>\nProcure um profissional devidamente licenciado para a instala\u00e7\u00e3o e fa\u00e7a revis\u00f5es periodicamente. A empresa n\u00e3o se responsabiliza por problemas oriundos da m\u00e1 instala\u00e7\u00e3o ou com a falta de cuidados peri\u00f3dicos dos componentes.<br \/>\nSe houver qualquer defeito, n\u00f3s lhe enviaremos uma substitui\u00e7\u00e3o ap\u00f3s receber o pacote ou devolvemos seu dinheiro.<br \/>\nLeia nossa pol\u00edtica de devolu\u00e7\u00e3o aqui<br \/>\nTem alguma d\u00favida?<br \/>\nEntre em contato que podemos ajudar!<br \/>\nConfira as informa\u00e7\u00f5es adicionais abaixo:<br \/>\nTodos os nossos produtos s\u00e3o novos, semi-novos, originais e paralelos possuem garantia.<br \/>\nTodos os produtos anunciados est\u00e3o dispon\u00edveis em estoque e s\u00e3o enviados com extrema rapidez.<br \/>\nO frete pode ser simulado antes de efetuar a compra, basta clicar em \u201cver custos de envio\u201d.<br \/>\nVerifique o endere\u00e7o de entrega cadastrado e atualize caso necess\u00e1rio.<br \/>\nConfirme se a pe\u00e7a \u00e9 correta para o seu modelo de ve\u00edculo.<br \/>\nPara pe\u00e7as automotivas, recomendamos a instala\u00e7\u00e3o por um profissional especializado.<br \/>\nCaso possua outras d\u00favidas, entre em contato.<\/p>\n","protected":false},"excerpt":{"rendered":"<h2><!--StartFragment --><span class=\"cf0\">Anel de Veda\u00e7\u00e3o Borracha Renault Laguna &#8211; 7703065275<\/span><!--EndFragment --><\/h2>\n","protected":false},"featured_media":43327,"template":"","meta":{"_seopress_robots_primary_cat":"none","_seopress_titles_title":"","_seopress_titles_desc":"","_seopress_robots_index":"","_joinchat":[]},"product_cat":[192,22],"product_tag":[128,50,51],"berocket_brand":[394],"_links":{"self":[{"href":"https:\/\/www.casadainjecao.com.br\/loja\/wp-json\/wp\/v2\/product\/43323"}],"collection":[{"href":"https:\/\/www.casadainjecao.com.br\/loja\/wp-json\/wp\/v2\/product"}],"about":[{"href":"https:\/\/www.casadainjecao.com.br\/loja\/wp-json\/wp\/v2\/types\/product"}],"wp:featuredmedia":[{"embeddable":true,"href":"https:\/\/www.casadainjecao.com.br\/loja\/wp-json\/wp\/v2\/media\/43327"}],"wp:attachment":[{"href":"https:\/\/www.casadainjecao.com.br\/loja\/wp-json\/wp\/v2\/media?parent=43323"}],"wp:term":[{"taxonomy":"product_cat","embeddable":true,"href":"https:\/\/www.casadainjecao.com.br\/loja\/wp-json\/wp\/v2\/product_cat?post=43323"},{"taxonomy":"product_tag","embeddable":true,"href":"https:\/\/www.casadainjecao.com.br\/loja\/wp-json\/wp\/v2\/product_tag?post=43323"},{"taxonomy":"berocket_brand","embeddable":true,"href":"https:\/\/www.casadainjecao.com.br\/loja\/wp-json\/wp\/v2\/berocket_brand?post=43323"}],"curies":[{"name":"wp","href":"https:\/\/api.w.org\/{rel}","templated":true}]}}