{"id":43335,"date":"2026-01-07T14:31:42","date_gmt":"2026-01-07T17:31:42","guid":{"rendered":"https:\/\/www.casadainjecao.com.br\/loja\/?post_type=product&#038;p=43335"},"modified":"2026-01-08T11:47:05","modified_gmt":"2026-01-08T14:47:05","slug":"plug-tampa-traseira-renault-master-242530003r","status":"publish","type":"product","link":"https:\/\/www.casadainjecao.com.br\/loja\/autopecas\/carroceria\/tampa-de-vedacao\/plug-tampa-traseira-renault-master-242530003r\/","title":{"rendered":"Tampa Traseira  Veda\u00e7\u00e3o Renault Master &#8211; 242530003r"},"content":{"rendered":"<h2>Tampa Traseira \/ Plug Veda\u00e7\u00e3o Renault Master<\/h2>\n<p>&nbsp;<\/p>\n<h3>Renault Master 2012 2013 2014 2015 2016 2017 2018 2019 2020 2021 2022 2023 2024<\/h3>\n<h3>C\u00f3digo: 242530003r<\/h3>\n<h3>Condi\u00e7\u00f5es:<br \/>\nProduto Novo Original\u00a0 \/ Marca Renault<\/h3>\n<h3>Garantia:<br \/>\n3 Meses<\/h3>\n<h3>O <strong data-start=\"260\" data-end=\"296\">Plug \/ Tampa Traseira <\/strong>\u00a0\u00e9 uma pe\u00e7a <strong data-start=\"308\" data-end=\"328\">original Renault<\/strong> desenvolvida para garantir<\/h3>\n<h3>acabamento e prote\u00e7\u00e3o em pontos espec\u00edficos da <strong data-start=\"403\" data-end=\"421\">Renault Master<\/strong>. Ele atua como <strong data-start=\"437\" data-end=\"469\">tamp\u00e3o ou plug de fechamento<\/strong>,<\/h3>\n<h3>cobrindo aberturas que n\u00e3o est\u00e3o em uso, evitando entrada de sujeira, poeira e umidade, al\u00e9m de manter a est\u00e9tica do ve\u00edculo.<\/h3>\n<p>&nbsp;<\/p>\n<h3>ATEN\u00c7\u00c3O: Antes de efetuar a compra verifique o c\u00f3digo da sua pe\u00e7a que est\u00e1 instalado no seu ve\u00edculo.<\/h3>\n<p>&nbsp;<\/p>\n<p>A Casa da Inje\u00e7\u00e3o oferece total garantia nos produtos comprados em nosso site.<br \/>\nCada item \u00e9 rigorosamente testado antes do envio<br \/>\nSe os itens estiverem danificados ou parcialmente defeituosos, entre em contato conosco.<br \/>\nProcure um profissional devidamente licenciado para a instala\u00e7\u00e3o e fa\u00e7a revis\u00f5es periodicamente. A empresa n\u00e3o se responsabiliza por problemas oriundos da m\u00e1 instala\u00e7\u00e3o ou com a falta de cuidados peri\u00f3dicos dos componentes.<br \/>\nSe houver qualquer defeito, n\u00f3s lhe enviaremos uma substitui\u00e7\u00e3o ap\u00f3s receber o pacote ou devolvemos seu dinheiro.<br \/>\nLeia nossa pol\u00edtica de devolu\u00e7\u00e3o aqui<br \/>\nTem alguma d\u00favida?<br \/>\nEntre em contato que podemos ajudar!<br \/>\nConfira as informa\u00e7\u00f5es adicionais abaixo:<br \/>\nTodos os nossos produtos s\u00e3o novos, semi-novos, originais e paralelos possuem garantia.<br \/>\nTodos os produtos anunciados est\u00e3o dispon\u00edveis em estoque e s\u00e3o enviados com extrema rapidez.<br \/>\nO frete pode ser simulado antes de efetuar a compra, basta clicar em \u201cver custos de envio\u201d.<br \/>\nVerifique o endere\u00e7o de entrega cadastrado e atualize caso necess\u00e1rio.<br \/>\nConfirme se a pe\u00e7a \u00e9 correta para o seu modelo de ve\u00edculo.<br \/>\nPara pe\u00e7as automotivas, recomendamos a instala\u00e7\u00e3o por um profissional especializado.<br \/>\nCaso possua outras d\u00favidas, entre em contato.<\/p>\n","protected":false},"excerpt":{"rendered":"<h2>Plug Tampa Traseira Renault Master &#8211; 242530003r<\/h2>\n","protected":false},"featured_media":43341,"template":"","meta":{"_seopress_robots_primary_cat":"none","_seopress_titles_title":"","_seopress_titles_desc":"","_seopress_robots_index":"","_joinchat":[]},"product_cat":[83,1729],"product_tag":[412],"berocket_brand":[394],"_links":{"self":[{"href":"https:\/\/www.casadainjecao.com.br\/loja\/wp-json\/wp\/v2\/product\/43335"}],"collection":[{"href":"https:\/\/www.casadainjecao.com.br\/loja\/wp-json\/wp\/v2\/product"}],"about":[{"href":"https:\/\/www.casadainjecao.com.br\/loja\/wp-json\/wp\/v2\/types\/product"}],"wp:featuredmedia":[{"embeddable":true,"href":"https:\/\/www.casadainjecao.com.br\/loja\/wp-json\/wp\/v2\/media\/43341"}],"wp:attachment":[{"href":"https:\/\/www.casadainjecao.com.br\/loja\/wp-json\/wp\/v2\/media?parent=43335"}],"wp:term":[{"taxonomy":"product_cat","embeddable":true,"href":"https:\/\/www.casadainjecao.com.br\/loja\/wp-json\/wp\/v2\/product_cat?post=43335"},{"taxonomy":"product_tag","embeddable":true,"href":"https:\/\/www.casadainjecao.com.br\/loja\/wp-json\/wp\/v2\/product_tag?post=43335"},{"taxonomy":"berocket_brand","embeddable":true,"href":"https:\/\/www.casadainjecao.com.br\/loja\/wp-json\/wp\/v2\/berocket_brand?post=43335"}],"curies":[{"name":"wp","href":"https:\/\/api.w.org\/{rel}","templated":true}]}}