{"id":43345,"date":"2026-01-08T12:43:21","date_gmt":"2026-01-08T15:43:21","guid":{"rendered":"https:\/\/www.casadainjecao.com.br\/loja\/?post_type=product&#038;p=43345"},"modified":"2026-01-08T13:47:29","modified_gmt":"2026-01-08T16:47:29","slug":"presilha-do-forro-portamala-renault-fluence-duster-7703081227","status":"publish","type":"product","link":"https:\/\/www.casadainjecao.com.br\/loja\/autopecas\/carroceria\/presilhas-carroceria\/presilha-do-forro-portamala-renault-fluence-duster-7703081227\/","title":{"rendered":"Presilha Do Forro Portamala Renault Fluence Duster &#8211; 7"},"content":{"rendered":"<h2>Presilha Do Forro Portamala<\/h2>\n<h3>Renault Fluence Duster<\/h3>\n<h3><\/h3>\n<h3 data-start=\"312\" data-end=\"341\"><strong data-start=\"317\" data-end=\"341\">Ve\u00edculos Compat\u00edveis<\/strong><\/h3>\n<ul data-start=\"342\" data-end=\"465\">\n<li data-start=\"342\" data-end=\"383\">\n<h3 data-start=\"344\" data-end=\"383\"><strong data-start=\"344\" data-end=\"363\">Renault Fluence<\/strong> \u2014 <strong data-start=\"366\" data-end=\"381\">2010 2011 2012 2013 2014 2015 2016\u00a0 2017<\/strong><\/h3>\n<\/li>\n<li data-start=\"384\" data-end=\"465\">\n<h3 data-start=\"386\" data-end=\"465\"><strong data-start=\"386\" data-end=\"404\">Renault Duster<\/strong> \u2014 <strong data-start=\"407\" data-end=\"422\">2011 2012 2013 2014 2015 2016 2017 2018 2019\u00a0 2020<\/strong> <em data-start=\"423\" data-end=\"465\">(conforme aplica\u00e7\u00e3o do forro\/acabamento)<\/em><\/h3>\n<\/li>\n<\/ul>\n<h3><\/h3>\n<h3>ESPECIFICA\u00c7\u00d5ES:<br \/>\nA presilhas de Fixa\u00e7\u00e3o tem a fun\u00e7\u00e3o de unir e ajudar de forma mec\u00e2nica dois ou mais objetos,<br \/>\nprendedores utilizados com a finalidade de manter juntas n\u00e3o permanentes,<br \/>\nque podem ser removidas ou desmontadas sem danificar os componentes dos ve\u00edculos.<\/h3>\n<h3>Cor preto<br \/>\nDiametro da cabe\u00e7a 30mm<br \/>\nAltura 16mm<\/h3>\n<h3>Presilha bucha fixadora do forro do porta mala Renault Fluence Duster<br \/>\nPresilha fixadora do para barro Renault Duster<\/h3>\n<h3>Codigo: 7703081227 \/ 7705096036<\/h3>\n<h3>Produto: Novo<\/h3>\n<p>Garantia: 3 meses<\/p>\n<p>ATEN\u00c7\u00c3O<\/p>\n<p>Antes de efetuar a compra, verifique o c\u00f3digo da pe\u00e7a instalada em seu ve\u00edculo e confirme se corresponde ao c\u00f3digo informado neste an\u00fancio.<br \/>\nEm caso de d\u00favida, utilize o campo de perguntas.<\/p>\n<p>A Casa da Inje\u00e7\u00e3o oferece total garantia nos produtos comprados em nosso site.<br \/>\nCada item \u00e9 rigorosamente testado antes do envio<br \/>\nSe os itens estiverem danificados ou parcialmente defeituosos, entre em contato conosco.<br \/>\nProcure um profissional devidamente licenciado para a instala\u00e7\u00e3o e fa\u00e7a revis\u00f5es periodicamente. A empresa n\u00e3o se responsabiliza por problemas oriundos da m\u00e1 instala\u00e7\u00e3o ou com a falta de cuidados peri\u00f3dicos dos componentes.<br \/>\nSe houver qualquer defeito, n\u00f3s lhe enviaremos uma substitui\u00e7\u00e3o ap\u00f3s receber o pacote ou devolvemos seu dinheiro.<br \/>\nLeia nossa pol\u00edtica de devolu\u00e7\u00e3o aqui<br \/>\nTem alguma d\u00favida?<br \/>\nEntre em contato que podemos ajudar!<br \/>\nConfira as informa\u00e7\u00f5es adicionais abaixo:<br \/>\nTodos os nossos produtos s\u00e3o novos, semi-novos, originais e paralelos possuem garantia.<br \/>\nTodos os produtos anunciados est\u00e3o dispon\u00edveis em estoque e s\u00e3o enviados com extrema rapidez.<br \/>\nO frete pode ser simulado antes de efetuar a compra, basta clicar em \u201cver custos de envio\u201d.<br \/>\nVerifique o endere\u00e7o de entrega cadastrado e atualize caso necess\u00e1rio.<br \/>\nConfirme se a pe\u00e7a \u00e9 correta para o seu modelo de ve\u00edculo.<br \/>\nPara pe\u00e7as automotivas, recomendamos a instala\u00e7\u00e3o por um profissional especializado.<br \/>\nCaso possua outras d\u00favidas, entre em contato.<\/p>\n","protected":false},"excerpt":{"rendered":"<h2>Presilha Do Forro Portamala Renault Fluence Duster<\/h2>\n","protected":false},"featured_media":43348,"template":"","meta":{"_seopress_robots_primary_cat":"none","_seopress_titles_title":"","_seopress_titles_desc":"","_seopress_robots_index":"","_joinchat":[]},"product_cat":[83,1214],"product_tag":[1186,408],"berocket_brand":[394],"_links":{"self":[{"href":"https:\/\/www.casadainjecao.com.br\/loja\/wp-json\/wp\/v2\/product\/43345"}],"collection":[{"href":"https:\/\/www.casadainjecao.com.br\/loja\/wp-json\/wp\/v2\/product"}],"about":[{"href":"https:\/\/www.casadainjecao.com.br\/loja\/wp-json\/wp\/v2\/types\/product"}],"wp:featuredmedia":[{"embeddable":true,"href":"https:\/\/www.casadainjecao.com.br\/loja\/wp-json\/wp\/v2\/media\/43348"}],"wp:attachment":[{"href":"https:\/\/www.casadainjecao.com.br\/loja\/wp-json\/wp\/v2\/media?parent=43345"}],"wp:term":[{"taxonomy":"product_cat","embeddable":true,"href":"https:\/\/www.casadainjecao.com.br\/loja\/wp-json\/wp\/v2\/product_cat?post=43345"},{"taxonomy":"product_tag","embeddable":true,"href":"https:\/\/www.casadainjecao.com.br\/loja\/wp-json\/wp\/v2\/product_tag?post=43345"},{"taxonomy":"berocket_brand","embeddable":true,"href":"https:\/\/www.casadainjecao.com.br\/loja\/wp-json\/wp\/v2\/berocket_brand?post=43345"}],"curies":[{"name":"wp","href":"https:\/\/api.w.org\/{rel}","templated":true}]}}