{"id":43378,"date":"2026-01-08T17:19:34","date_gmt":"2026-01-08T20:19:34","guid":{"rendered":"https:\/\/www.casadainjecao.com.br\/loja\/?post_type=product&#038;p=43378"},"modified":"2026-01-08T17:19:34","modified_gmt":"2026-01-08T20:19:34","slug":"haste-do-eixo-de-retencao-do-sensor-da-caixa-de-cambio-renault-megane-7700849477","status":"publish","type":"product","link":"https:\/\/www.casadainjecao.com.br\/loja\/autopecas\/suspencao\/eixo-traseiro\/haste-do-eixo-de-retencao-do-sensor-da-caixa-de-cambio-renault-megane-7700849477\/","title":{"rendered":"Haste do eixo de reten\u00e7\u00e3o do sensor da caixa de c\u00e2mbio Re"},"content":{"rendered":"<h2>Haste do eixo de reten\u00e7\u00e3o do sensor da caixa de c\u00e2mbio<\/h2>\n<h3>\nRenault Megane II 2005 2006 2007 2008 2009 2010 2011 2012<\/h3>\n<h3>Renault Scenic 1997 1998 1999 2000 2001 2002 2003 2004 2005 2006 2007 2008 2009 2010<\/h3>\n<h3>Codigo: 7700849477<\/p>\n<p>Especifica\u00e7\u00f5es<\/h3>\n<h3>Fun\u00e7\u00e3o Fixar e segurar o sensor da transmiss\u00e3o no local correto,<br \/>\ngarantindo que o sensor de velocidade ou rota\u00e7\u00e3o da caixa funcione corretamente.<\/h3>\n<h3>Tipo de pe\u00e7a: Mec\u00e2nica de fixa\u00e7\u00e3o (n\u00e3o \u00e9 sensor nem eletr\u00f4nico)<\/h3>\n<h3>Material: Metal \/ a\u00e7o, tratado para resist\u00eancia mec\u00e2nica<\/h3>\n<h3>Peso aproximado: 0,09 kg<\/h3>\n<h3>Condi\u00e7\u00e3o: Original Renault, pronto para instala\u00e7\u00e3o.<\/h3>\n<h3>Produto: Novo<\/h3>\n<p>Garantia: 3 meses<\/p>\n<p>ATEN\u00c7\u00c3O<\/p>\n<p>Antes de efetuar a compra, verifique o c\u00f3digo da pe\u00e7a instalada em seu ve\u00edculo e confirme se corresponde ao c\u00f3digo informado neste an\u00fancio.<br \/>\nEm caso de d\u00favida, utilize o campo de perguntas.<\/p>\n<p>A Casa da Inje\u00e7\u00e3o oferece total garantia nos produtos comprados em nosso site.<br \/>\nCada item \u00e9 rigorosamente testado antes do envio<br \/>\nSe os itens estiverem danificados ou parcialmente defeituosos, entre em contato conosco.<br \/>\nProcure um profissional devidamente licenciado para a instala\u00e7\u00e3o e fa\u00e7a revis\u00f5es periodicamente. A empresa n\u00e3o se responsabiliza por problemas oriundos da m\u00e1 instala\u00e7\u00e3o ou com a falta de cuidados peri\u00f3dicos dos componentes.<br \/>\nSe houver qualquer defeito, n\u00f3s lhe enviaremos uma substitui\u00e7\u00e3o ap\u00f3s receber o pacote ou devolvemos seu dinheiro.<br \/>\nLeia nossa pol\u00edtica de devolu\u00e7\u00e3o aqui<br \/>\nTem alguma d\u00favida?<br \/>\nEntre em contato que podemos ajudar!<br \/>\nConfira as informa\u00e7\u00f5es adicionais abaixo:<br \/>\nTodos os nossos produtos s\u00e3o novos, semi-novos, originais e paralelos possuem garantia.<br \/>\nTodos os produtos anunciados est\u00e3o dispon\u00edveis em estoque e s\u00e3o enviados com extrema rapidez.<br \/>\nO frete pode ser simulado antes de efetuar a compra, basta clicar em \u201cver custos de envio\u201d.<br \/>\nVerifique o endere\u00e7o de entrega cadastrado e atualize caso necess\u00e1rio.<br \/>\nConfirme se a pe\u00e7a \u00e9 correta para o seu modelo de ve\u00edculo.<br \/>\nPara pe\u00e7as automotivas, recomendamos a instala\u00e7\u00e3o por um profissional especializado.<br \/>\nCaso possua outras d\u00favidas, entre em contato.<\/p>\n","protected":false},"excerpt":{"rendered":"<h2>Haste do eixo de reten\u00e7\u00e3o do sensor da caixa de c\u00e2mbio &#8211; 7700849477<\/h2>\n","protected":false},"featured_media":43396,"template":"","meta":{"_seopress_robots_primary_cat":"","_seopress_titles_title":"","_seopress_titles_desc":"","_seopress_robots_index":"","_joinchat":[]},"product_cat":[1394,1104],"product_tag":[1219,62],"berocket_brand":[394],"_links":{"self":[{"href":"https:\/\/www.casadainjecao.com.br\/loja\/wp-json\/wp\/v2\/product\/43378"}],"collection":[{"href":"https:\/\/www.casadainjecao.com.br\/loja\/wp-json\/wp\/v2\/product"}],"about":[{"href":"https:\/\/www.casadainjecao.com.br\/loja\/wp-json\/wp\/v2\/types\/product"}],"wp:featuredmedia":[{"embeddable":true,"href":"https:\/\/www.casadainjecao.com.br\/loja\/wp-json\/wp\/v2\/media\/43396"}],"wp:attachment":[{"href":"https:\/\/www.casadainjecao.com.br\/loja\/wp-json\/wp\/v2\/media?parent=43378"}],"wp:term":[{"taxonomy":"product_cat","embeddable":true,"href":"https:\/\/www.casadainjecao.com.br\/loja\/wp-json\/wp\/v2\/product_cat?post=43378"},{"taxonomy":"product_tag","embeddable":true,"href":"https:\/\/www.casadainjecao.com.br\/loja\/wp-json\/wp\/v2\/product_tag?post=43378"},{"taxonomy":"berocket_brand","embeddable":true,"href":"https:\/\/www.casadainjecao.com.br\/loja\/wp-json\/wp\/v2\/berocket_brand?post=43378"}],"curies":[{"name":"wp","href":"https:\/\/api.w.org\/{rel}","templated":true}]}}