{"id":43422,"date":"2026-01-09T16:03:35","date_gmt":"2026-01-09T19:03:35","guid":{"rendered":"https:\/\/www.casadainjecao.com.br\/loja\/?post_type=product&#038;p=43422"},"modified":"2026-01-09T16:03:36","modified_gmt":"2026-01-09T19:03:36","slug":"correia-de-distribuicao-original-dayco-94658-163x254h","status":"publish","type":"product","link":"https:\/\/www.casadainjecao.com.br\/loja\/autopecas\/motor\/correias\/correia-de-distribuicao-original-dayco-94658-163x254h\/","title":{"rendered":"Correia de Distribui\u00e7\u00e3o Original Dayco -94658 163x254h"},"content":{"rendered":"<h2>Correia de Distribui\u00e7\u00e3o<\/h2>\n<h3>\nHyundai Galloper II: 1998 1999 2000 2001 2002 2003<\/h3>\n<h3>Kia K2500: 2003 2004 2005 2006 2007 2008 2009<\/h3>\n<h3>Mitsubishi Delica \/ Space Gear K2500: 1995 1996 1997 1998 1999 2000 2001 2002 2003 2004 2005 2006<\/h3>\n<h3>Renault Laguna I: 1993 1994 1995 1996 1997 1998 1999 2000 2001<\/h3>\n<h3>C\u00f3digo: 94658<\/p>\n<p>Caracter\u00edsticas:<\/h3>\n<h3>Marca: Dayco<\/h3>\n<h3>Tipo: Correia de distribui\u00e7\u00e3o dentada<\/h3>\n<h3>Alta resist\u00eancia \u00e0 abras\u00e3o e desgaste<\/h3>\n<h3>Estrutura refor\u00e7ada para opera\u00e7\u00e3o est\u00e1vel e silenciosa<\/h3>\n<h3>Precis\u00e3o e durabilidade garantidas<\/h3>\n<h3>Sistema: Correia de distribui\u00e7\u00e3o.<\/h3>\n<h3>Correia Dentada Grande 163 Dentes<\/h3>\n<h3>Produto: Novo<\/h3>\n<p>Garantia: 3 meses<\/p>\n<p>ATEN\u00c7\u00c3O<\/p>\n<p>Antes de efetuar a compra, verifique o c\u00f3digo da pe\u00e7a instalada em seu ve\u00edculo e confirme se corresponde ao c\u00f3digo informado neste an\u00fancio.<br \/>\nEm caso de d\u00favida, utilize o campo de perguntas.<\/p>\n<p>A Casa da Inje\u00e7\u00e3o oferece total garantia nos produtos comprados em nosso site.<br \/>\nCada item \u00e9 rigorosamente testado antes do envio<br \/>\nSe os itens estiverem danificados ou parcialmente defeituosos, entre em contato conosco.<br \/>\nProcure um profissional devidamente licenciado para a instala\u00e7\u00e3o e fa\u00e7a revis\u00f5es periodicamente. A empresa n\u00e3o se responsabiliza por problemas oriundos da m\u00e1 instala\u00e7\u00e3o ou com a falta de cuidados peri\u00f3dicos dos componentes.<br \/>\nSe houver qualquer defeito, n\u00f3s lhe enviaremos uma substitui\u00e7\u00e3o ap\u00f3s receber o pacote ou devolvemos seu dinheiro.<br \/>\nLeia nossa pol\u00edtica de devolu\u00e7\u00e3o aqui<br \/>\nTem alguma d\u00favida?<br \/>\nEntre em contato que podemos ajudar!<br \/>\nConfira as informa\u00e7\u00f5es adicionais abaixo:<br \/>\nTodos os nossos produtos s\u00e3o novos, semi-novos, originais e paralelos possuem garantia.<br \/>\nTodos os produtos anunciados est\u00e3o dispon\u00edveis em estoque e s\u00e3o enviados com extrema rapidez.<br \/>\nO frete pode ser simulado antes de efetuar a compra, basta clicar em \u201cver custos de envio\u201d.<br \/>\nVerifique o endere\u00e7o de entrega cadastrado e atualize caso necess\u00e1rio.<br \/>\nConfirme se a pe\u00e7a \u00e9 correta para o seu modelo de ve\u00edculo.<br \/>\nPara pe\u00e7as automotivas, recomendamos a instala\u00e7\u00e3o por um profissional especializado.<br \/>\nCaso possua outras d\u00favidas, entre em contato.<\/p>\n","protected":false},"excerpt":{"rendered":"<h2>Correia de Distribui\u00e7\u00e3o Original Dayco &#8211; 94658 163x254h<\/h2>\n","protected":false},"featured_media":43428,"template":"","meta":{"_seopress_robots_primary_cat":"","_seopress_titles_title":"","_seopress_titles_desc":"","_seopress_robots_index":"","_joinchat":[]},"product_cat":[213,22],"product_tag":[2390,2391,2392,2393],"berocket_brand":[386,388,391,394],"_links":{"self":[{"href":"https:\/\/www.casadainjecao.com.br\/loja\/wp-json\/wp\/v2\/product\/43422"}],"collection":[{"href":"https:\/\/www.casadainjecao.com.br\/loja\/wp-json\/wp\/v2\/product"}],"about":[{"href":"https:\/\/www.casadainjecao.com.br\/loja\/wp-json\/wp\/v2\/types\/product"}],"wp:featuredmedia":[{"embeddable":true,"href":"https:\/\/www.casadainjecao.com.br\/loja\/wp-json\/wp\/v2\/media\/43428"}],"wp:attachment":[{"href":"https:\/\/www.casadainjecao.com.br\/loja\/wp-json\/wp\/v2\/media?parent=43422"}],"wp:term":[{"taxonomy":"product_cat","embeddable":true,"href":"https:\/\/www.casadainjecao.com.br\/loja\/wp-json\/wp\/v2\/product_cat?post=43422"},{"taxonomy":"product_tag","embeddable":true,"href":"https:\/\/www.casadainjecao.com.br\/loja\/wp-json\/wp\/v2\/product_tag?post=43422"},{"taxonomy":"berocket_brand","embeddable":true,"href":"https:\/\/www.casadainjecao.com.br\/loja\/wp-json\/wp\/v2\/berocket_brand?post=43422"}],"curies":[{"name":"wp","href":"https:\/\/api.w.org\/{rel}","templated":true}]}}