{"id":43535,"date":"2026-01-14T16:02:36","date_gmt":"2026-01-14T19:02:36","guid":{"rendered":"https:\/\/www.casadainjecao.com.br\/loja\/autopecas\/sem%20categoria\/jogo-4-bobina-de-ignicao-honda-civic-1-8-16v-09970010100\/"},"modified":"2026-03-02T16:28:54","modified_gmt":"2026-03-02T19:28:54","slug":"jogo-4-bobina-de-ignicao-honda-civic-1-8-16v-09970010100","status":"publish","type":"product","link":"https:\/\/www.casadainjecao.com.br\/loja\/autopecas\/injecao-eletronica\/jogo-4-bobina-de-ignicao-honda-civic-1-8-16v-09970010100\/","title":{"rendered":"Jogo 4 Bobina de Igni\u00e7\u00e3o Honda Civic 1.8 16V &#8211; 09970"},"content":{"rendered":"<h2>Jogo 4 Bobina de Igni\u00e7\u00e3o Honda Civic<\/h2>\n<p>Aplica\u00e7\u00e3o:<\/p>\n<p>Aplica\u00e7\u00e3o:<\/p>\n<p>Civic 1.8 16V FLEX &#8211; 2007 2008 2009 2010 2011<br \/>\nCRV 2.0 16V GASOLINA &#8211; 2007 2008 2009 2010 2011<br \/>\nAccord 2.0 GASOLINA &#8211; 2008 2009 2010 2011 2012 2013<\/p>\n<p>Especifica\u00e7\u00f5es T\u00e9cnicas:<\/p>\n<p>Tipo de pe\u00e7a: Bobina de Igni\u00e7\u00e3o<\/p>\n<p>&#8211; Marca: Torken<\/p>\n<p>&#8211; Modelo: Bobina de Igni\u00e7\u00e3o<\/p>\n<p>&#8211; Codigo : 099700101<\/p>\n<p>&#8211; 3 Pinos<\/p>\n<p>&#8211; Contem 4 unidades<\/p>\n<p>Condi\u00e7\u00f5es Produto: Novo<\/p>\n<p>Garantia: 3 meses<\/p>\n<h3>ATEN\u00c7\u00c3O<\/h3>\n<h3>Antes de efetuar a compra, verifique o c\u00f3digo da pe\u00e7a instalada em seu ve\u00edculo e confirme se corresponde ao c\u00f3digo informado neste an\u00fancio.<\/h3>\n<h3>A Casa da Inje\u00e7\u00e3o oferece total garantia nos produtos comprados em nosso site.<br \/>\nCada item \u00e9 rigorosamente testado antes do envio<br \/>\nSe os itens estiverem danificados ou parcialmente defeituosos, entre em contato conosco.<br \/>\nProcure um profissional devidamente licenciado para a instala\u00e7\u00e3o e fa\u00e7a revis\u00f5es periodicamente. A empresa n\u00e3o se responsabiliza por problemas oriundos da m\u00e1 instala\u00e7\u00e3o ou com a falta de cuidados peri\u00f3dicos dos componentes.<br \/>\nSe houver qualquer defeito, n\u00f3s lhe enviaremos uma substitui\u00e7\u00e3o ap\u00f3s receber o pacote ou devolvemos seu dinheiro.<br \/>\nLeia nossa pol\u00edtica de devolu\u00e7\u00e3o aqui<br \/>\nTem alguma d\u00favida?<br \/>\nEntre em contato que podemos ajudar!<br \/>\nConfira as informa\u00e7\u00f5es adicionais abaixo:<br \/>\nTodos os nossos produtos s\u00e3o novos, semi-novos, originais e paralelos possuem garantia.<br \/>\nTodos os produtos anunciados est\u00e3o dispon\u00edveis em estoque e s\u00e3o enviados com extrema rapidez.<br \/>\nO frete pode ser simulado antes de efetuar a compra, basta clicar em \u201cver custos de envio\u201d.<br \/>\nVerifique o endere\u00e7o de entrega cadastrado e atualize caso necess\u00e1rio.<br \/>\nConfirme se a pe\u00e7a \u00e9 correta para o seu modelo de ve\u00edculo.<br \/>\nPara pe\u00e7as automotivas, recomendamos a instala\u00e7\u00e3o por um profissional especializado.<br \/>\nCaso possua outras d\u00favidas, entre em contato.<\/h3>\n","protected":false},"excerpt":{"rendered":"<h2>Jogo 4 Bobina de Igni\u00e7\u00e3o Honda Civic 1.8 16V &#8211; 099700101<\/h2>\n","protected":false},"featured_media":44512,"template":"","meta":{"_seopress_robots_primary_cat":"none","_seopress_titles_title":"","_seopress_titles_desc":"","_seopress_robots_index":"","_joinchat":[]},"product_cat":[21],"product_tag":[781],"berocket_brand":[385],"_links":{"self":[{"href":"https:\/\/www.casadainjecao.com.br\/loja\/wp-json\/wp\/v2\/product\/43535"}],"collection":[{"href":"https:\/\/www.casadainjecao.com.br\/loja\/wp-json\/wp\/v2\/product"}],"about":[{"href":"https:\/\/www.casadainjecao.com.br\/loja\/wp-json\/wp\/v2\/types\/product"}],"wp:featuredmedia":[{"embeddable":true,"href":"https:\/\/www.casadainjecao.com.br\/loja\/wp-json\/wp\/v2\/media\/44512"}],"wp:attachment":[{"href":"https:\/\/www.casadainjecao.com.br\/loja\/wp-json\/wp\/v2\/media?parent=43535"}],"wp:term":[{"taxonomy":"product_cat","embeddable":true,"href":"https:\/\/www.casadainjecao.com.br\/loja\/wp-json\/wp\/v2\/product_cat?post=43535"},{"taxonomy":"product_tag","embeddable":true,"href":"https:\/\/www.casadainjecao.com.br\/loja\/wp-json\/wp\/v2\/product_tag?post=43535"},{"taxonomy":"berocket_brand","embeddable":true,"href":"https:\/\/www.casadainjecao.com.br\/loja\/wp-json\/wp\/v2\/berocket_brand?post=43535"}],"curies":[{"name":"wp","href":"https:\/\/api.w.org\/{rel}","templated":true}]}}