{"id":43686,"date":"2026-01-21T08:11:02","date_gmt":"2026-01-21T11:11:02","guid":{"rendered":"https:\/\/www.casadainjecao.com.br\/loja\/?post_type=product&#038;p=43686"},"modified":"2026-03-16T11:41:26","modified_gmt":"2026-03-16T14:41:26","slug":"conector-bico-injetor-renault-oroch-1-6-16v-flex-242593767r","status":"publish","type":"product","link":"https:\/\/www.casadainjecao.com.br\/loja\/autopecas\/injecao-eletronica\/bico-injetor\/conector-bico-injetor-renault-oroch-1-6-16v-flex-242593767r\/","title":{"rendered":"Conector Bico Injetor Renault Oroch 1.6 16v Flex &#8211; 242"},"content":{"rendered":"<h2 class=\"ui-pdp-title\">Conector Bico Injetor de Combustivel Original<\/h2>\n<h3 class=\"ui-pdp-title\"><span dir=\"auto\" style=\"vertical-align: inherit;\">Renault<\/span><\/h3>\n<h3>Montadora: Renault Modelo: Oroch 1.6 16v (Motor H4M) Anos de Fabrica\u00e7\u00e3o: 2016 \/ 2017 \/ 2018 \/ 2019 \/ 2020 \/ 2021 \/ 2022 \/ 2023<\/h3>\n<h3>Montadora: Renault Modelo: Duster 1.6 16v (Motor H4M) Anos de Fabrica\u00e7\u00e3o: 2016 \/ 2017 \/ 2018 \/ 2019 \/ 2020 \/ 2021 \/ 2022 \/ 2023<\/h3>\n<h3>Montadora: Renault Modelo: Captur 1.6 16v (Motor H4M) Anos de Fabrica\u00e7\u00e3o: 2016 \/ 2017 \/ 2018 \/ 2019 \/ 2020 \/ 2021 \/ 2022 \/ 2023<\/h3>\n<h3>Montadora: Renault Modelo: Logan 1.6 16v (Motor H4M) Anos de Fabrica\u00e7\u00e3o: 2016 \/ 2017 \/ 2018 \/ 2019 \/ 2020 \/ 2021 \/ 2022 \/ 2023<\/h3>\n<h3>Montadora: Renault Modelo: Sandero 1.6 16v (Motor H4M) Anos de Fabrica\u00e7\u00e3o: 2016 \/ 2017 \/ 2018 \/ 2019 \/ 2020 \/ 2021 \/ 2022 \/ 2023<\/h3>\n<h3 class=\"ui-pdp-title\"><span dir=\"auto\" style=\"vertical-align: inherit;\">C\u00f3digo: 242593767r, H5827R, 166001153r, 166008992r<\/span><\/h3>\n<p>&nbsp;<\/p>\n<p>&nbsp;<\/p>\n<p>Condi\u00e7\u00f5es:<\/p>\n<p>Produto Novo Original<br \/>\nGarantia:<br \/>\n3 Meses<\/p>\n<p>ATEN\u00c7\u00c3O: Antes de efetuar a compra verifique o c\u00f3digo da sua pe\u00e7a que est\u00e1 instalado no seu ve\u00edculo.<br \/>\nA Casa da Inje\u00e7\u00e3o SP oferece total garantia nos produtos comprados em nosso site.<br \/>\nCada item \u00e9 rigorosamente inspecionado \u00a0antes do envio<br \/>\nSe os itens estiverem danificados ou parcialmente defeituosos, entre em contato conosco.<br \/>\nProcure um profissional devidamente licenciado para a instala\u00e7\u00e3o e fa\u00e7a revis\u00f5es periodicamente.<br \/>\nA empresa n\u00e3o se responsabiliza por problemas oriundos da m\u00e1 instala\u00e7\u00e3o ou com a falta de cuidados<br \/>\nperi\u00f3dicos dos componentes.<br \/>\nSe houver qualquer defeito, ficamos a disposi\u00e7\u00e3o para a substitui\u00e7\u00e3o ou devolvemos seu dinheiro.<br \/>\nTem alguma d\u00favida?<br \/>\nEntre em contato que podemos ajudar!<br \/>\nConfira as informa\u00e7\u00f5es adicionais abaixo:<br \/>\nTodos os produtos anunciados est\u00e3o dispon\u00edveis em estoque e s\u00e3o enviados com extrema rapidez .<br \/>\nO frete pode ser simulado antes de efetuar a compra, basta clicar em \u201cver custos de envio\u201d.<br \/>\nVerifique o endere\u00e7o de entrega cadastrado e atualize caso necess\u00e1rio.<br \/>\nConfirme se a pe\u00e7a \u00e9 correta para o seu modelo de ve\u00edculo.<br \/>\nPara pe\u00e7as automotivas, recomendamos a instala\u00e7\u00e3o por um profissional especializado.<br \/>\nCaso possua outras d\u00favidas, entre em contato.<\/p>\n","protected":false},"excerpt":{"rendered":"<h2>Conector Bico Injetor Renault Duster Oroch 1.6 16v Flex &#8211; 242593767r<\/h2>\n","protected":false},"featured_media":43690,"template":"","meta":{"_seopress_robots_primary_cat":"none","_seopress_titles_title":"","_seopress_titles_desc":"","_seopress_robots_index":"","_joinchat":[]},"product_cat":[256,2356,21],"product_tag":[],"berocket_brand":[394],"_links":{"self":[{"href":"https:\/\/www.casadainjecao.com.br\/loja\/wp-json\/wp\/v2\/product\/43686"}],"collection":[{"href":"https:\/\/www.casadainjecao.com.br\/loja\/wp-json\/wp\/v2\/product"}],"about":[{"href":"https:\/\/www.casadainjecao.com.br\/loja\/wp-json\/wp\/v2\/types\/product"}],"wp:featuredmedia":[{"embeddable":true,"href":"https:\/\/www.casadainjecao.com.br\/loja\/wp-json\/wp\/v2\/media\/43690"}],"wp:attachment":[{"href":"https:\/\/www.casadainjecao.com.br\/loja\/wp-json\/wp\/v2\/media?parent=43686"}],"wp:term":[{"taxonomy":"product_cat","embeddable":true,"href":"https:\/\/www.casadainjecao.com.br\/loja\/wp-json\/wp\/v2\/product_cat?post=43686"},{"taxonomy":"product_tag","embeddable":true,"href":"https:\/\/www.casadainjecao.com.br\/loja\/wp-json\/wp\/v2\/product_tag?post=43686"},{"taxonomy":"berocket_brand","embeddable":true,"href":"https:\/\/www.casadainjecao.com.br\/loja\/wp-json\/wp\/v2\/berocket_brand?post=43686"}],"curies":[{"name":"wp","href":"https:\/\/api.w.org\/{rel}","templated":true}]}}