{"id":6344,"date":"2021-01-12T19:37:44","date_gmt":"2021-01-12T22:37:44","guid":{"rendered":"http:\/\/www.casadainjecao.com.br\/loja\/produto\/correia-dentada-96-dentes-renault-clio-kangoo-8200537021\/"},"modified":"2024-04-28T18:07:44","modified_gmt":"2024-04-28T21:07:44","slug":"correia-dentada-96-dentes-renault-clio-kangoo-8200537021","status":"publish","type":"product","link":"https:\/\/www.casadainjecao.com.br\/loja\/autopecas\/motor\/correias\/correia-dentada-96-dentes-renault-clio-kangoo-8200537021\/","title":{"rendered":"Correia Dentada Sincronizada 96 Dentes Renault Kangoo  &#821"},"content":{"rendered":"<h2>Correia Dentada 96 Dentes K7m (58096&#215;17)<\/h2>\n<p><strong>RENAULT<\/strong><\/p>\n<p>RENAULT CLIO II &#8211; 1.6 8V K7M &#8211; 2000 A 2002<\/p>\n<p>RENAULT KANGOO &#8211; 1.6 8V K7M &#8211; 2000 A 2003<\/p>\n<p>RENAULT KANGOO EXPRESS &#8211; 1.6 8V K7M &#8211; 2000 A 2003<\/p>\n<p>RENAULT LOGAN &#8211; 1.6 8V K7M &#8211; 2007 A 2013<\/p>\n<p>RENAULT SANDERO &#8211; 1.6 8V K7M &#8211; 2008 A 2014<\/p>\n<p>RENAULT SYMBOL &#8211; 1.6 8V K7M &#8211; 2008 A 2011<\/p>\n<h4>C\u00f3digo de Refer\u00eancia:<\/h4>\n<p>820053702,\u00a0 7700273650, 7700273611<\/p>\n<p><strong>Condi\u00e7\u00f5es:<\/strong><\/p>\n<p>Novo Original \/ Marca Renault<\/p>\n<h4><strong>Garantia:<\/strong><\/h4>\n<p>3 Meses<strong>\u00a0<\/strong><\/p>\n<h3>ATEN\u00c7\u00c3O: Antes de efetuar a compra verifique o c\u00f3digo da sua pe\u00e7a que est\u00e1 instalada no seu ve\u00edculo.<\/h3>\n<h3><strong>APLICA\u00c7\u00c3O:<\/strong><\/h3>\n<p>Linha Renault<\/p>\n<h4><strong>O que \u00e9 e para que serve a Correia Dentada Sincronizada?<\/strong><\/h4>\n<p>A Correia Dentada sincronizada, \u00e9 um componente crucial em muitos motores de ve\u00edculos e outros equipamentos mec\u00e2nicos. Sua principal fun\u00e7\u00e3o \u00e9 sincronizar o movimento de rota\u00e7\u00e3o entre o eixo de virabrequim (que movimenta o pist\u00e3o para cima e para baixo) e o eixo de comando de v\u00e1lvulas (que controla a abertura e o fechamento das v\u00e1lvulas de admiss\u00e3o e escape). A correia dentada \u00e9 chamada de &#8220;dentada&#8221; porque possui dentes que se encaixam em ranhuras nas engrenagens dos eixos, proporcionando um sincronismo preciso.<\/p>\n<p>&nbsp;<\/p>\n<p>A Casa da Inje\u00e7\u00e3o oferece total garantia nos produtos comprados em nosso site.<\/p>\n<ol>\n<li>Cada item \u00e9 rigorosamente testado antes do envio<\/li>\n<li>Se os itens estiverem danificados ou parcialmente defeituosos, entre em contato conosco.<\/li>\n<\/ol>\n<p>Se houver qualquer defeito, n\u00f3s lhe enviaremos uma substitui\u00e7\u00e3o ap\u00f3s receber o pacote ou devolvemos seu dinheiro.<\/p>\n<p>Leia nossa\u00a0<span style=\"color: #ff0000;\"><a style=\"color: #ff0000;\" href=\"https:\/\/www.casadainjecao.com.br\/loja\/politica-de-devolucao\">pol\u00edtica de devolu\u00e7\u00e3o aqui<\/a><\/span><\/p>\n<p>\u2014\u2014\u2014\u2014\u2014\u2014\u2014\u2014\u2014\u2014\u2014\u2014\u2014\u2014\u2014\u2014\u2014\u2014\u2014\u2013<\/p>\n<p><strong>Tem alguma d\u00favida?<\/strong><\/p>\n<p>Entre em contato que podemos ajudar!<\/p>\n<p>Confira as informa\u00e7\u00f5es adicionais abaixo:<\/p>\n<ul>\n<li>Todos os nossos produtos s\u00e3o novos, semi-novos, originais e paralelos possuem garantia.<\/li>\n<li>Todos os produtos anunciados est\u00e3o dispon\u00edveis em estoque e s\u00e3o enviados com extrema rapidez.<\/li>\n<li>O frete pode ser simulado antes de efetuar a compra, basta clicar em \u201cver custos de envio\u201d.<\/li>\n<li>Verifique o endere\u00e7o de entrega cadastrado e atualize caso necess\u00e1rio.<\/li>\n<li>Confirme se a pe\u00e7a \u00e9 correta para o seu modelo de ve\u00edculo.<\/li>\n<li>Para pe\u00e7as automotivas, recomendamos a instala\u00e7\u00e3o por um profissional especializado.<\/li>\n<\/ul>\n<p>Caso possua outras d\u00favidas, entre em contato.<\/p>\n<p>&nbsp;<\/p>\n","protected":false},"excerpt":{"rendered":"<h2>Correia Dentada 96 Dentes Renault Logan Kangoo Sandero &#8211; 8200537021, 7700273650<\/h2>\n<h2><\/h2>\n","protected":false},"featured_media":28458,"template":"","meta":{"_seopress_robots_primary_cat":"none","_seopress_titles_title":"","_seopress_titles_desc":"","_seopress_robots_index":"","_joinchat":[]},"product_cat":[213,22],"product_tag":[216,57,1886,66,91,89],"berocket_brand":[394],"_links":{"self":[{"href":"https:\/\/www.casadainjecao.com.br\/loja\/wp-json\/wp\/v2\/product\/6344"}],"collection":[{"href":"https:\/\/www.casadainjecao.com.br\/loja\/wp-json\/wp\/v2\/product"}],"about":[{"href":"https:\/\/www.casadainjecao.com.br\/loja\/wp-json\/wp\/v2\/types\/product"}],"wp:featuredmedia":[{"embeddable":true,"href":"https:\/\/www.casadainjecao.com.br\/loja\/wp-json\/wp\/v2\/media\/28458"}],"wp:attachment":[{"href":"https:\/\/www.casadainjecao.com.br\/loja\/wp-json\/wp\/v2\/media?parent=6344"}],"wp:term":[{"taxonomy":"product_cat","embeddable":true,"href":"https:\/\/www.casadainjecao.com.br\/loja\/wp-json\/wp\/v2\/product_cat?post=6344"},{"taxonomy":"product_tag","embeddable":true,"href":"https:\/\/www.casadainjecao.com.br\/loja\/wp-json\/wp\/v2\/product_tag?post=6344"},{"taxonomy":"berocket_brand","embeddable":true,"href":"https:\/\/www.casadainjecao.com.br\/loja\/wp-json\/wp\/v2\/berocket_brand?post=6344"}],"curies":[{"name":"wp","href":"https:\/\/api.w.org\/{rel}","templated":true}]}}