{"id":6818,"date":"2021-01-15T11:51:08","date_gmt":"2021-01-15T14:51:08","guid":{"rendered":"http:\/\/www.casadainjecao.com.br\/loja\/produto\/mangueira-entrada-combustivel-brava-palio-1-6-16v-2001\/"},"modified":"2022-01-24T20:07:23","modified_gmt":"2022-01-24T23:07:23","slug":"mangueira-entrada-combustivel-brava-palio-1-6-16v-2001","status":"publish","type":"product","link":"https:\/\/www.casadainjecao.com.br\/loja\/autopecas\/injecao-eletronica\/bico-injetor\/mangueira-entrada-combustivel-brava-palio-1-6-16v-2001\/","title":{"rendered":"Mangueira Entrada Combust\u00edvel Brava Palio 1.6 16v 2001\/&#82"},"content":{"rendered":"<p>\u00b0\u00a0\u00a0 CASA DA INJE\u00c7\u00c3O BR<br \/>&#8230;&#8230;&#8230;&#8230;&#8230;&#8230;&#8230;&#8230;&#8230;&#8230;&#8230;&#8230;&#8230;&#8230;&#8230;&#8230;&#8230;&#8230;&#8230;&#8230;&#8230;&#8230;&#8230; <\/p>\n<p> Mangueira Entrada Combust\u00edvel Brava Palio 1.6 16v 2001\/&#8230;<\/p>\n<p> &#8211; Condi\u00e7\u00e3o: Novo<br \/> &#8211; Marca: GIBA<br \/>&#8211; Tipo de sistema de combust\u00edvel: Gasolina<br \/>&#8211; Quantidade de injetores: 1<br \/>&#8211; Condi\u00e7\u00e3o do item: Novo<br \/>&#8211; OEM: MMAN026<br \/>&#8211; Origem: Nacional<br \/>&#8211; N\u00famero da pe\u00e7a: G0898<br \/> &#8211; Garantia: 6 meses<\/p>\n<p>&#8230;&#8230;&#8230;&#8230;&#8230;&#8230;&#8230;&#8230;&#8230;&#8230;&#8230;&#8230;&#8230;&#8230;&#8230;&#8230;&#8230;&#8230;&#8230;&#8230;&#8230;&#8230;&#8230;<\/p>\n","protected":false},"excerpt":{"rendered":"<p>\u00b0\u00a0\u00a0 CASA DA INJE\u00c7\u00c3O BR&#8230;&#8230;&#8230;&#8230;&#8230;&#8230;&#8230;&#8230;&#8230;&#8230;&#8230;&#8230;&#8230;&#8230;&#8230;&#8230;&#8230;&#8230;&#8230;&#8230;&#8230;&#8230;&#8230; Mangueira Entrada Combust\u00edvel Brava Palio 1.6 16v 2001\/&#8230; &#8211; Condi\u00e7\u00e3o: Novo &#8211; Marca: GIBA&#8211; Tipo de sistema de combust\u00edvel: Gasolina&#8211; Quantidade de injetores: 1&#8211; Condi\u00e7\u00e3o do item: Novo&#8211; OEM: MMAN026&#8211; Origem: Nacional&#8211; N\u00famero da pe\u00e7a: G0898 &#8211; Garantia: 6 meses &#8230;&#8230;&#8230;&#8230;&#8230;&#8230;&#8230;&#8230;&#8230;&#8230;&#8230;&#8230;&#8230;&#8230;&#8230;&#8230;&#8230;&#8230;&#8230;&#8230;&#8230;&#8230;&#8230;<\/p>\n","protected":false},"featured_media":7371,"template":"","meta":{"_seopress_robots_primary_cat":"","_seopress_titles_title":"","_seopress_titles_desc":"","_seopress_robots_index":"","_seopress_analysis_target_kw":"","_kad_blocks_custom_css":"","_kad_blocks_head_custom_js":"","_kad_blocks_body_custom_js":"","_kad_blocks_footer_custom_js":"","_kadence_starter_templates_imported_post":false,"_joinchat":[]},"product_brand":[],"product_cat":[256,21],"product_tag":[119],"berocket_brand":[383],"class_list":{"0":"post-6818","1":"product","2":"type-product","3":"status-publish","4":"has-post-thumbnail","6":"product_cat-bico-injetor","7":"product_cat-injecao-eletronica","8":"product_tag-palio","9":"berocket_brand-fiat","10":"thunk-woo-product-list","11":"big-store-woo-hover-zoom","12":"open-single-product-tab-horizontal","13":"open-shadow-","14":"open-shadow-hover-","16":"first","17":"outofstock","18":"taxable","19":"shipping-taxable","20":"purchasable","21":"product-type-simple"},"taxonomy_info":{"product_cat":[{"value":256,"label":"Bico Injetor"},{"value":21,"label":"Inje\u00e7\u00e3o Eletr\u00f4nica"}],"product_tag":[{"value":119,"label":"Palio"}],"berocket_brand":[{"value":383,"label":"Fiat"}]},"featured_image_src_large":["https:\/\/www.casadainjecao.com.br\/loja\/wp-content\/uploads\/2021\/01\/798996-MLB28086107195_092018-F-856x780.jpg",640,583,true],"author_info":[],"comment_info":"","_links":{"self":[{"href":"https:\/\/www.casadainjecao.com.br\/loja\/wp-json\/wp\/v2\/product\/6818","targetHints":{"allow":["GET"]}}],"collection":[{"href":"https:\/\/www.casadainjecao.com.br\/loja\/wp-json\/wp\/v2\/product"}],"about":[{"href":"https:\/\/www.casadainjecao.com.br\/loja\/wp-json\/wp\/v2\/types\/product"}],"wp:featuredmedia":[{"embeddable":true,"href":"https:\/\/www.casadainjecao.com.br\/loja\/wp-json\/wp\/v2\/media\/7371"}],"wp:attachment":[{"href":"https:\/\/www.casadainjecao.com.br\/loja\/wp-json\/wp\/v2\/media?parent=6818"}],"wp:term":[{"taxonomy":"product_brand","embeddable":true,"href":"https:\/\/www.casadainjecao.com.br\/loja\/wp-json\/wp\/v2\/product_brand?post=6818"},{"taxonomy":"product_cat","embeddable":true,"href":"https:\/\/www.casadainjecao.com.br\/loja\/wp-json\/wp\/v2\/product_cat?post=6818"},{"taxonomy":"product_tag","embeddable":true,"href":"https:\/\/www.casadainjecao.com.br\/loja\/wp-json\/wp\/v2\/product_tag?post=6818"},{"taxonomy":"berocket_brand","embeddable":true,"href":"https:\/\/www.casadainjecao.com.br\/loja\/wp-json\/wp\/v2\/berocket_brand?post=6818"}],"curies":[{"name":"wp","href":"https:\/\/api.w.org\/{rel}","templated":true}]}}