{"id":7232,"date":"2021-01-19T13:03:55","date_gmt":"2021-01-19T16:03:55","guid":{"rendered":"http:\/\/www.casadainjecao.com.br\/loja\/produto\/acabamento-farol-de-neblina-sandero-logan2-260e01288r\/"},"modified":"2025-04-07T09:20:49","modified_gmt":"2025-04-07T12:20:49","slug":"acabamento-farol-de-neblina-sandero-logan2-260e01288r","status":"publish","type":"product","link":"https:\/\/www.casadainjecao.com.br\/loja\/autopecas\/exterior\/farol\/acabamento-farol-de-neblina-sandero-logan2-260e01288r\/","title":{"rendered":"Acabamento Farol De Neblina Renault Sandero Logan &#8211; 26"},"content":{"rendered":"<h2>Acabamento Farol de Neblina<\/h2>\n<p><strong>RENAULT<\/strong><\/p>\n<p>Renault Sandero II Authentique, Expression, RS, Stepway, Vibe flex, Dynamique, GT Line &#8211; 1.0 12v, 1.0 8v, 1.6 8v, 1.6 16v, 2.0 16v (2013 a 2022)<\/p>\n<p>Renault Logan II Authentique, Expression Dynamique, Stepway flex 1.0 16v, 1.6 8v, 1.6 16v ( 2013 a 2022)<\/p>\n<h4>C\u00f3digo de refer\u00eancia:<\/h4>\n<p>260e01288r<\/p>\n<h4>Condi\u00e7\u00f5es:<\/h4>\n<p>Novo Original \/ Marca Renault<\/p>\n<h4>Garantia:<\/h4>\n<p>3 Meses<\/p>\n<h3><strong>ATEN\u00c7\u00c3O<\/strong>: Antes de efetuar a compra verifique o c\u00f3digo da pe\u00e7a que est\u00e1 instalada no seu ve\u00edculo.<\/h3>\n<h3>APLICA\u00c7\u00c3O:<\/h3>\n<p>Linha Renault<\/p>\n<h3>O que \u00e9 e para que serve o Acabamento do Farol de Neblina?<\/h3>\n<p>O Acabamento do Farol de Neblina pode ser usado para proteger ou como uma capa decorativa Ele protege o farol de neblina contra danos causados por detritos da estrada, ou para personalizar a apar\u00eancia do ve\u00edculo, tornando-o mais esteticamente atraente.<\/p>\n<p>&nbsp;<\/p>\n<p>A Casa da Inje\u00e7\u00e3o oferece total garantia nos produtos comprados em nosso site.<\/p>\n<ol>\n<li>Cada item \u00e9 rigorosamente testado antes do envio<\/li>\n<li>Se os itens estiverem danificados ou parcialmente defeituosos, entre em contato conosco.<\/li>\n<\/ol>\n<p>Se houver qualquer defeito, n\u00f3s lhe enviaremos uma substitui\u00e7\u00e3o ap\u00f3s receber o pacote ou devolvemos seu dinheiro.<\/p>\n<p>Leia nossa<span style=\"color: #ff0000;\"> <a style=\"color: #ff0000;\" href=\"https:\/\/www.casadainjecao.com.br\/loja\/politica-de-devolucao\">pol\u00edtica de devolu\u00e7\u00e3o aqui<\/a><\/span><\/p>\n<p>&#8212;&#8212;&#8212;&#8212;&#8212;&#8212;&#8212;&#8212;&#8212;&#8212;&#8212;&#8212;&#8212;&#8212;&#8212;&#8212;&#8212;&#8212;&#8212;&#8211;<\/p>\n<h4>Tem alguma d\u00favida?<\/h4>\n<p>Entre em contato que podemos ajudar!<\/p>\n<p>Confira as informa\u00e7\u00f5es adicionais abaixo:<\/p>\n<ul>\n<li>Todos os nossos produtos s\u00e3o novos, semi-novos, originais, paralelos e possuem garantia.<\/li>\n<li>Todos os produtos anunciados est\u00e3o dispon\u00edveis em estoque e s\u00e3o enviados com extrema rapidez.<\/li>\n<li>O frete pode ser simulado antes de efetuar a compra, basta clicar em \u201cver custos de envio\u201d.<\/li>\n<li>Verifique o endere\u00e7o de entrega cadastrado e atualize caso necess\u00e1rio.<\/li>\n<li>Confirme se a pe\u00e7a \u00e9 correta para o seu modelo de ve\u00edculo.<\/li>\n<li>Para pe\u00e7as automotivas, recomendamos a instala\u00e7\u00e3o por um profissional especializado.<\/li>\n<\/ul>\n<p>Caso possua outras d\u00favidas, entre em contato.<\/p>\n<p>&nbsp;<\/p>\n<h1><\/h1>\n","protected":false},"excerpt":{"rendered":"<h2>Acabamento Farol De Neblina Renault Sandero Logan\u00a0 &#8211; 260e01288r<\/h2>\n<h2><\/h2>\n","protected":false},"featured_media":15206,"template":"","meta":{"_seopress_robots_primary_cat":"none","_seopress_titles_title":"","_seopress_titles_desc":"","_seopress_robots_index":"","_kad_blocks_custom_css":"","_kad_blocks_head_custom_js":"","_kad_blocks_body_custom_js":"","_kad_blocks_footer_custom_js":"","_joinchat":[]},"product_cat":[23,1302,1104],"product_tag":[1426,1728],"berocket_brand":[394],"taxonomy_info":{"product_cat":[{"value":23,"label":"Exterior"},{"value":1302,"label":"Farol"},{"value":1104,"label":"Suspen\u00e7\u00e3o"}],"product_tag":[{"value":1426,"label":"Logan II"},{"value":1728,"label":"Sandero II"}],"berocket_brand":[{"value":394,"label":"Renault"}]},"featured_image_src_large":["https:\/\/www.casadainjecao.com.br\/loja\/wp-content\/uploads\/2021\/01\/260e01288r-Acabamento-Farol-De-Neblina-Renault-Sandero-Logan-ORIGINAL.jpg",640,425,false],"author_info":[],"comment_info":"","_links":{"self":[{"href":"https:\/\/www.casadainjecao.com.br\/loja\/wp-json\/wp\/v2\/product\/7232"}],"collection":[{"href":"https:\/\/www.casadainjecao.com.br\/loja\/wp-json\/wp\/v2\/product"}],"about":[{"href":"https:\/\/www.casadainjecao.com.br\/loja\/wp-json\/wp\/v2\/types\/product"}],"wp:featuredmedia":[{"embeddable":true,"href":"https:\/\/www.casadainjecao.com.br\/loja\/wp-json\/wp\/v2\/media\/15206"}],"wp:attachment":[{"href":"https:\/\/www.casadainjecao.com.br\/loja\/wp-json\/wp\/v2\/media?parent=7232"}],"wp:term":[{"taxonomy":"product_cat","embeddable":true,"href":"https:\/\/www.casadainjecao.com.br\/loja\/wp-json\/wp\/v2\/product_cat?post=7232"},{"taxonomy":"product_tag","embeddable":true,"href":"https:\/\/www.casadainjecao.com.br\/loja\/wp-json\/wp\/v2\/product_tag?post=7232"},{"taxonomy":"berocket_brand","embeddable":true,"href":"https:\/\/www.casadainjecao.com.br\/loja\/wp-json\/wp\/v2\/berocket_brand?post=7232"}],"curies":[{"name":"wp","href":"https:\/\/api.w.org\/{rel}","templated":true}]}}