{"id":7548,"date":"2021-01-20T16:18:04","date_gmt":"2021-01-20T19:18:04","guid":{"rendered":"http:\/\/www.casadainjecao.com.br\/loja\/produto\/comutador-partida-ignicao-hyundai-hb20-1-0-1-6-peca-original\/"},"modified":"2022-02-17T13:40:49","modified_gmt":"2022-02-17T16:40:49","slug":"comutador-partida-ignicao-hyundai-hb20-1-0-1-6-peca-original","status":"publish","type":"product","link":"https:\/\/www.casadainjecao.com.br\/loja\/autopecas\/eletrica\/comutadores\/comutador-partida-ignicao-hyundai-hb20-1-0-1-6-peca-original\/","title":{"rendered":"Comutador Partida Igni\u00e7\u00e3o Hyundai Hb20 1.0 1.6 Pe\u00e7a Origi"},"content":{"rendered":"<p>COMUTADOR DE IGNI\u00c7\u00c3O ORIGINAL HYUNDAI<\/p>\n<p>Produto ORIGINAL com NOTA FISCAL e garantia<\/p>\n<p>DESCRI\u00c7\u00c3O:<br \/>\n&#8211; 6 Pinos<br \/>\n&#8211; Pe\u00e7a original Hyundai<br \/>\n&#8211; C\u00f3digo refer\u00eancia 931103S000<\/p>\n<p>APLICA\u00c7\u00c3O:<br \/>\n&#8211; Hyundai HB20 (todos modelo e ano)<br \/>\n&#8211; Hyundai HB20s (todos modelo e ano)<br \/>\n&#8211; Hyundai HB20x (todos modelo e ano)<\/p>\n<p>CONT\u00c9M:<br \/>\n&#8211; 1 unidade<\/p>\n","protected":false},"excerpt":{"rendered":"<p>COMUTADOR DE IGNI\u00c7\u00c3O ORIGINAL HYUNDAI Produto ORIGINAL com NOTA FISCAL e garantia DESCRI\u00c7\u00c3O: &#8211; 6 Pinos &#8211; Pe\u00e7a original Hyundai &#8211; C\u00f3digo refer\u00eancia 931103S000 APLICA\u00c7\u00c3O: &#8211; Hyundai HB20 (todos modelo e ano) &#8211; Hyundai HB20s (todos modelo e ano) &#8211; Hyundai HB20x (todos modelo e ano) CONT\u00c9M: &#8211; 1 unidade<\/p>\n","protected":false},"featured_media":7556,"template":"","meta":{"_seopress_robots_primary_cat":"none","_seopress_titles_title":"","_seopress_titles_desc":"","_seopress_robots_index":"","_joinchat":[]},"product_cat":[134],"product_tag":[316],"berocket_brand":[386],"_links":{"self":[{"href":"https:\/\/www.casadainjecao.com.br\/loja\/wp-json\/wp\/v2\/product\/7548"}],"collection":[{"href":"https:\/\/www.casadainjecao.com.br\/loja\/wp-json\/wp\/v2\/product"}],"about":[{"href":"https:\/\/www.casadainjecao.com.br\/loja\/wp-json\/wp\/v2\/types\/product"}],"wp:featuredmedia":[{"embeddable":true,"href":"https:\/\/www.casadainjecao.com.br\/loja\/wp-json\/wp\/v2\/media\/7556"}],"wp:attachment":[{"href":"https:\/\/www.casadainjecao.com.br\/loja\/wp-json\/wp\/v2\/media?parent=7548"}],"wp:term":[{"taxonomy":"product_cat","embeddable":true,"href":"https:\/\/www.casadainjecao.com.br\/loja\/wp-json\/wp\/v2\/product_cat?post=7548"},{"taxonomy":"product_tag","embeddable":true,"href":"https:\/\/www.casadainjecao.com.br\/loja\/wp-json\/wp\/v2\/product_tag?post=7548"},{"taxonomy":"berocket_brand","embeddable":true,"href":"https:\/\/www.casadainjecao.com.br\/loja\/wp-json\/wp\/v2\/berocket_brand?post=7548"}],"curies":[{"name":"wp","href":"https:\/\/api.w.org\/{rel}","templated":true}]}}