{"id":7576,"date":"2021-01-20T16:53:10","date_gmt":"2021-01-20T19:53:10","guid":{"rendered":"http:\/\/www.casadainjecao.com.br\/loja\/produto\/macaneta-tampa-traseira-fiat-toro-sem-camera-30864\/"},"modified":"2025-06-09T15:50:16","modified_gmt":"2025-06-09T18:50:16","slug":"macaneta-tampa-traseira-fiat-toro-sem-camera-30864","status":"publish","type":"product","link":"https:\/\/www.casadainjecao.com.br\/loja\/autopecas\/exterior\/macaneta\/macaneta-tampa-traseira-fiat-toro-sem-camera-30864\/","title":{"rendered":"Ma\u00e7aneta Tampa Traseira Fiat Toro Sem C\u00e2mera &#8211; 30864"},"content":{"rendered":"<h1>Ma\u00e7aneta Tampa Traseira Fiat Toro Sem C\u00e2mera &#8211; 30864<\/h1>\n","protected":false},"excerpt":{"rendered":"<h2>Ma\u00e7aneta Tampa Traseira<\/h2>\n<h2>Fiat Toro com furo de C\u00e2mera<\/h2>\n<h2>Codigo:-30864 c=42<\/h2>\n","protected":false},"featured_media":7574,"template":"","meta":{"_seopress_robots_primary_cat":"none","_seopress_titles_title":"","_seopress_titles_desc":"","_seopress_robots_index":"","_joinchat":[]},"product_cat":[309],"product_tag":[1041],"berocket_brand":[383],"_links":{"self":[{"href":"https:\/\/www.casadainjecao.com.br\/loja\/wp-json\/wp\/v2\/product\/7576"}],"collection":[{"href":"https:\/\/www.casadainjecao.com.br\/loja\/wp-json\/wp\/v2\/product"}],"about":[{"href":"https:\/\/www.casadainjecao.com.br\/loja\/wp-json\/wp\/v2\/types\/product"}],"wp:featuredmedia":[{"embeddable":true,"href":"https:\/\/www.casadainjecao.com.br\/loja\/wp-json\/wp\/v2\/media\/7574"}],"wp:attachment":[{"href":"https:\/\/www.casadainjecao.com.br\/loja\/wp-json\/wp\/v2\/media?parent=7576"}],"wp:term":[{"taxonomy":"product_cat","embeddable":true,"href":"https:\/\/www.casadainjecao.com.br\/loja\/wp-json\/wp\/v2\/product_cat?post=7576"},{"taxonomy":"product_tag","embeddable":true,"href":"https:\/\/www.casadainjecao.com.br\/loja\/wp-json\/wp\/v2\/product_tag?post=7576"},{"taxonomy":"berocket_brand","embeddable":true,"href":"https:\/\/www.casadainjecao.com.br\/loja\/wp-json\/wp\/v2\/berocket_brand?post=7576"}],"curies":[{"name":"wp","href":"https:\/\/api.w.org\/{rel}","templated":true}]}}