{"id":860,"date":"2020-08-04T01:01:08","date_gmt":"2020-08-04T04:01:08","guid":{"rendered":"http:\/\/casadainjecao.com.br\/loja\/?post_type=product&#038;p=860"},"modified":"2023-06-30T15:18:11","modified_gmt":"2023-06-30T18:18:11","slug":"tubo-de-refrigeracao-de-agua-do-motor-renault-clio-scenic-megane-8200134513","status":"publish","type":"product","link":"https:\/\/www.casadainjecao.com.br\/loja\/autopecas\/motor\/mangueiras-motor\/tubo-de-refrigeracao-de-agua-do-motor-renault-clio-scenic-megane-8200134513\/","title":{"rendered":"Tubo de refrigera\u00e7\u00e3o Agua do Motor Renault Symbol  &#8211;"},"content":{"rendered":"<h1>Tubo de refrigera\u00e7\u00e3o Agua do Motor Original<\/h1>\n<h1>Renault<\/h1>\n<h1>Clio II &#8211; 1.6 16V K4M &#8211; 2000 A 2002<\/h1>\n<h1>Clio II &#8211; 1.6 16V K4M &#8211; 2000 A 2013<\/h1>\n<h1>Clio II &#8211; 1.6 16V K4M &#8211; 2003 A 2012<\/h1>\n<h1>Clio II &#8211; 1.6 16V K4M &#8211; 2004 A 2013<\/h1>\n<h1>Clio II &#8211; 1.6 16V K4M &#8211; 2005 A 2011<\/h1>\n<h1>Clio II &#8211; 1.6 16V K4M &#8211; 2005 A 2012<\/h1>\n<h1>Clio II &#8211; 1.6 16V K4M &#8211; 2006 A 2013<\/h1>\n<h1>Duster &#8211; 1.6 16V K4M &#8211; 2012 A 2015<\/h1>\n<h1>Duster &#8211; 1.6 16V K4M &#8211; 2015 A &#8230;.<\/h1>\n<h1>Fluence &#8211; 1.6 16V K4M &#8211; 2011 A &#8230;.<\/h1>\n<h1>Kangoo &#8211; 1.6 16V K4M &#8211; 2003 A 2008<\/h1>\n<h1>Kangoo &#8211; 1.6 16V K4M &#8211; 2005 A &#8230;.<\/h1>\n<h1>Kangoo &#8211; Express &#8211; 1.6 16V K4M &#8211; 2004 A 2008<\/h1>\n<h1>Kangoo &#8211; Express &#8211; 1.6 16V K4M &#8211; 2007 A 2011<\/h1>\n<h1>Kangoo &#8211; Express &#8211; 1.6 16V K4M &#8211; 2014 A 2018<\/h1>\n<h1>Logan &#8211; 1.6 16V K4M &#8211; 2010 A 2014<\/h1>\n<h1>Megane I &#8211; 1.6 16V K4M &#8211; 1999 A 2005<\/h1>\n<h1>Megane I Sedan &#8211; 1.6 16V K4M &#8211; 1999 A 2005<\/h1>\n<h1>Megane II &#8211; 1.6 16V K4M &#8211; 2006 A 2013<\/h1>\n<h1>Sandero &#8211; 1.6 16V K4M &#8211; 2008 A 2011<\/h1>\n<h1>Sandero &#8211; 1.6 16V K4M &#8211; 2008 A 2014<\/h1>\n<h1>Sandero &#8211; 1.6 16V K4M &#8211; 2010 A 2014<\/h1>\n<h1>Scenic I &#8211; 1.6 16V K4M &#8211; 1999 A 2001<\/h1>\n<h1>Scenic I &#8211; 1.6 16V K4M &#8211; 2005 A 2009<\/h1>\n<h1>Scenic I &#8211; 2.0 16V F4R &#8211; 2001 A 2009<\/h1>\n<h1>Symbol &#8211; 1.6 16V K4M &#8211; 2008 A 2012<\/h1>\n<h1>C\u00f3digo: &#8211; 8200134513<\/h1>\n","protected":false},"excerpt":{"rendered":"<h2>Tubo de refrigera\u00e7\u00e3o Agua do Motor Renault Symbol Original &#8211; 8200134513<\/h2>\n","protected":false},"featured_media":25403,"template":"","meta":{"_seopress_robots_primary_cat":"none","_seopress_titles_title":"","_seopress_titles_desc":"","_seopress_robots_index":"","_seopress_analysis_target_kw":"","_kad_blocks_custom_css":"","_kad_blocks_head_custom_js":"","_kad_blocks_body_custom_js":"","_kad_blocks_footer_custom_js":"","_kadence_starter_templates_imported_post":false,"_joinchat":[]},"product_brand":[],"product_cat":[223,22],"product_tag":[89],"berocket_brand":[394],"class_list":{"0":"post-860","1":"product","2":"type-product","3":"status-publish","4":"has-post-thumbnail","6":"product_cat-mangueiras-motor","7":"product_cat-motor","8":"product_tag-symbol","9":"berocket_brand-renault","10":"thunk-woo-product-list","11":"big-store-woo-hover-zoom","12":"open-single-product-tab-horizontal","13":"open-shadow-","14":"open-shadow-hover-","16":"first","17":"outofstock","18":"sale","19":"taxable","20":"shipping-taxable","21":"purchasable","22":"product-type-simple"},"taxonomy_info":{"product_cat":[{"value":223,"label":"Mangueiras"},{"value":22,"label":"Motor"}],"product_tag":[{"value":89,"label":"Symbol"}],"berocket_brand":[{"value":394,"label":"Renault"}]},"featured_image_src_large":["https:\/\/www.casadainjecao.com.br\/loja\/wp-content\/uploads\/2020\/08\/8200134513-900x224.jpg",640,159,true],"author_info":[],"comment_info":"","_links":{"self":[{"href":"https:\/\/www.casadainjecao.com.br\/loja\/wp-json\/wp\/v2\/product\/860","targetHints":{"allow":["GET"]}}],"collection":[{"href":"https:\/\/www.casadainjecao.com.br\/loja\/wp-json\/wp\/v2\/product"}],"about":[{"href":"https:\/\/www.casadainjecao.com.br\/loja\/wp-json\/wp\/v2\/types\/product"}],"wp:featuredmedia":[{"embeddable":true,"href":"https:\/\/www.casadainjecao.com.br\/loja\/wp-json\/wp\/v2\/media\/25403"}],"wp:attachment":[{"href":"https:\/\/www.casadainjecao.com.br\/loja\/wp-json\/wp\/v2\/media?parent=860"}],"wp:term":[{"taxonomy":"product_brand","embeddable":true,"href":"https:\/\/www.casadainjecao.com.br\/loja\/wp-json\/wp\/v2\/product_brand?post=860"},{"taxonomy":"product_cat","embeddable":true,"href":"https:\/\/www.casadainjecao.com.br\/loja\/wp-json\/wp\/v2\/product_cat?post=860"},{"taxonomy":"product_tag","embeddable":true,"href":"https:\/\/www.casadainjecao.com.br\/loja\/wp-json\/wp\/v2\/product_tag?post=860"},{"taxonomy":"berocket_brand","embeddable":true,"href":"https:\/\/www.casadainjecao.com.br\/loja\/wp-json\/wp\/v2\/berocket_brand?post=860"}],"curies":[{"name":"wp","href":"https:\/\/api.w.org\/{rel}","templated":true}]}}