{"id":9166,"date":"2021-03-16T15:11:27","date_gmt":"2021-03-16T18:11:27","guid":{"rendered":"http:\/\/www.casadainjecao.com.br\/loja\/?post_type=product&#038;p=9166"},"modified":"2023-07-10T12:06:21","modified_gmt":"2023-07-10T15:06:21","slug":"bucha-espacadora-em-aco-104x13x1135-mm-renault-master-7705010087","status":"publish","type":"product","link":"https:\/\/www.casadainjecao.com.br\/loja\/autopecas\/eletrica\/motor-de-arranque\/bucha-espacadora-em-aco-104x13x1135-mm-renault-master-7705010087\/","title":{"rendered":"Bucha Espa\u00e7ador de A\u00e7o 10,4x13x11,35 mm Renault Master &#8"},"content":{"rendered":"<h1>Bucha Espa\u00e7ador de A\u00e7o 10,4x13x11,35 mm<\/h1>\n<h1>Renault Master &#8211; 7705010087<\/h1>\n","protected":false},"excerpt":{"rendered":"<h2>Bucha Espa\u00e7ador de A\u00e7o 10,4x13x11,35 mm<\/h2>\n<h2>Renault Clio Laguna Master R19 Trafic<\/h2>\n<h2>Codigo:- 7705010087<\/h2>\n<h2>c=3<\/h2>\n","protected":false},"featured_media":9164,"template":"","meta":{"_seopress_robots_primary_cat":"none","_seopress_titles_title":"","_seopress_titles_desc":"","_seopress_robots_index":"","_joinchat":[]},"product_cat":[17,22,148],"product_tag":[49,128,81,90,152],"berocket_brand":[394],"_links":{"self":[{"href":"https:\/\/www.casadainjecao.com.br\/loja\/wp-json\/wp\/v2\/product\/9166"}],"collection":[{"href":"https:\/\/www.casadainjecao.com.br\/loja\/wp-json\/wp\/v2\/product"}],"about":[{"href":"https:\/\/www.casadainjecao.com.br\/loja\/wp-json\/wp\/v2\/types\/product"}],"wp:featuredmedia":[{"embeddable":true,"href":"https:\/\/www.casadainjecao.com.br\/loja\/wp-json\/wp\/v2\/media\/9164"}],"wp:attachment":[{"href":"https:\/\/www.casadainjecao.com.br\/loja\/wp-json\/wp\/v2\/media?parent=9166"}],"wp:term":[{"taxonomy":"product_cat","embeddable":true,"href":"https:\/\/www.casadainjecao.com.br\/loja\/wp-json\/wp\/v2\/product_cat?post=9166"},{"taxonomy":"product_tag","embeddable":true,"href":"https:\/\/www.casadainjecao.com.br\/loja\/wp-json\/wp\/v2\/product_tag?post=9166"},{"taxonomy":"berocket_brand","embeddable":true,"href":"https:\/\/www.casadainjecao.com.br\/loja\/wp-json\/wp\/v2\/berocket_brand?post=9166"}],"curies":[{"name":"wp","href":"https:\/\/api.w.org\/{rel}","templated":true}]}}