{"id":9208,"date":"2021-03-17T10:40:11","date_gmt":"2021-03-17T13:40:11","guid":{"rendered":"http:\/\/www.casadainjecao.com.br\/loja\/?post_type=product&#038;p=9208"},"modified":"2022-09-22T11:16:36","modified_gmt":"2022-09-22T14:16:36","slug":"guarda-po-coluna-de-direcao-renault-duster-8801108370","status":"publish","type":"product","link":"https:\/\/www.casadainjecao.com.br\/loja\/autopecas\/interior\/coluna-de-direcao\/guarda-po-coluna-de-direcao-renault-duster-8801108370\/","title":{"rendered":"Guarda Po Coluna de Dire\u00e7\u00e3o Renault Duster &#8211; 8201108"},"content":{"rendered":"<h1>Guarda Po Coluna de Dire\u00e7\u00e3o Renault Duster &#8211; 8201108370<\/h1>\n","protected":false},"excerpt":{"rendered":"<h2>Guarda Po Coluna de Dire\u00e7\u00e3o<\/h2>\n<h2>Renault Duster 4&#215;2 1.6 16v<\/h2>\n<h2>Codigo:- 8201108370 c=109<\/h2>\n","protected":false},"featured_media":9210,"template":"","meta":{"_seopress_robots_primary_cat":"none","_seopress_titles_title":"","_seopress_titles_desc":"","_seopress_robots_index":"","_joinchat":[]},"product_cat":[360,24,1104],"product_tag":[52],"berocket_brand":[394],"_links":{"self":[{"href":"https:\/\/www.casadainjecao.com.br\/loja\/wp-json\/wp\/v2\/product\/9208"}],"collection":[{"href":"https:\/\/www.casadainjecao.com.br\/loja\/wp-json\/wp\/v2\/product"}],"about":[{"href":"https:\/\/www.casadainjecao.com.br\/loja\/wp-json\/wp\/v2\/types\/product"}],"wp:featuredmedia":[{"embeddable":true,"href":"https:\/\/www.casadainjecao.com.br\/loja\/wp-json\/wp\/v2\/media\/9210"}],"wp:attachment":[{"href":"https:\/\/www.casadainjecao.com.br\/loja\/wp-json\/wp\/v2\/media?parent=9208"}],"wp:term":[{"taxonomy":"product_cat","embeddable":true,"href":"https:\/\/www.casadainjecao.com.br\/loja\/wp-json\/wp\/v2\/product_cat?post=9208"},{"taxonomy":"product_tag","embeddable":true,"href":"https:\/\/www.casadainjecao.com.br\/loja\/wp-json\/wp\/v2\/product_tag?post=9208"},{"taxonomy":"berocket_brand","embeddable":true,"href":"https:\/\/www.casadainjecao.com.br\/loja\/wp-json\/wp\/v2\/berocket_brand?post=9208"}],"curies":[{"name":"wp","href":"https:\/\/api.w.org\/{rel}","templated":true}]}}