{"id":9571,"date":"2021-03-26T09:31:11","date_gmt":"2021-03-26T12:31:11","guid":{"rendered":"http:\/\/www.casadainjecao.com.br\/loja\/?post_type=product&#038;p=9571"},"modified":"2024-12-06T15:18:24","modified_gmt":"2024-12-06T18:18:24","slug":"abracadeira-de-aco-do-escapamento-renault-clio-laguna-master-8200157364","status":"publish","type":"product","link":"https:\/\/www.casadainjecao.com.br\/loja\/autopecas\/escapamento\/catalisador\/abracadeira-de-aco-do-escapamento-renault-clio-laguna-master-8200157364\/","title":{"rendered":"Abra\u00e7adeira de A\u00e7o do Escapamento Renault Clio Laguna Mast"},"content":{"rendered":"<h1>Abra\u00e7adeira de A\u00e7o do Escapamento Renault Clio Laguna Master &#8211; 8200157364<\/h1>\n","protected":false},"excerpt":{"rendered":"<h2>Abra\u00e7adeira de A\u00e7o do Escapamento<\/h2>\n<h2>Renault Clio Laguna Master<\/h2>\n<h2>Codigo:- 8200157364 c=5<\/h2>\n","protected":false},"featured_media":12650,"template":"","meta":{"_seopress_robots_primary_cat":"none","_seopress_titles_title":"","_seopress_titles_desc":"","_seopress_robots_index":"","_joinchat":[]},"product_cat":[1182,161,18],"product_tag":[49,128,81],"berocket_brand":[394],"_links":{"self":[{"href":"https:\/\/www.casadainjecao.com.br\/loja\/wp-json\/wp\/v2\/product\/9571"}],"collection":[{"href":"https:\/\/www.casadainjecao.com.br\/loja\/wp-json\/wp\/v2\/product"}],"about":[{"href":"https:\/\/www.casadainjecao.com.br\/loja\/wp-json\/wp\/v2\/types\/product"}],"wp:featuredmedia":[{"embeddable":true,"href":"https:\/\/www.casadainjecao.com.br\/loja\/wp-json\/wp\/v2\/media\/12650"}],"wp:attachment":[{"href":"https:\/\/www.casadainjecao.com.br\/loja\/wp-json\/wp\/v2\/media?parent=9571"}],"wp:term":[{"taxonomy":"product_cat","embeddable":true,"href":"https:\/\/www.casadainjecao.com.br\/loja\/wp-json\/wp\/v2\/product_cat?post=9571"},{"taxonomy":"product_tag","embeddable":true,"href":"https:\/\/www.casadainjecao.com.br\/loja\/wp-json\/wp\/v2\/product_tag?post=9571"},{"taxonomy":"berocket_brand","embeddable":true,"href":"https:\/\/www.casadainjecao.com.br\/loja\/wp-json\/wp\/v2\/berocket_brand?post=9571"}],"curies":[{"name":"wp","href":"https:\/\/api.w.org\/{rel}","templated":true}]}}